-- https://www.phpmyadmin.net/
--
-- Waktu pembuatan: 20 Bulan Mei 2020 pada 18.30
-- Versi server: 10.4.8-MariaDB
-- Versi PHP: 7.2.24

START TRANSACTION;



--
-- Database: `thearaya`
--

-- --------------------------------------------------------

--
-- Struktur dari tabel `catalogs`
--

CREATE TABLE `catalogs` (
  `id` int(10) UNSIGNED NOT NULL,
  `group_id` int(11) NOT NULL,
  `name` varchar(255) COLLATE utf8_unicode_ci NOT NULL,
  `image` varchar(50) COLLATE utf8_unicode_ci NOT NULL,
  `status` enum('0','1') COLLATE utf8_unicode_ci NOT NULL DEFAULT '0',
  `created_at` timestamp NOT NULL DEFAULT current_timestamp() ON UPDATE current_timestamp(),
  `updated_at` timestamp NOT NULL DEFAULT '0000-00-00 00:00:00'
) ENGINE=InnoDB DEFAULT CHARSET=utf8 COLLATE=utf8_unicode_ci;

--
-- Dumping data untuk tabel `catalogs`
--

INSERT INTO `catalogs` (`id`, `group_id`, `name`, `image`, `status`, `created_at`, `updated_at`) VALUES
(1, 1, '', 'm8.jpg', '0', '2018-07-26 08:50:43', '0000-00-00 00:00:00'),
(2, 1, '', 'm9.jpg', '0', '2018-07-26 08:51:02', '0000-00-00 00:00:00'),
(10, 1, '', 'm10.jpg', '0', '2018-07-25 05:46:17', '0000-00-00 00:00:00'),
(11, 1, '', 'm11.jpg', '0', '2018-07-25 05:46:17', '0000-00-00 00:00:00'),
(12, 1, '', 'm12.jpg', '0', '2018-07-25 05:46:17', '0000-00-00 00:00:00'),
(13, 1, '', 'm13.jpg', '0', '2018-07-25 05:46:17', '0000-00-00 00:00:00'),
(14, 1, '', 'm14.jpg', '0', '2018-07-25 05:46:17', '0000-00-00 00:00:00'),
(15, 1, '', 'm15.jpg', '0', '2018-07-25 05:46:17', '0000-00-00 00:00:00'),
(16, 1, '', 'm16.jpg', '0', '2018-07-25 05:46:17', '0000-00-00 00:00:00'),
(17, 1, '', 'm17.jpg', '0', '2018-07-25 05:46:17', '0000-00-00 00:00:00'),
(18, 1, '', 'm18.jpg', '0', '2018-07-25 05:46:17', '0000-00-00 00:00:00'),
(19, 1, '', 'm19.jpg', '0', '2018-07-25 05:46:17', '0000-00-00 00:00:00'),
(20, 1, '', 'm20.jpg', '0', '2018-07-25 05:46:17', '0000-00-00 00:00:00'),
(21, 1, 'Warung Ajaib', '21C.jpg', '0', '2018-07-31 07:55:55', '2018-07-31 00:55:55'),
(22, 1, '', 'm22.jpg', '0', '2018-07-25 05:46:17', '0000-00-00 00:00:00'),
(23, 3, 'Pasar Angker', '', '0', '2018-07-26 02:01:29', '2018-07-26 02:01:29');

-- --------------------------------------------------------

--
-- Struktur dari tabel `catalog_groups`
--

CREATE TABLE `catalog_groups` (
  `id` int(10) UNSIGNED NOT NULL,
  `name` varchar(255) COLLATE utf8_unicode_ci NOT NULL,
  `image` varchar(50) COLLATE utf8_unicode_ci NOT NULL,
  `created_at` timestamp NOT NULL DEFAULT '0000-00-00 00:00:00',
  `updated_at` timestamp NOT NULL DEFAULT '0000-00-00 00:00:00'
) ENGINE=InnoDB DEFAULT CHARSET=utf8 COLLATE=utf8_unicode_ci;

--
-- Dumping data untuk tabel `catalog_groups`
--

INSERT INTO `catalog_groups` (`id`, `name`, `image`, `created_at`, `updated_at`) VALUES
(1, 'Gallery Food & Beverages', '1G.jpg', '2018-07-25 03:57:39', '2018-07-26 01:02:17'),
(2, 'Gallery and Facilities', 'coba.jpg', '2018-07-25 03:57:39', '0000-00-00 00:00:00'),
(3, 'Golf View Market', '3G.jpg', '2018-07-26 01:04:20', '2018-07-26 01:06:13');

-- --------------------------------------------------------

--
-- Struktur dari tabel `clients`
--

CREATE TABLE `clients` (
  `id` int(10) UNSIGNED NOT NULL,
  `name` varchar(255) COLLATE utf8_unicode_ci NOT NULL,
  `email` varchar(255) COLLATE utf8_unicode_ci NOT NULL,
  `phone` varchar(13) COLLATE utf8_unicode_ci NOT NULL,
  `password` varchar(60) COLLATE utf8_unicode_ci NOT NULL,
  `remember_token` varchar(100) COLLATE utf8_unicode_ci DEFAULT NULL,
  `created_at` timestamp NULL DEFAULT NULL,
  `updated_at` timestamp NULL DEFAULT NULL
) ENGINE=InnoDB DEFAULT CHARSET=utf8 COLLATE=utf8_unicode_ci;

--
-- Dumping data untuk tabel `clients`
--

INSERT INTO `clients` (`id`, `name`, `email`, `phone`, `password`, `remember_token`, `created_at`, `updated_at`) VALUES
(1, 'Welda', 'welda@gmail.com', '08987876678', '$2y$10$JsnGozWHGvAjNaeIYJW71efgtCb0U9TBNR8UG1ZaesCAhAndXc106', 'e59gGlUrGM05Ke1opfNdC6vmp4vf0V2VGSjDpNMSRz0mSsKE6ApAbJCUlkzS', NULL, '2016-07-24 03:24:46'),
(2, 'Charles', 'charles@gmail.com', '081989876', '$2y$10$JsnGozWHGvAjNaeIYJW71efgtCb0U9TBNR8UG1ZaesCAhAndXc106', NULL, NULL, NULL),
(3, 'Sisil', 'sisil@gmail.com', '06767467567', '$2y$10$nIz29dYcdNFgQXKAN5Lph.gFrSO7Ie1HoLh8fBjHK7JDWhk4Wyrlu', 'TMHxVKTJ8QRb0EG8kpnLfTOm51IbAVcY0qvtAfDqaDuCunkN8Gfz4KbH05pL', '2018-07-30 07:44:39', '2018-07-31 00:17:40'),
(4, 'Revi', 'revicin@gmail.com', '09939993333', '$2y$10$nIz29dYcdNFgQXKAN5Lph.gFrSO7Ie1HoLh8fBjHK7JDWhk4Wyrlu', NULL, '2018-07-30 07:49:07', '2018-07-30 07:49:07'),
(5, 'Ferry', 'ferrynara12@gmail.com', 'qweq', '$2y$10$A/zAJRgyFmjbbkUj2/eN3.o7KcuC3xT7THZYpnuxCnfvaBwwclBfm', NULL, '2018-08-07 03:44:40', '2018-08-07 03:44:40'),
(6, 'Yoyok', 'yoyok@kotaaraya.com', '0811362580', '$2y$10$.e4MOApQXspks6MvIBekC.vn9vF6bhDDkDFvLUqPUNNEAq84NABx.', NULL, '2018-08-14 01:56:37', '2018-08-14 01:56:37'),
(9, 'AIRIN', 'sales@kotaaraya.com', '0811362580', '$2y$10$.u59MB8O7x3qmacCbwglQeLO.c6EHuAo6h2x4dA9FIDGQWshu080m', NULL, '2018-08-14 02:04:54', '2018-08-14 02:04:54'),
(10, 'Niki', 'funghelatte@gmail.com', '082234473356', '$2y$10$mEt/9Avi2NQrItMwZar12OAW4XO/PqBGQ31Qcyevs3J7xzsEZzBvO', NULL, '2018-08-16 05:11:50', '2018-08-16 05:11:50'),
(11, 'Evan Savero', 'savero1st@gmail.com', '0817388228', '$2y$10$Ar0LaRYrDbY1vcvnsWx9gO98o2/xMyVaGKSgUV2f7KE5KGQ/8U0t6', NULL, '2018-08-17 06:26:28', '2018-08-17 06:26:28'),
(12, 'Adrian Frankland', 'Bignoy@netvigator.com', '+852 91675356', '$2y$10$D5HntxbOv10H6UoKzfoKdOSzkMaHW91.2TS6mn9xCaRbMI59RU.by', NULL, '2018-08-24 01:47:42', '2018-08-24 01:47:42'),
(13, '莫博文', 'MORGENWEN@GMAIL.COM', '082143195041', '$2y$10$zdrEiUI6sfb4lcStHg7ZJ.rJ.xK7k.c78hSLAwTxu1tnaUN0yxenW', NULL, '2018-08-27 23:53:06', '2018-08-27 23:53:06'),
(14, 'Alwi', 'awimuhdhar@gmail.com', '085895075100', '$2y$10$4Q.DNDL72.s1Do22wFcWNuIs49NRqE62V4FCAhFeVv.54WeAP.pf2', NULL, '2018-09-08 09:45:26', '2018-09-08 09:45:26'),
(15, 'Ulil', 'ulielalbab1993@gmail.com', '082299883373', '$2y$10$lERjxiUKxCWFevGgUbuZqOmmZZ84oRNvABJVTRk1E37xy6BKnIKE6', NULL, '2018-09-09 07:44:17', '2018-09-09 07:44:17'),
(16, 'Irfandi ', 'fakhruddinirfandi@gmail.com', '081233693806', '$2y$10$Eqyc1XvM7ZPkOJREoGYGZe33QtcwGWETHEiN3aO.oQjlFSnT4t1yO', NULL, '2018-09-11 17:27:03', '2018-09-11 17:27:03'),
(17, 'Yasmin', 'yasminesalmah293@gmail.com', '081450149958', '$2y$10$cFmQtEm1WlyvIV.nHHPBe.HrGxL9lPEuyGBg1OXOEHHvtonBziCe6', NULL, '2018-09-11 19:05:54', '2018-09-11 19:05:54'),
(18, 'Ria', 'Lunashop253@gmail.com', '6281249480632', '$2y$10$USuiGiD/6rHvmX0lfhxWTuvofsNn5lMQwykWErUd/pNydPlNb7R3.', NULL, '2018-09-13 02:26:42', '2018-09-13 02:26:42'),
(19, 'Andi Wahjono', 'andiwahjono@ymail.com', '08123396153', '$2y$10$cpQfPeAkvPjzujPBMvRbSOVMDtAQyCzigtWKkjZGqne8rO2x6ROcq', NULL, '2018-09-17 07:28:26', '2018-09-17 07:28:26'),
(20, 'Tommy Supriyadi', 'tommysupriyaditax@gmail.com', '08159941382', '$2y$10$HkFLWKcLu6yhpNjSfjwCa.Ek4B1NtL2hQZODO4BwIOMX1FEQMWRD6', NULL, '2018-09-27 09:11:53', '2018-09-27 09:11:53'),
(21, 'Abdul Malik Setiawan', 'drmalique@gmail.com', '081233123419', '$2y$10$p5yU1Anz89E56dv6dwE.Uu634NqSsbnA12I7XNZPYm6HjOTnLVF0.', NULL, '2018-09-30 02:30:52', '2018-09-30 02:30:52'),
(22, 'Edlin Shufi Adam', 'edlinshufi@gmail.com', '082225326644', '$2y$10$ikBQJPKOSSUa3Wtk1Rv8mOzRYY5g0uJJidKLscLqAj3UWmV6aDSca', NULL, '2018-09-30 02:53:24', '2018-09-30 02:53:24'),
(23, 'Hariman', 'harimanyusuf@yahoo.com', '081703397945', '$2y$10$O4pn./N5nA.d1lzDD79dueZYW4Ypmk4uw11PIyiFaMci5dzuVxI0G', NULL, '2018-10-01 04:52:18', '2018-10-01 04:52:18'),
(24, 'Niko Dwi Pradana', 'darknessalucard1@gmail.com', '+628123348055', '$2y$10$FHdYzWyEOg0Vu01tJozgIevKenQu3PG6SLgreZuQ0oFHCsS9u0Gae', NULL, '2018-10-02 10:59:13', '2018-10-02 10:59:13'),
(25, 'Yuyun', 'Ykhasna@gmail.com', '083848286917', '$2y$10$MgUSu5YUMZr71zW8RGBmReCAy8sW6eEAIzNqWPvWfw9cWx0avGxP2', NULL, '2018-10-20 05:42:25', '2018-10-20 05:42:25'),
(26, 'Ludovikus Bomans Wadu', 'bludovikus@gmail.com', '082333534528', '$2y$10$0FcQMKCmrugHB4Um.0fI.eJPDNBCxpXeiHpYL6NpYkg7E5NTlrsHy', NULL, '2018-10-28 01:23:10', '2018-10-28 01:23:10'),
(27, 'Rangga', 'rangga.pjbs@gmail.com', '081333888711', '$2y$10$szurkEcDqU3WoNelYkF/feDP3pG.QbJ3JcNXEe7FyQUhPeK7YZvI.', NULL, '2018-10-30 15:49:53', '2018-10-30 15:49:53'),
(28, 'Prama', 'benedictuspandia@gmail.com', '081379101014', '$2y$10$bFTgTaOlXsZTbNLs2TeaHul6otzbChnFs63dE3qq02IqHAJ80Z3mq', NULL, '2018-11-02 12:29:54', '2018-11-02 12:29:54'),
(29, 'Dharmawan', 'dharmawan_harlim@yahoo.com', '0817322000', '$2y$10$Y1720hjgUvAj4EbJroNZtOxoERUVX6pyGSy/sySniAJiQ3u8MRoP2', NULL, '2018-11-03 12:23:38', '2018-11-03 12:23:38'),
(30, 'Devit', 'kurniawandev88@gmail.com', '081336172153', '$2y$10$IAGAgdtigZEmOUB1cuQZ7eJrlm4ijR.e/3tTu/371HWWUSXKk8S9S', NULL, '2018-11-13 20:43:17', '2018-11-13 20:43:17'),
(31, 'Ovi', 'ovian.wahyu@gmail.com', '82160153412', '$2y$10$U52RB7AydpQXCae7YOWLC.yGiRxbwLOs6amAlB6tqFsXevuTXc2tG', NULL, '2018-11-16 12:51:20', '2018-11-16 12:51:20'),
(32, 'Iwan', 'Pyroid77@gmail.com', '0000000000000', '$2y$10$xA0tq0GNGO9ot9DxSW12puqbNFXN2WB5jFyxTTL14S2dyRSaxYKw.', NULL, '2018-11-17 20:28:59', '2018-11-17 20:28:59'),
(33, 'Aa', 'untukclientmlg@gmail.com', '1111', '$2y$10$FLj3k8zzqsVcv4KrYFQ3NO09hWzLkzQtw0ozk8jJfvSxn23lhhblu', NULL, '2018-11-20 18:53:02', '2018-11-20 18:53:02'),
(34, 'Bayu Aji Mitayani', 'bayuajimitayani@gmail.com', '082112345867', '$2y$10$yV8gKgOLFw3MEJXAU.5si.1ZhinlrL6zeXUdDQ/wc.JCyTRchGtu2', NULL, '2018-11-20 23:12:49', '2018-11-20 23:12:49'),
(35, 'Ruchwana', 'r.tenrisima@gmail.com', '08127209667', '$2y$10$eCyCCisKj7feiU8j0Ci5BuVKymWQUCcAhqHN7YKCvPUZ3DDtN3pna', NULL, '2018-11-23 02:55:19', '2018-11-23 02:55:19'),
(36, 'Vega', 'vegaramadhan@hotmail.co.id', '817388868', '$2y$10$bR3hNsceqGTKW9UnXxo/geRl9B8xL2/eqoUnRf6IVNh7nshrBzy6O', NULL, '2018-11-24 22:52:22', '2018-11-24 22:52:22'),
(37, 'Hendy Setyadi', 'hendy_setyadi@bat.com', '085755332500', '$2y$10$6Y2G8HlqpwwWoRAQ83Bta.IeGsKskuGX9ydMq8OZlOvvTsjc1Hpea', NULL, '2018-11-25 07:30:49', '2018-11-25 07:30:49'),
(38, 'Zulfiar Ryanda Putra', 'hp.smada@gmail.com', '085791567318', '$2y$10$7fPPZm/6DVJnxS2I9QPhzuqHDaMlGlYfekwBWz7ykOGohRkOHHGv.', NULL, '2018-11-25 13:27:55', '2018-11-25 13:27:55'),
(39, 'Agnis', 'agniswahyu@gmail.com', '082257940240', '$2y$10$7e4SkeS4sc5gO7jUlXOe0eaxnWVz4v/E09DD3Yk6IEi0NSwG71XOa', NULL, '2018-11-28 03:28:21', '2018-11-28 03:28:21'),
(40, 'Erviani', 'evinmaulidya1510@gmail.com', '082280444413', '$2y$10$WRJtXdQAjkxfEPJkkPmgneqZWzcIcc7cjRyjS0.8tYSmgI2kGPZu2', NULL, '2018-11-30 20:58:51', '2018-11-30 20:58:51'),
(41, 'Zee', 'Zulkifli.sulistiawati@gmail.com', '082342839993', '$2y$10$5ajh8n7brqVp7q3r.6S.uOVAlTGZ77J1mb1utrBfuxnIq9EEysYGC', NULL, '2018-12-01 05:40:31', '2018-12-01 05:40:31'),
(42, 'Diana', 'diananovitasari06@gmail.com', '081217704775', '$2y$10$BBcIJjJFHeh7pqJ9O.PaXeZsvHZFcaSRRD.QBKbnk4Cl3VmyjqRcS', NULL, '2018-12-02 03:20:46', '2018-12-02 03:20:46'),
(43, 'Riza Saifuddin', 'sam_azir@yahoo.com', '081310644095', '$2y$10$8B/m8Ig7LDZ9.HQEVVXrnuHd.iJcEoD2d2BGpHcmfsc3XHRiKmfLi', NULL, '2018-12-07 00:23:04', '2018-12-07 00:23:04'),
(44, 'Wiwid', 'jem_ard@rocketmail.com', '081249899575', '$2y$10$6Mtu9u.8QgyOjiTj70zq6ufpQrxnw/pAQZ1DiNWzkv3CO8u911BYC', NULL, '2018-12-07 00:57:01', '2018-12-07 00:57:01'),
(45, 'Nur Fitri', 'nurfitrirahmayanti28@gmail.com', '081221813101', '$2y$10$BpzEPAy.L97GZGhafYMsz.Ddfgao/CspyOFd8GV.LNgm4IWNPT7m.', NULL, '2018-12-11 00:31:16', '2018-12-11 00:31:16'),
(46, 'Ridha', 'ridhajameela@yahoo.com', '081938098198', '$2y$10$zrrtdPfVVYQPb9LjgtQGxOLFrjCGTW1QvJpXJGVrbxuJBA0QCTKf6', NULL, '2018-12-17 09:30:10', '2018-12-17 09:30:10'),
(47, 'Yusuf Agung Nugroho', 'agungpmk@gmail.com', '085731766997', '$2y$10$MiiJoLMp8m8ZOuz6bvxGa.S1VrMp3G86qBcEFRhjbYSs7y390MXUq', NULL, '2018-12-20 02:33:28', '2018-12-20 02:33:28'),
(48, 'MAHENDRA WIDIKARA ', 'mahenn0209@gmail.com', '081290230632', '$2y$10$Mlif/LgRaStP/JZP0YdA5e9G4ZV9P7DRxd5f4ujIeH9M0CHjIifVq', NULL, '2018-12-23 22:43:14', '2018-12-23 22:43:14'),
(49, 'Adsuh', 'suhadak.ub.jp@gmail.com', '081259402231', '$2y$10$jOim4j165u9cxQXEKx.e9e4..5a7Bm3Cu.lqiCpvAy1CffY/WyHpW', NULL, '2018-12-25 05:03:52', '2018-12-25 05:03:52'),
(50, ' Teddy Ariffin Sugianto', 'evergreen37001@gmail.com', '08113666634', '$2y$10$rgvW3yCFcbDnPd.VpLP7fuviVHke4Yc1wPIQjC0UNpbQRBmJMBIIy', NULL, '2019-01-01 05:11:27', '2019-01-01 05:11:27'),
(51, 'SUPRIJANA', 'suprijanaspd@gmail.com', '08155508151', '$2y$10$kNs9KHsg3L3MCrGsXfcSV.wZ1lSVLJCVZMY3Rbr7J3fYk3KCEn77m', NULL, '2019-01-02 00:48:29', '2019-01-02 00:48:29'),
(52, 'Liberyan Sananwirya', 'liberyan@ymail.com', '08123356956', '$2y$10$cfItdrSQ49aRi0DtZYhDSuS8Vufhzr6ViRwTocKo4sl/akKbBMJRq', NULL, '2019-01-02 06:38:29', '2019-01-02 06:38:29'),
(53, 'Sutaryhono', 'kiandko@gmail.com', '081331030530', '$2y$10$egvPrS20bDoQ1wb7YIWHPe2QCpw2/XfI8WJJv4xi/I.QFskkUDHi6', NULL, '2019-01-02 20:06:23', '2019-01-02 20:06:23'),
(54, 'Dimas', 'dimasgokil@gmail.com', '0855371122', '$2y$10$hWdXf5KP9s1tXXVFH4eEMOzarDNSCp2LASVYl77NiQW1hLByr3pj.', NULL, '2019-01-03 01:04:20', '2019-01-03 01:04:20'),
(55, 'Komaruddin', 'Mohammad.komaruddin80@gmail.com', '08113479211', '$2y$10$9eVuncgxscyUxVYzW9hBl.hOgvjYWvNpLJSx./puo6aD.Juv46ayy', NULL, '2019-01-05 06:11:56', '2019-01-05 06:11:56'),
(56, 'Jonatan', 'nesunesuojo@gmail.com', '081247073307', '$2y$10$HLnXWhvXdrWjU2Bftspaz.ctU0LOr/.swpRniW/c3QeVBnsnQwTzy', NULL, '2019-01-12 00:35:09', '2019-01-12 00:35:09'),
(57, 'Claudia', 'Claudiarenesse95@gmail.com', '081334151003', '$2y$10$r1HCb38IGwWJrzNjTq2iX.2QjfFxwzBJgetL922rneXmlDOtZ88Hy', NULL, '2019-01-14 03:19:24', '2019-01-14 03:19:24'),
(58, 'Aldila Yustika Octarina Tutkey', 'aldilayot07@gmail.com', '082349902001', '$2y$10$AcSFI2pzzx7oOmWi5ECicOGLaJPyUXVZJ8RzDI.iwVud4yAMzujp2', NULL, '2019-01-17 19:56:25', '2019-01-17 19:56:25'),
(59, 'Abyan Dary Avicenna', 'dary.abyan@gmail.com', '81232851323', '$2y$10$6NELs./kRMPOLU/rDzxhM.4sQh9IwHgkpIgrIRkMc6FtAdsAukJtO', NULL, '2019-01-19 07:36:33', '2019-01-19 07:36:33'),
(60, 'Semiris', 'semiris@braun4email.com', '2131212321311', '$2y$10$esljQEHVA8MGmz.gY6FbdOP4/GYUu/NAhL5ZlYKlwqrBTaTyvNUp.', NULL, '2019-01-19 09:31:40', '2019-01-19 09:31:40'),
(61, 'Yduelxix', 'sample@email.tst', '555-666-0606', '$2y$10$zUDFcFeYqLh.T2QpA/v9L.FOQXHCJ4RDTKSoHk/QvBDR0.MDcOfcC', NULL, '2019-01-19 09:37:01', '2019-01-19 09:37:01'),
(62, 'Arif Yudo', 'ariefyudho30@gmail.com', '081254273272', '$2y$10$8hYc/m32wO82YqQNjZQLSuCwtZ7jtNNBMnSzwZOCeJNFEQmlf7L4O', NULL, '2019-01-19 16:42:17', '2019-01-19 16:42:17'),
(63, 'Danang Aji', 'dan.aji1992@gmail.com', '082220077984', '$2y$10$QH6pHFqjgxo6Fs6hlgh32.qJUvlNbryD756UrJvwa5qTdv471ostm', NULL, '2019-01-22 23:19:35', '2019-01-22 23:19:35'),
(64, 'Moefti', 'bintang.kecilmoe03@gmail.com', '08123391411', '$2y$10$EXob9H1JThxn.73YNl06PuHA5HtAewQJ74EGWGJP5.PvH3AU2asgy', NULL, '2019-01-23 23:47:10', '2019-01-23 23:47:10'),
(65, 'Widyatmoko', 'architrave59@gmail.com', '08111999571', '$2y$10$OQUxn4eMwu2r.VVLixpi5eRjuX.LJV1rYkSaXMvGObVO1emqEcUOS', NULL, '2019-01-24 04:38:13', '2019-01-24 04:38:13'),
(66, 'Irfan', 'arcifun@gmail.com', '081233693806', '$2y$10$rctfBx.XfpZmhYFF6YjqS.dIKlTkU2PfaH5Tgk13t1pwTZEU8o9be', NULL, '2019-01-24 05:42:27', '2019-01-24 05:42:27'),
(67, 'Wioga', 'adhiarma99@gmail.com', '082233821406', '$2y$10$AbmgDNhGypWD4WPn5/ZvPOEyv24LUL/JaBMcwFQi2sgql0ff7D/wK', NULL, '2019-01-25 09:21:14', '2019-01-25 09:21:14'),
(68, 'Rere', 'Midreyo@gmail.com', '081333125900', '$2y$10$IWabOjGHqECLSG0JIviKZOxGuby6LfIRUFQAM6sKtl7Jd4wmnVJSq', NULL, '2019-02-01 08:17:36', '2019-02-01 08:17:36'),
(69, 'Ethan', 'ethanwidian@gmail.com', '', '$2y$10$2aEIQ/rvlrCIPxepzj7CbO6sYPHjJuEdPsF6qwrjOvyk1dFi6dG16', NULL, '2019-02-02 01:04:49', '2019-02-02 01:04:49'),
(70, 'Dian Sari', 'dsari62@gmail.com', '085655400666', '$2y$10$zd69SZFUcvJKCxgEiGaCVuT09MgNiG1HS8zkrLGwOPpkYxMy7w9aa', NULL, '2019-02-02 10:57:50', '2019-02-02 10:57:50'),
(71, 'Ali Muntaha', 'alimuntaha@gmail.com', '085649644567', '$2y$10$rvePQ4GAQlppcz4x5lHAsehwJNQDvA.xD2loDyA/RGQoRWTang/5W', NULL, '2019-02-02 18:55:03', '2019-02-02 18:55:03'),
(72, 'Hanif Rizal', 'hanifrizalllll@gmail.com', '087859000415', '$2y$10$bGQPzykEDP27Kv51oXvv2.fKFyDeCQ65Mk7g9GqK1IJh2ZEMt/yDq', NULL, '2019-02-02 23:37:19', '2019-02-02 23:37:19'),
(73, 'Ninda', 'annabelpsychoart7@gmail.com', '82244927807', '$2y$10$2ix209hgMSQulRLBHS8ekuKOAqa502f3jKPYYClTTpBrpnGFKJB/6', NULL, '2019-02-04 12:00:16', '2019-02-04 12:00:16'),
(74, 'CoidorAcufage', 'wi.shannon80@gmail.com', '84357228791', '$2y$10$1gKGntJzfncdS5fveTbp/.Q9UjbIyywD4FQT6lhR2eGO.IQgjjRI2', NULL, '2019-02-07 08:58:32', '2019-02-07 08:58:32'),
(75, 'Christine Anita Sanjaya', 'christineanita1991@gmail.com', '087887770808', '$2y$10$HXLLSc742im8J5sPa6Hv6eFBTfqKdA9Hh.EvEyhZ9f.5oFB26v0BW', NULL, '2019-02-07 20:02:54', '2019-02-07 20:02:54'),
(76, 'Kusuma', 'kusuma5051@yahoo.co.id', '081239044546', '$2y$10$/pZj4yyupQyLRLjlaQ8ucui0BOE16LVqJzIjk4ZfKSS/JFlavVKVi', NULL, '2019-02-13 01:40:28', '2019-02-13 01:40:28'),
(77, 'Randy ', 'Rasyasfc@gmail.com', '085646358058', '$2y$10$lWhsJIknVHSnMYFp9stXTeF57MylhW0waUAakk7XcemXg6ALLucpa', NULL, '2019-02-16 22:18:55', '2019-02-16 22:18:55'),
(78, 'Prayugo', 'root.ugo@gmail.com', '081346478595', '$2y$10$LZfqqguaAal8oVBcK8jFQeKNBzQeZfJ.BZ6KSfxoJtufYN8mlmbZS', NULL, '2019-02-19 09:43:28', '2019-02-19 09:43:28'),
(79, 'Bismillaharaya', 'ruriharsonoabi9392@gmail.com', '085259132881', '$2y$10$ZmlA.WfeArkzQ806mknJeeD3N9n6tewC.Q6iboSl.s5RBV.Hz3BJ.', NULL, '2019-02-21 04:58:53', '2019-02-21 04:58:53'),
(80, 'Inayah', 'ninakarsowiryo8661@gmail.com', '082139718971', '$2y$10$vPQfnrMBfBYV4bP79ybTruC9AgeLRU4h1sis/paJCPkUhxSUMcIwi', NULL, '2019-02-24 02:15:10', '2019-02-24 02:15:10'),
(81, 'Arief', 'zerocyberzero@gmail.com', '0895325354771', '$2y$10$qbUqCrzRc0KGH2JqMWb0k.bNccIVbd.t/0LWWBQky5Rwpm3VyPTj6', NULL, '2019-02-25 02:38:01', '2019-02-25 02:38:01'),
(82, 'Lisa', 'lisa.prayoga82@gmail.com', '082145108511', '$2y$10$MxcQJq5tvosmtSCPCyFM0.pvGspBITREkKAj0PL/sa05ac1Ywo8mW', NULL, '2019-02-28 09:33:43', '2019-02-28 09:33:43'),
(83, 'Whimpy Rhezika', 'Whimpy.rez@gmail.com', '082336606685', '$2y$10$6MqIEgAueWJkYXvKpiFtSuVOgvSyD0upq49.H1M4HKmY0Q6W93i2.', NULL, '2019-03-03 23:05:00', '2019-03-03 23:05:00'),
(84, 'Aga Sudarga', 'aga.sudarga@gmail.com', '0811593443', '$2y$10$WUESKCq5etMrYX7K.9v8ne3GgOuEiq1y4cK/uPVrYEF1SBGBJeZyG', NULL, '2019-03-06 23:59:14', '2019-03-06 23:59:14'),
(85, 'Andri Prabowo', 'andrinslnl@gmail.com', '087853261970', '$2y$10$TkBlSSzpnhzlIvms.RyEhe2jeDQ2z1tyn1WO9dDg/l3TztKwZAEGa', NULL, '2019-03-07 18:52:13', '2019-03-07 18:52:13'),
(86, 'Eric', 'ignatiuseric@yahoo.com', '082232260003', '$2y$10$CsuhJLLHBi/sWV7dDbNEK.k06KYlzYcQuYvhnHtbawH7uQmUvXoZG', NULL, '2019-03-07 19:53:36', '2019-03-07 19:53:36'),
(87, 'HbgfAcufage', 'rosemary_agusto_1548932768776@yahoo.com', '84741972855', '$2y$10$qgMrRvx6uxzten.mn73qmO3NwD.6iaa2QZIQ0yRU2Rv.q.sUYoVNK', NULL, '2019-03-08 15:40:35', '2019-03-08 15:40:35'),
(88, 'Willy', 'willyyunus021@gmail.com', '082139406868', '$2y$10$alLePWngQZswbQMYt6JtWeiLhizaQ8mn.HG9E5f..N3OpVMRqajJO', NULL, '2019-03-10 07:03:15', '2019-03-10 07:03:15'),
(89, 'SURYA', 'suryaafandi234@gmail.com', '081315504394', '$2y$10$zfolxBvC.ejilcqUQJ1vvOxZ/VaMCjfvV7T7MYyb/fXvtlAzWHsve', NULL, '2019-03-10 20:36:21', '2019-03-10 20:36:21'),
(90, 'Claudia', 'claudiarenesse21@gmail.com', '081334151003', '$2y$10$kF4SLjji216fdySpeo30oOSyLzDisfQq4ujlJaLn7yPUKpfkHffE2', NULL, '2019-03-13 06:07:02', '2019-03-13 06:07:02'),
(91, 'Agitya Kresna Adiyan', 'kresna.agitya21@gmail.com', '081233641065', '$2y$10$M/EBz2hC0N30RMLEda5fxOmi1zcls2uRMlAl6I87/JQlMhKJyFqzq', NULL, '2019-03-24 07:59:57', '2019-03-24 07:59:57'),
(92, 'DANDY BAGUS RAHMANTO', 'dandybr90@gmail.com', '082244439995', '$2y$10$eES466ltxOJabSpHGPfW4erdwkMQmX7huuURK/FbNkJewQmQowUwW', NULL, '2019-03-26 23:10:42', '2019-03-26 23:10:42'),
(93, 'Chamidah', 'chamidah10@gmail.com', '082332196699', '$2y$10$qg.xDBMI94XF9zQZKHpQf.C9fG3lxF4uy4gDktBB7wMHeqW0gJXC.', NULL, '2019-03-27 23:45:49', '2019-03-27 23:45:49'),
(94, 'Thomas Soseco', 'thomassoseco@gmail.com', '+64275843453', '$2y$10$K5gpmhgSHgBzIqsTby5hMeJDv9oqrdJG3qgbK2Idn4P8rp0qbCGMm', NULL, '2019-03-28 22:08:52', '2019-03-28 22:08:52'),
(95, 'Rochmad Aldi', 'aldi.rochmad31@gmail.com', '082244442334', '$2y$10$xWzkZDUlgY8YsdEYxqlZ1OS1k232KNgN018dBUKNa8BOW3Y.s3Xqu', NULL, '2019-03-31 01:16:03', '2019-03-31 01:16:03'),
(96, 'Nafihafi', 'hadinafi35@gmail.com', '08224446065', '$2y$10$52XIs7C2UHFn8zmSeua6c.Dp4Tpve1LZEKHBl1WOJbohZEsuziueq', NULL, '2019-03-31 23:18:54', '2019-03-31 23:18:54'),
(97, 'Stephan', 'stephan.andras@gmail.com', '0895809040904', '$2y$10$o0B7K5u8/odkNCVJc/nODO5RDzBsGpsBkOiF14//.Gn5M2b6XFwQq', NULL, '2019-04-02 19:56:10', '2019-04-02 19:56:10'),
(98, 'KazeB05', 'kaze_boy05@yahoo.co.id', '083831100339', '$2y$10$6FUXcqqKl9F0pUWSuZJ1g.iEwkI3xikOao0Fqvzf4PMlXBI5TLdny', NULL, '2019-04-03 10:01:41', '2019-04-03 10:01:41'),
(99, 'Yolanda', 'ykikyo@gmail.com', '087754559115', '$2y$10$OfnXuA0NQdSwwK25zGdth.Qc8KXFCKvLzDrID88wQc/HLG4UCsP.C', NULL, '2019-04-08 23:42:40', '2019-04-08 23:42:40'),
(100, 'Ardina Sita', 'ardina.sita@gmail.com', '085229609325', '$2y$10$gfSA9nzsU4FltoNFUFCMuu5C1Gy5.YuBLgGSXCPx7yQZYImwu9dAi', NULL, '2019-04-08 23:49:57', '2019-04-08 23:49:57'),
(101, 'Othman', 'mosn2007@windowslive.com', '0096656826869', '$2y$10$HS86D5GB8u9mCxDPUGV9He9iWjDKKCZzhGfU7t7eSD4WEqUT6lB9m', NULL, '2019-04-13 12:08:51', '2019-04-13 12:08:51'),
(102, 'Ummi', 'riasafinez@gmail.com', '', '$2y$10$BJC/sYworR.fVMvX4IvpEuVTzXq4BlfB8QjQjirTws1sGhRXaykZW', NULL, '2019-04-14 07:13:07', '2019-04-14 07:13:07'),
(103, 'Muhammad Raffi Alhabsyi', 'rhabsyi5@gmail.com', '081252142832', '$2y$10$9QdVfmwyQMT1TRJcN7zwU.3ItrwENf.AH4Ps.j22H6YxO8KiywZ0q', NULL, '2019-04-14 09:41:57', '2019-04-14 09:41:57'),
(104, 'Parzky', 'papitzy1610@gmail.com', '081235001928', '$2y$10$DLqrro/0WgAuy331MJujzeoa2g7oYkniUm5vKZMhGvr1pqVJPyBre', NULL, '2019-04-15 02:05:25', '2019-04-15 02:05:25'),
(105, 'Teddy Ariffin Sugianto', 'truetion2001@gmail.com', '08113666634', '$2y$10$tyFEHWNh3zG74pVWxR1UG.EysuoP/AgWQ.k.gZg4hffWC6kzsDGP6', NULL, '2019-04-17 10:34:21', '2019-04-17 10:34:21'),
(106, 'Immanuel Ustradi Osijo', 'immanuel.osiji@gmail.com', '081234551221', '$2y$10$s1VYWVO0FbXMHtLgoukue.kHDPc9jAUekphbNaOmkuG.rtRL4olE6', NULL, '2019-04-18 00:27:01', '2019-04-18 00:27:01'),
(107, 'Theta', 'dzikribela@gmail.com', '082234563214', '$2y$10$537TAI23gyfGCF5JW77NN.weedBhb/MuGyrDviQ0TBZT/geDHeEla', NULL, '2019-04-18 10:06:32', '2019-04-18 10:06:32'),
(108, 'Dean Putra', 'dean.id@outlook.com', '081333349998', '$2y$10$ni1NhyFO6iBbg4RD6fncKe06ilaclFq2QJZoDFNHExwvEKk12Zl6G', NULL, '2019-04-25 01:01:08', '2019-04-25 01:01:08'),
(109, 'Firda Tiberias Kusuma', 'Firdatiberias094@gmail.com', '082257820051', '$2y$10$mNkf7cg9pzrLyZAJpp9LBOXPNftAlSPfu.CYNKh7RVfrG4e3iqm4u', NULL, '2019-04-30 23:13:32', '2019-04-30 23:13:32'),
(110, 'Dandyes', 'dandyes@ymail.com', '08123164646', '$2y$10$NSDXfPImkKuFNOxZH6VJT.pTmVH8QA/DIGdgMdPI/ktvfDOKXTPqS', NULL, '2019-05-01 08:51:47', '2019-05-01 08:51:47'),
(111, 'UjifAcufage', 'jazrecthebur8035@yahoo.com', '83157399399', '$2y$10$OA.xGNP0deBzqtnx5V9vzO7YTTRTXeWgSuBZF3QpplIuuJHrIS4Q6', NULL, '2019-05-03 23:26:47', '2019-05-03 23:26:47'),
(112, 'Miftachur Rochma', 'itahenky@yahoo.co.id', '6287-8563-654', '$2y$10$42R4WmnJxDe3yECzDv74/.CLhDz1QonOB5BDOkCzSdggK.Xdp6TfG', NULL, '2019-05-04 00:26:50', '2019-05-04 00:26:50'),
(113, 'Faisol', 'faisolggg@gmail.com', '081333759781', '$2y$10$QXKQSSgikqD5D4uw9LzRBeZWNxqG9i9JLB.IGntd6hOD3gMIMp8KG', NULL, '2019-05-05 09:43:32', '2019-05-05 09:43:32'),
(114, 'Dzk', 'dzikribela@yahoo.co.id', '082234563214', '$2y$10$0/wwU8y5KCY25qRrP6FLYeMpvZwh3LmWBlf9hJolxQmm9ug2N/KdW', NULL, '2019-05-06 06:33:43', '2019-05-06 06:33:43'),
(115, 'Sigiet', 'Sibutor7@gmail.com', '081945300398', '$2y$10$fro6PB/G6I0/ZvUzA69b7eAXF2tL27BK0cFU9JIYN2s5in14M/cKe', NULL, '2019-05-06 11:20:41', '2019-05-06 11:20:41'),
(116, 'Nixon', 'namahors75@gmail.com', '08114907778', '$2y$10$BMZOF78n.nMpGe7Ol36HyuBYDolbNXNmJf9YzsNtCiUHTxuJK3kBW', NULL, '2019-05-07 01:27:45', '2019-05-07 01:27:45'),
(117, 'Dolly Indra', 'dollyindra.anugraha@yahoo.co.id', '08125237617', '$2y$10$xfIrpHJoBVdOUlFp8gmESucxfBr1D5.ISVvgThTJZWQhYpe.TvaYG', NULL, '2019-05-08 20:58:05', '2019-05-08 20:58:05'),
(118, 'Adi', 'aldibayu125@gmail.com', '0812931381239', '$2y$10$Md2tlbaPV8qPoTGILMjHC.xEDvmxIC35SvOdnlIWrs1LZCZ35CXJq', NULL, '2019-05-15 21:52:07', '2019-05-15 21:52:07'),
(119, 'M Irvan Dion', 'deontana@gmail.com', '082257710772', '$2y$10$u9Ntbc0K0Lur1P97lPFp6OiNmvzIEUJq5PfdeZGGnJ1lSpDwG3jAy', NULL, '2019-05-20 00:51:01', '2019-05-20 00:51:01'),
(120, 'Argo', 'argo_pragolo@yahoo.com', '081234975400', '$2y$10$KmYsv2jG4PhR7NfgyZ.nQ.wH3d7dyv7r6DLb4Bwpl5JI/W7q4Oz6q', NULL, '2019-05-22 01:20:26', '2019-05-22 01:20:26'),
(121, 'Ginanjar Arif Syaifuddin', 'ginanjararif19@gmail.com', '082138997019', '$2y$10$4zF5CbVKjdzVMlZ/aVaTpuO0lY09Djr5rrhauW/MWdvOUFcvAH8Ya', NULL, '2019-05-22 06:13:23', '2019-05-22 06:13:23'),
(122, 'RAMADHANI HERLLANDA', 'the_herllanda@yahoo.co.id', '085204973880', '$2y$10$ZcRJbZV0FUgGCnt2NEdQceLYgRc2ZJh0J0Ww6dhn9t8mwadV4TCeS', NULL, '2019-05-23 18:50:19', '2019-05-23 18:50:19'),
(123, 'Didik Rudiwinarto', 'drudiwinarto@gmail.com', '085782484617', '$2y$10$mWriXta/6T0K2CkwJt.hQep4qn9p6tjcmnXwHUP1m69dr4AZMaAu.', NULL, '2019-05-24 23:33:12', '2019-05-24 23:33:12'),
(124, 'Yang', 'Yangnatamarga@gmail.com', '081910631888', '$2y$10$wCB8tyON.qFFmc4ZrawDJuggJg8hNf.5JZih3mronIGJuurkXUXGO', NULL, '2019-05-26 22:37:03', '2019-05-26 22:37:03'),
(125, 'Gallery Bordupat', 'dharaamnh03@gmail.com', '082141455021', '$2y$10$Zwa9T6tozm1cJQL770PQL.w6FYhZTg/I.QF3c8tZ1I55A876b2rh6', NULL, '2019-05-27 07:46:00', '2019-05-27 07:46:00'),
(126, 'Hermawan Santiko', 'hermawansantiko@gmail.com', '087899664103', '$2y$10$4FiaO5iaLB23.KB9knMlEeS81FKwcvyl4tEbNa1MpWJiavsf9xrHm', NULL, '2019-05-30 17:14:26', '2019-05-30 17:14:26'),
(127, 'Angela', 'evelynp2002@gmail.com', '', '$2y$10$5SM5A44vJRwrygGgXwaP7.Z3cMgXTvsSM7JBxql/dQvzXYwcML7be', NULL, '2019-05-31 01:22:50', '2019-05-31 01:22:50'),
(128, 'Aurelia Rachel', 'aurelia.rachel@gmail.com', '088226029083', '$2y$10$6im/0YjVhgxukqzoolXr8e5XjR2XJO/KSlVivFWlrkaoqe8ej8w2S', NULL, '2019-05-31 07:12:22', '2019-05-31 07:12:22'),
(129, 'Steve', 'zombiexavier77@gmail.com', '081236219955', '$2y$10$qoQmwYEQd6.UcX3FfjoVfOQpUYYiojXUOd9yJff48NnLjuBKIov6q', NULL, '2019-05-31 12:07:46', '2019-05-31 12:07:46'),
(130, 'Abisyar', 'Chandoko78@yahoo.com', '082132612888', '$2y$10$3suGEtpBh0uAnZibjT04R.PJEIyZGi/vfZt2.Pj8AqI7rOEoZZWmm', NULL, '2019-06-01 08:59:11', '2019-06-01 08:59:11'),
(131, 'Kho Wat Liong', 'Liong_yhs@yahoo.com', '08563531256', '$2y$10$D1hLPZdcMZZG84nJM1n39.r9y0zGo18/a.QPcQ4wqkG2tMh4EFeGO', NULL, '2019-06-02 06:39:01', '2019-06-02 06:39:01'),
(132, 'Amelia Marcelina', 'amelia.marcelina15@gmail.com', '081944907360', '$2y$10$r1ctwg5qTm/LHE5Q/oe91unuk9E17FLnoRqoeF4uhWtzWdU5KkDI2', NULL, '2019-06-04 21:32:46', '2019-06-04 21:32:46'),
(133, 'Sarah Alya', 'Sarahalyaa16@gmail.com', '087780405780', '$2y$10$LPiwYlWzso3PKPjQIfUJ6.t7t4JkqJKqLXcEa0kw9EoHHhR.BM1u2', NULL, '2019-06-07 23:37:11', '2019-06-07 23:37:11'),
(134, 'Siti', 'luthfiyah@gmail.com', '085210019657', '$2y$10$iwZrL3OZRrW0AQarFo9MKOYF01hQZzJAxhtP3EezSIRb/753w7YT.', NULL, '2019-06-08 20:25:01', '2019-06-08 20:25:01'),
(135, 'AndromalaceAcufage', 'trestnano@gmail.com', '81215334164', '$2y$10$L2aonSnatLcTEbqzbzj21ekcizZXCTwHjF7AH56G8H3nPQBBF/2.y', NULL, '2019-06-09 05:59:06', '2019-06-09 05:59:06'),
(136, 'Reza', 'reza.wiramas@gmail.com', '+62313532291', '$2y$10$e9JzRVbe6NUGwx1KutEdjeI7gwOkWKQyhM.orVA/TbvZXvHVE3sIe', NULL, '2019-06-10 03:58:32', '2019-06-10 03:58:32'),
(137, 'Yulissa Sugiarto Kho', 'talitafashion789@gmail.com', '087808783775', '$2y$10$MVGhV1d8vcCCR16Nyt2AJesDQKge5nURtk7ArbO8emNCeP0tcIlZy', NULL, '2019-06-10 21:01:31', '2019-06-10 21:01:31'),
(138, 'Sinergi', 'spurmarmalang0317@gmail.com', '085101635000', '$2y$10$D7Trl4Q2.ngZ4GBMfOGTOu8fqrgWb5NNuaNHxiSIzAj/q7OAqDLly', NULL, '2019-06-11 18:37:27', '2019-06-11 18:37:27'),
(139, 'Agung Tristyanto', 'agungte1984@gmail.com', '081331506467', '$2y$10$jcylMnBULXWN2t0MQrmqOeRtqLyD9ImRIgl5oKxxo3L1ZdxJW5Tq6', NULL, '2019-06-16 01:42:42', '2019-06-16 01:42:42'),
(140, 'Hanna', 'hannarchmsr@gmail.com', '082140962072', '$2y$10$kxHT.VPqSkTDLlEGN9AwEOxkgBDxbJCgaq3i9nFh/HBqTBaHfcW86', NULL, '2019-06-18 00:36:27', '2019-06-18 00:36:27'),
(141, 'Kun Muhammad Adi', 'muhammadkun94@gmail.com', '081249691957', '$2y$10$0CJ2s0HmB.RkjYKBEqh8EuIRkixO0a83PANuJ3u1ZSAmjZmDja1Se', NULL, '2019-06-21 20:28:03', '2019-06-21 20:28:03'),
(142, 'Ahmad Badrus Maulady', 'mahmadbadrus@gmail.com', '082228624310', '$2y$10$bwYP95QVw8K3RhrRX1iJ1eehxZp/UoZPNrWVc3G2iAibd6iuT6kdy', NULL, '2019-06-22 07:30:08', '2019-06-22 07:30:08'),
(143, 'Fandy Dwi', 'fandydwi63@gmail.com', '08813315217', '$2y$10$jIcCzpd8YnNTTvvy0mmeuOITNrcMHBkkjgZ4qe5x5uB8bMMxaUMHm', NULL, '2019-06-22 19:17:43', '2019-06-22 19:17:43'),
(144, 'ZakharychAcufage', 'flovertoreto@gmail.com', '83116455418', '$2y$10$YVzguKiln1VJ01rEqQ9eXu66GBTFuEbJZf9Z.0b7NcVPO5Dqtef/W', NULL, '2019-06-22 20:29:34', '2019-06-22 20:29:34'),
(145, 'Dian', 'dia.dwie@yahoo.co.id', '08155506170', '$2y$10$K1y4u9ig4eAXwX7Zj06I..7qrtKiuykUy2pFZFpIEiGoJ75C4rnIa', NULL, '2019-06-23 06:33:58', '2019-06-23 06:33:58'),
(146, 'Lila', 'lila.damayanti@yahoo.com', '08123131545', '$2y$10$KVLDeGgQ5Kk9dgXLRvcLqO7Ef.aexvG9NFDb1136M/0IWL.peQoSe', NULL, '2019-06-24 06:21:16', '2019-06-24 06:21:16'),
(147, 'Robith', 'salmanruwet123@gmail.com', '082299454545', '$2y$10$8meBWpA8ryT13Hglk5DVNetBvYzNEp/Xbfbfj5fGdM.6JB45iBAB2', NULL, '2019-06-27 10:25:35', '2019-06-27 10:25:35'),
(148, 'Sabeq', 'sabeq83@gmail.com', '08113605583', '$2y$10$S.FrAkIHSrkOP2qEIVcuFeRKiAkPIr92anLMqY8/AITNaIePc4NCG', NULL, '2019-06-29 05:49:09', '2019-06-29 05:49:09'),
(149, 'Muhammad Nuh Tarigan', 'muhammadnuht@gmail.com', '082167110929', '$2y$10$k2fONSfamoHFZjZfMR4F/eA8D9/URwUEC7I5v0hIuSR7pZusUaYee', NULL, '2019-06-30 00:45:56', '2019-06-30 00:45:56'),
(150, 'Rizki', 'rizkianggaono@gmail.com', '085215676765', '$2y$10$zCTda5ZczWG4PziUdIqYzOalpT3irI60Y8SDtR/U4xnTGKU5YMy4S', NULL, '2019-06-30 07:14:09', '2019-06-30 07:14:09'),
(151, 'Synta', 'syntaparhelia@gmail.com', '(+62) 8133350', '$2y$10$GgnoGawSQI4LDpAuz2I3h.VEKevK6dd4FQEiwQvtOUygN9cb9a0q2', NULL, '2019-07-04 06:02:38', '2019-07-04 06:02:38'),
(152, 'Adityas Rucitra Pradipta', 'adityasrucitra@gmail.com', '+628529286241', '$2y$10$O5tYyHLeLtTunfuE41zh7.kF1td7Mnz0OH3p4VHm8Uapt7V5Bpuw.', NULL, '2019-07-06 02:53:27', '2019-07-06 02:53:27'),
(153, 'Reny Wahyu Christanti', 'renywahyuhidayat79@gmail.com', '085967181946', '$2y$10$WamjxVFKlnVj2B5Yyy9H7.pZFgdH.7ipEWEj3DkkY2.EwFYE3SDS2', NULL, '2019-07-08 05:32:23', '2019-07-08 05:32:23'),
(154, 'Umar', 'Umartajuddinnnn@gmail.com', '0811', '$2y$10$A/Jh4ubFSu1vY9A9VGaa6.3PfzL7rz5kVSJtZrjYwCQbtfoT0BPIq', NULL, '2019-07-08 23:39:23', '2019-07-08 23:39:23'),
(155, 'RustyAcufage', 'tranf9602@gmail.com', '85999291853', '$2y$10$Mspf4n.CRJqdNDDXgnZBVOubRa8zv8yEdf5BEe8Ywfr/kWO3VOTAm', NULL, '2019-07-11 05:49:07', '2019-07-11 05:49:07'),
(156, 'Annas Fanani', 'annasfanani@gmail.com', '081272707777', '$2y$10$lC3TDNGVIq58A0u4BwBkmeNz44S6Hg5p7.qlL2ajwiR/KAKMTJRWK', NULL, '2019-07-14 19:53:16', '2019-07-14 19:53:16'),
(157, 'Adinda Permata', 'adindamelati.ip@gmail.com', '082233927565', '$2y$10$7zTydj8.YL7K1xnJ4Op8q.eWB8FBLjwgyfwHeDmcW/iF.8ZhnHB2O', NULL, '2019-07-15 08:06:38', '2019-07-15 08:06:38'),
(158, 'Charles', 'Charlesgunawan77@gmail.com', '08115441182', '$2y$10$xR15kd.9lBmobvKnWjFg/ux01pgT3Mr3tRLwJ4p2LO/bopHqaR2b.', NULL, '2019-07-15 08:07:22', '2019-07-15 08:07:22'),
(159, 'Adhitia', 'adhitiacoustic@gmail.com', '082335590001', '$2y$10$Sz/9bFTnbYqdgJ3ZZ2fzxO0C1JQlKTiPPn7FZBHnv4Zay2wT69Te.', NULL, '2019-07-16 06:12:50', '2019-07-16 06:12:50'),
(160, 'Wuliceaf', 'wulicefaf@coin-hub.net', '', '$2y$10$d5Tqg9pvS99uW67cTKPYi.kbPnGXtFBmYfzq.d7RGea7aX03QaH2G', NULL, '2019-07-19 12:17:29', '2019-07-19 12:17:29'),
(161, 'Fresdiana', 'Fresdiana14@gmail.com', '+628133646452', '$2y$10$f9lcqMpomFVd9XRlyxqIe.WlCBs.HuFFs4AHr7xbeNjzno9P1Fjdm', NULL, '2019-07-20 02:35:00', '2019-07-20 02:35:00'),
(162, 'Fenny', 'sephine_fenc@yahoo.com', '087787638416', '$2y$10$7NCSggwHAHO3/ie/EQ8EUOTpdC5J43gvphYyIp9Rp5u76SVO.C7Ha', NULL, '2019-07-20 20:13:20', '2019-07-20 20:13:20'),
(163, 'Eugene Ng', 'Brintanizer@gmail.com', '081225312121', '$2y$10$G0fDUlGH0HxihaeEOXWhM.EZpyZ1sT2cGxczG7Wn/DgilUdSgjRfm', NULL, '2019-07-25 03:55:35', '2019-07-25 03:55:35'),
(164, 'Toni', 'Toni123@gmail.com', '0812345678', '$2y$10$L8aXb3Nq.usPV8fb0SR4au7L7x/wWH6PVciHjO0HUl7Nuyq6NCF92', NULL, '2019-07-26 21:07:32', '2019-07-26 21:07:32'),
(165, 'Mario', 'mariogeovansky@gmail.com', '081233690666', '$2y$10$yyDJxX7c9DilTlbT6rAd0eNXMnRLkSXfJOKsneMfI1wj/NKUSIiBa', NULL, '2019-07-28 04:58:41', '2019-07-28 04:58:41'),
(166, 'Andika Fiby', 'andikafibycandra@gmail.com', '', '$2y$10$fm/Bp/DV4hlu0r0q3rqgBuKCOs0uoYJi6ByYorDRIDFobs847Gaqi', NULL, '2019-07-31 05:00:52', '2019-07-31 05:00:52'),
(167, 'Astrina Mayang Ananda', 'astrinamayang@gmail.com', '082218771926', '$2y$10$ziPffD6zDZD1xess4M.4Sedvz6bNCrXCOFMgz8ctBjh1yb7Trbmqy', NULL, '2019-07-31 21:01:58', '2019-07-31 21:01:58'),
(168, 'Kojek', 'ridhanatawang@gmail.com', '085608505584', '$2y$10$FHi5SHUuNPxFRtM8ld42H.wWOQbs7HMrAJ8fiVhIO9nNpAidzIqDq', NULL, '2019-08-01 03:59:59', '2019-08-01 03:59:59'),
(169, 'Mukarram', 'ak.mukarram@yahoo.com', '', '$2y$10$MEo3PtI9I3DyiCC6CSFkbuTS6Nw6lmkNSy7tJrBafSeFvEL7RsmHu', NULL, '2019-08-03 07:28:12', '2019-08-03 07:28:12'),
(170, 'Novvy Kusuma Ningrum', 'kusumaningrumnovvy@gmail.com', '081931877333', '$2y$10$UOaQzKw2Ymo2nzMvpYhf.ebm/tkmPXUtldR6qcPgClNhRnIWC6rc.', NULL, '2019-08-04 19:23:44', '2019-08-04 19:23:44'),
(171, 'Nabila Naura Firdaus', 'nabilafirdaus.nf57@gmail.com', '085234642971', '$2y$10$gSoS4/zxYIqxu7NRcqIic.sYVjQ.65o1V.94PGOsjrzEsi1X2Qyxa', NULL, '2019-08-05 04:41:24', '2019-08-05 04:41:24'),
(172, 'Enggal Putranto', 'enggalputranto@gmail.com', '82131960462', '$2y$10$PaBKefJAPtV.YcsHQgnKG.qAQeGbaT2SLMFsO6yDVMiaAb8NxlcZ2', NULL, '2019-08-07 08:17:34', '2019-08-07 08:17:34'),
(173, 'Ronyriawan', 'ronyriawan@gmail.com', '08125293050', '$2y$10$AJFw6ORPa0rST.raVSN8hOpoDsE3n5v3HA29UFsIlJpPp.DSnOEa6', NULL, '2019-08-12 23:00:06', '2019-08-12 23:00:06'),
(174, 'Nadya', 'nadyaparamit24@gmail.com', '085785588824', '$2y$10$vVvVczWPuzEjLoVaHb3Xkuk4s2huKoO7C72vXKdm/hiMRgCm3.stS', NULL, '2019-08-13 03:56:35', '2019-08-13 03:56:35'),
(175, 'Reina', 'reinahazee@gmail.com', '081337469086', '$2y$10$kJM7E9iPj9fDEKeIsEtBOOJb3TK/vod6rN4g7t2LunWZvlCtZrZt2', NULL, '2019-08-13 07:07:06', '2019-08-13 07:07:06'),
(176, 'Rajiv Syarif', 'rajivsyarif14@gmail.com', '81252898887', '$2y$10$JwjMtS4ZxTug3DzxJXYUjuMTP.7ob4xJ7iBs5J.gRcKa2KNMcpVxC', NULL, '2019-08-14 01:20:54', '2019-08-14 01:20:54'),
(177, 'DfccAcufage', 'treko9645@gmail.com', '82838297257', '$2y$10$1Q/fMZ9wEQ87dSFQurbyYO3qsM7FX7XmvpgZUcEZoZ8oKWk6/M7FW', NULL, '2019-08-14 22:18:01', '2019-08-14 22:18:01'),
(178, 'Maylinda Mulia Putri', 'me.maylinda@yahoo.com', '085607060499', '$2y$10$qeygCKbBlV9yZZiF/ETbBumvH3SzxrBQZ/EGIDPFFHrXKPpiMNt8a', NULL, '2019-08-15 08:12:35', '2019-08-15 08:12:35'),
(179, 'Edo Dian Pratama Putra', 'edopratamaxyz@outlook.com', '087757234500', '$2y$10$Mun/Uf1dDNq.66rc9xNOPejN7fciYhrqS3jb2WjbbEQ0/ShOBsHgG', NULL, '2019-08-15 20:21:12', '2019-08-15 20:21:12'),
(180, 'Milla', 'millaproperty@gmail.com', '082223777646', '$2y$10$wHrK0J.QSTBBeC0w1B8Zju9zYqXgLtTU2orbm/xNUNJMAAMSG5.0y', NULL, '2019-08-15 22:35:34', '2019-08-15 22:35:34'),
(181, 'Apry Nur Sudi Yanto', 'APRYNUR94@Gmail.com', '+628560603222', '$2y$10$leUTjc6Kpjr4F272g/eo0e2yhbY9yrjqbEynexvnBo8BWHepU8p8W', NULL, '2019-08-16 02:25:08', '2019-08-16 02:25:08'),
(182, 'Sisilia', 'sslcuing@ymail.com', '081803825797', '$2y$10$9XPmD.mQuQ4inYAG/.8TGOIlcm65XJG0QhaTqop.FP2XVnJLjf/3m', NULL, '2019-08-17 04:41:30', '2019-08-17 04:41:30'),
(183, 'Petrus Septa', 'Ferry.septa09@gmail.com', '089605276982', '$2y$10$Ox1lyjSCVnhnC2ngg4LkreZcFD6b85JSCsPkL1uRROyymEXi0v6AW', NULL, '2019-08-17 11:22:52', '2019-08-17 11:22:52'),
(184, 'Surya Putranto', 'suryaputranto5768@gmail.com', '081548369426', '$2y$10$dGHbIUEjVLgx3AGDS9gQd.i3.ViPNY/M6zHuJK3V8zB5wqzZVukX6', NULL, '2019-08-18 01:24:01', '2019-08-18 01:24:01'),
(185, 'Sinchan', 'Mini_sinchan@yahoo.co.id', '081252028280', '$2y$10$Dnxke08703xch914tO.RveAqZVKJaM2bN9SX8OPma3YINqGGPPYAC', NULL, '2019-08-19 05:32:50', '2019-08-19 05:32:50'),
(186, 'Musfaridatul Firdaus', 'firdausmusfaridatul@gmail.com', '081250290100', '$2y$10$qaQg5MK8KVEMzncPXAbEEeke5uh3gIlDb23odRKudXkCiDkrsEN9C', NULL, '2019-08-25 17:57:32', '2019-08-25 17:57:32'),
(187, 'Malvin Faizal', 'malvinfaizal@gmail.com', '087859088723', '$2y$10$IgxuJb9.bkZIypb0lhatOOnlk3FhhljjMrav.LfYS2kkbEEMiRBjO', NULL, '2019-08-25 19:32:32', '2019-08-25 19:32:32'),
(188, 'Nonik', 'yysusa@hotmail.com', '', '$2y$10$1.Xuq8fi81AYztM1nnhwWuvb5ScElGoPjF4gXCPUttFXSfIJhCklK', NULL, '2019-08-26 12:24:23', '2019-08-26 12:24:23'),
(189, 'Yusuf Arifiono ', 'arifianoy@yahoo.com', '08124318522', '$2y$10$1nj7vvuTYEqhetFUGvdyOeHUSwNeOYV2LjpC8.pBlAa1NnEG2l82u', NULL, '2019-08-27 03:02:21', '2019-08-27 03:02:21'),
(190, 'Yulia A', 'yuliatenbasketball@gmail.com', '082132384680', '$2y$10$e3M0uCDYVcV1A092VQLcYeBZi4hWcaoBykuYBf.b6KKr6vEptCFia', NULL, '2019-08-29 00:42:27', '2019-08-29 00:42:27'),
(191, 'Fitria', 'Fitriafitria699@gmail.com', '081333380009', '$2y$10$hrvwy07N/ri29L3Y2bdqhOsbZP99lLaV4JLJZ8r8kz6nsGagt0.mq', NULL, '2019-08-31 03:13:33', '2019-08-31 03:13:33'),
(192, 'Syalom', 'syalom.1208@gmail.com', '0341792671', '$2y$10$NlPw4PCaMUUpkN6suUgS8.rs0gYPQWfyOcWq.YVkU.2iONgl54qKy', NULL, '2019-09-01 23:56:54', '2019-09-01 23:56:54'),
(193, 'Rafli Egy Wijaya', 'egyrafli@gmail.com', '81703946711', '$2y$10$Mw5.O9esdxzLqmOtYfbA6OjINlNT8sxpNgAFnrr7utllnSU1epiX.', NULL, '2019-09-05 08:14:35', '2019-09-05 08:14:35'),
(194, 'MICHAEL', 'dukungan@outlook.com', '08121787711', '$2y$10$FxnQuCSBWoCzAohyW5darul6mGxSqJAbD/05Q8QWoMu86SyRHIX7u', NULL, '2019-09-05 20:10:29', '2019-09-05 20:10:29'),
(195, 'Shofa', 'shofaluv@gmail.com', '082140646755', '$2y$10$UfK6rZJ2vEN8WicvM6B2surgzXkd12Fr3j6Wyu/c3hLfUw5sU4EWa', NULL, '2019-09-09 02:29:14', '2019-09-09 02:29:14'),
(196, 'Andreas', 'andreasl1905@gmail.com', '081252030134', '$2y$10$HUUc/BpJj0fpzO1ZZsMAfuXiN8kG7bhVsYNgj5oQDhgeWB291or1q', NULL, '2019-09-10 00:40:44', '2019-09-10 00:40:44'),
(197, 'Malinda', 'malinda.kuncii@gmail.com', '087750195990', '$2y$10$mpwTNMW2pEQuS0zL74aq0et5EB1FTSxtogkNTlxP8.cwBwncampB6', NULL, '2019-09-10 01:17:21', '2019-09-10 01:17:21'),
(198, 'Panca', 'pancaindrakeenlyna@ymail.com', '08113649291', '$2y$10$ZsQO7CLL6QEwLbgCPWpN4.JHCghc8NmMxKrZu80SvTjdxEnJBKwHO', NULL, '2019-09-10 02:17:17', '2019-09-10 02:17:17'),
(199, 'Dhenia Larasati', 'larasatidhenia@yahoo.com', '097824030505', '$2y$10$i2gp6XED7rR9owuMgRiOeeWRXy0TwttAC/wLhVTcfgU1QtGsGWQJC', NULL, '2019-09-13 01:33:30', '2019-09-13 01:33:30'),
(200, 'Achmad Musthofa', 'a.thofa@gmail.com', '088214922990', '$2y$10$ZcgekomrC/0DOrzzen6PVOKXo23NjNUaFvMkJ28MFZucdl0xf43i2', NULL, '2019-09-13 18:43:12', '2019-09-13 18:43:12'),
(201, 'Firdaus Rahman ', 'engineer_rahmanfirdaus@yahoo.com', '081332080717', '$2y$10$o2e7ufo048Ix4JKjkxn7WeG9AuYoW9fgD6Eh7Lbi0GkH7rdDJ6MWi', NULL, '2019-09-14 12:54:02', '2019-09-14 12:54:02'),
(202, 'Hafidz', 'hafidz.nurutin@gmail.com', '082332709478', '$2y$10$jzOOuDtJwEYBFGgMqdaHvu6YtorGzDuGsekJAEtvyFHnfq2W.aq6.', NULL, '2019-09-14 16:04:42', '2019-09-14 16:04:42'),
(203, 'Hafidz', 'hafidz.nuryasin@gmail.com', '082332709478', '$2y$10$dhFr9lqeS2ueaRn3Z9JndOVrxpsZ6RCphDTeZLl9LAAakhGo5S/4K', NULL, '2019-09-14 16:11:52', '2019-09-14 16:11:52'),
(204, 'Lila', 'lila.damayanti1981@gmail.com', '08123131545', '$2y$10$mEyE/7348trEkvDTHQ4Pv.fV.7Tbv1lh0VaZ.mjcx5b2zOKubp/dq', NULL, '2019-09-15 23:29:27', '2019-09-15 23:29:27'),
(205, 'KebpfAcufage', 'jdresk@gmail.com', '86919793346', '$2y$10$FgG08JnfKhYkwkcPfKjOvuiw7SYUicKrXa9RL5flc2ktu6AAtEVFK', NULL, '2019-09-17 03:54:59', '2019-09-17 03:54:59'),
(206, 'Indrias Kurnia Saru', 'Indriaskurniasari@gmail.com', '081937733720', '$2y$10$erc9ZvjznrGMHXRR7QD4VekKPvvoWdfJpIvPvfheUKckh38VyvpTm', NULL, '2019-09-17 20:53:48', '2019-09-17 20:53:48'),
(207, 'Afni', 'fitriafni770@gmail.com', '085736510103', '$2y$10$zFAyrKu4ZyO2pbg8KXarWum6BXxwg7sXORFXZwJnsmRHvEAnZubGu', NULL, '2019-09-19 02:02:36', '2019-09-19 02:02:36'),
(208, 'Imanuel Stefanus Luthfi', 'luthfigian@gmail.com', '081233833164', '$2y$10$WRlMV55Q65ASGnVNR5e/0OeOCiNBPVkm70tVj3S9uzrTihB.eOoVO', NULL, '2019-09-19 08:06:39', '2019-09-19 08:06:39'),
(209, 'Angelasi', 'angelasi.unair@gmail.com', '081556536299', '$2y$10$qHRh9K3FYwMcQ0ddTeMkReSMM3EzMMqVSJaI.O1R.bGZAkd5ituB.', NULL, '2019-09-23 06:55:10', '2019-09-23 06:55:10'),
(210, 'Matcha', 'eskopimatcha@gmail.com', '085731425461', '$2y$10$AoMfgrn16bHPPOb2d2iwle.vrYWIe354LRk06wyunpvYZOVYN88LO', NULL, '2019-09-23 08:41:53', '2019-09-23 08:41:53'),
(211, 'Rahma Kumaji', 'rahmaakumaji@gmail.com', '089631633736', '$2y$10$N5t1ZGyIiPZmHTgYkTngTebtNYowcqox3AzsGLdj7luKhOHxM74H2', NULL, '2019-09-23 18:13:02', '2019-09-23 18:13:02'),
(212, 'Ayu', 'aykus1980@gmail.com', '081230134443', '$2y$10$mIgejjz6uwLqdNzXabODluPb6yqQQUDw.uETelMEdXWR6LpOYHOGG', NULL, '2019-09-27 16:30:17', '2019-09-27 16:30:17'),
(213, 'Onarbikers', 'onarbikers@yahoo.com', '085645373727', '$2y$10$SqWA2wBEzXyocHNEWHCeReI7HdQ1.s1vwJBBT8U5HtlqltuADzDuO', NULL, '2019-09-27 20:53:58', '2019-09-27 20:53:58'),
(214, 'Johny Sutanto', 'johnysutanto94@gmail.com', '087854976607', '$2y$10$o.VL0mNT1NKkh0gNzIQ2suFQ3S5FmjF6ipwU.1Kn/NVSmJO6RbIIa', NULL, '2019-09-28 04:22:54', '2019-09-28 04:22:54'),
(215, 'Baymax', 'roziqin202@gmail.com', '083833511558', '$2y$10$yviut73kkHXwV1HjoW0Yg.l.4c5cRDvU24O5SxBD4HF1UznZbcBMm', NULL, '2019-09-29 01:52:17', '2019-09-29 01:52:17'),
(216, 'Teguh Agus Triprasetyo', 'teguh.a.triprasetyo@gmail.com', '082140874077', '$2y$10$ENgJ0momfYY5T.CsRCyucentNlFv4UvWsd2WmK6cWOt4Q/kCBV2Ze', NULL, '2019-09-30 20:43:13', '2019-09-30 20:43:13'),
(217, 'Iimi', 'jimiaxan@gmail.com', '0818238897', '$2y$10$yymBpx5mcewNBU8lWpkYJuZi9qBj5NVfWH407CXiQOxNYJUMx1Cq2', NULL, '2019-10-01 20:27:42', '2019-10-01 20:27:42'),
(218, 'Uung', 'uungbarlianto@gmail.com', '08113651881', '$2y$10$AB0ae15OsCiyIEeNAa8I0OtxQzAmSKrcsPztWS3nrQs7dRuBNIT3S', NULL, '2019-10-26 00:56:21', '2019-10-26 00:56:21'),
(219, 'Shodiq Wazdy', 'shodiqwazdy@gmail.com', '081212966284', '$2y$10$kR6Mg6xJCSJJBB7qZM9afeG5FDkZIFc/M1R7hT5fedFOr6qBFvSRq', NULL, '2019-10-26 23:51:26', '2019-10-26 23:51:26'),
(220, 'Aleng', 'yulius.aleng@gmail.com', '+628123471108', '$2y$10$L4r7JrnVQDYXsFnfMSSSneQZ7Vx2/Rkum5iwiAvI3j6uoh4k6hVoe', NULL, '2019-10-27 10:35:03', '2019-10-27 10:35:03'),
(221, 'M Rachmad Rizal Fanani', 'mrachmad@hotmail.com', '081330665588', '$2y$10$QCTttwElDiVlqd1v9sOD8OB8htJ7/tkXkhqW3ePnAZ74tQuqM20ru', NULL, '2019-10-27 20:13:03', '2019-10-27 20:13:03'),
(222, 'Aris Yudianto', 'aris_yudianto@yahoo.com', '081274121221', '$2y$10$CLXT3IwRdwp1O3bea7bmY.30LUISoDDc2N/bO7csbyxSJF8oAqTK2', NULL, '2019-10-29 11:24:14', '2019-10-29 11:24:14'),
(223, 'Lili', 'Lili@gmail.com', '12345678', '$2y$10$17LVg7IFTuB0Ekvqat7hauKHmhTqj9jZH.C1GhgxAWAQ0ZSvq55bK', NULL, '2019-10-31 11:31:41', '2019-10-31 11:31:41'),
(224, 'Sindy', 'sindyyrosalinda@gmail.com', '082231028741', '$2y$10$K/WVFp58qc04grCR05LQkuXsMBlRXAuFaQPa1QCzKhTXGqJEM/sj6', NULL, '2019-10-31 19:42:48', '2019-10-31 19:42:48'),
(225, 'Ignatius Tandiono', 'ign.t4n@gmail.com', '+64226845364', '$2y$10$VIVYJGa5cmQpBHsWr.HEcu4j.5pqPR0mAQJBSjs38ilIzilNNWJO2', NULL, '2019-11-02 02:03:36', '2019-11-02 02:03:36'),
(226, 'Damianus Andrian Darma Saputra', 'andriandamianus1@gmail.com', '082231477116', '$2y$10$4gHBQSULXWOzzgrk3Kxi8ORizv5infRvVTB5LvmBi0akE17ZTaAR2', NULL, '2019-11-02 04:06:23', '2019-11-02 04:06:23'),
(227, 'Wanta', 'Wanta_liu@yahoo.com', '089530033058', '$2y$10$SrW7gkyOahPp6JBkXBJA5O7B2k5nLGCriB.nVOUBQ/rZ3HtI8ESvW', NULL, '2019-11-02 08:16:50', '2019-11-02 08:16:50'),
(228, 'Ninaarianti', 'ninaarianti94@gmail.com', '', '$2y$10$Ov60hG.6l77XDTRvezQkHuEOnX0WusVlp/36CJlzJZyxd6Wr2c216', NULL, '2019-11-05 03:47:18', '2019-11-05 03:47:18'),
(229, 'RONALD', 'uesrdam@gmail.com', '+31653149349', '$2y$10$pn.Ke5ch7CialOpOywqnQe.zygmt/3Wmskg2dhgtmyiErA3SJSkeq', NULL, '2019-11-11 02:41:00', '2019-11-11 02:41:00'),
(230, 'Nindy Laurentia', 'nindy.laurentia@gmail.com', '082216238962', '$2y$10$0n7zsBpfVckktHZMhkpnqOzs.skfkOsI6izDmzd6hHNiIcR6AsvcG', NULL, '2019-11-12 21:04:12', '2019-11-12 21:04:12'),
(231, 'Peter', 'Peter.sumpil@gmail.com', '087859407279', '$2y$10$afgYkSMHAHvWMy0yOG.kf.O2/auV3JiioefpaQ0izaSroLu5VjdGu', NULL, '2019-11-12 21:37:02', '2019-11-12 21:37:02'),
(232, 'FEMILIA DAMAYANTI', 'SONIRAWAN@GMAIL.COM', '08117006422', '$2y$10$nGsIu48ZpD32IbZzKpcSmehxy9VmWtdIlkKbhZoLfaTJFkni3Jmua', NULL, '2019-11-14 05:19:49', '2019-11-14 05:19:49'),
(233, 'Dave Frith Orlando', 'davefrith@live.com', '081333448000', '$2y$10$yTte0NDIQYuNWtaTJ.FLdOUgC./g4uw2oAxF/KkTJskHHCdwS9Yry', NULL, '2019-11-14 05:29:32', '2019-11-14 05:29:32'),
(234, 'Auliya', 'auliyarp@gmail.com', '085655584044', '$2y$10$AIQBfqbP2dw1560QBeBg1uBAKLeg.WtLuj8Ef7R5I1/onU4mGTBlO', NULL, '2019-11-14 07:04:48', '2019-11-14 07:04:48'),
(235, 'Muhajir', 'haidarmasyhur@gmail.com', '08113654545', '$2y$10$QV1ht75d3ipgA/6eKsgBpOHbGY/CIHuNXtpW52ueP3tJ5c1g1Qne.', NULL, '2019-11-15 00:47:51', '2019-11-15 00:47:51'),
(236, 'Ariyadi Effendi', 'ariyadi_9765@yahoo.com', '087734566987', '$2y$10$Y/ilXyBRyleJgOpCU/Ojtuw4hZKWB75iMSV21DbW911UetnCl2xZ.', NULL, '2019-11-15 08:40:34', '2019-11-15 08:40:34'),
(237, 'Weni', 'Wenirusita19@gmail.com', '08113779995', '$2y$10$1J2SGP/meL0CV2eDyawyhua/IZXDUPGIW0o6sIg82fB2xiFECiULi', NULL, '2019-11-15 23:26:30', '2019-11-15 23:26:30'),
(238, 'Amer', 'alkatiriamer79@gmail.com', '081290615141', '$2y$10$tOXHLqah7cKK7L/dCEYFleYf3lTEtryVYJ16sVCy7My1UXcMG.ATe', NULL, '2019-11-16 05:45:44', '2019-11-16 05:45:44'),
(239, 'Ninid', 's.nidiasari@gmail.com', '081336672775', '$2y$10$1Kf.MkFObtc318vTXu9bgehB7Gy4YXrMvGqonv/InvMe5CI1OqxJO', NULL, '2019-11-18 04:54:58', '2019-11-18 04:54:58'),
(240, 'Bayu', 'bayusaptonugroho@gmx.com', '082175635692', '$2y$10$3GV7uCWTKMYlElMINJIQG.4A0Yl5LJSmbvAFSNmV3kxwIyMsrA5MG', NULL, '2019-11-19 01:27:56', '2019-11-19 01:27:56'),
(241, 'Noviansyah ', 'noviansyah.novi@gmail.com', '081290533943', '$2y$10$RJ1h.KKOaU.oQmH1TiM7rutJ/oYMLzUSn3jR0YEDNkVGy0hLr/3f.', NULL, '2019-11-23 07:11:30', '2019-11-23 07:11:30'),
(242, 'Sasa', 'auli.ismail@yahoo.co.id', '08244727274', '$2y$10$FgWrRM8eS84eGLJzuoE1duKYRCieaNVS5DtRgi6/pr8VxgXhRTp9y', NULL, '2019-11-25 03:23:56', '2019-11-25 03:23:56'),
(243, 'Risca Lavenia', 'riscalavenia@gmail.com', '089625482422', '$2y$10$MNa9hNysPY/FHblI4qo/YO8bGYFrgjjtcsKXuZW9GcSuZJmZcdBLG', NULL, '2019-11-26 21:32:33', '2019-11-26 21:32:33'),
(244, 'Jalu', 'jaghalayta@gmail.com', '087872551424', '$2y$10$KbnV2DBAhianwpBP6D2Pt.IliF0ACdGGywYPub6ps/Wxm8JT.Qmwe', NULL, '2019-11-28 07:31:32', '2019-11-28 07:31:32'),
(245, 'Angella', 'angellanzrgroup@gmail.com', '081333625884', '$2y$10$7AWtYYLnqvfVo8zabYZQUO3x/RrF4At3T.yrG2Lq/JkHC4HJvuIg.', NULL, '2019-11-28 20:55:51', '2019-11-28 20:55:51'),
(246, 'Natasya Prasetya Dewanti', 'Natasya26prasetya@gmail.com', '0811367924', '$2y$10$r8AaIiZjkWMxSrEABycjs.BfFie0hLaZtxy7/NT5OCyDcGkG5ew8y', NULL, '2019-11-30 11:22:16', '2019-11-30 11:22:16'),
(247, 'Nova Putra Pratama Santoso', 'novaputra.pratama@gmail.com', '+628135717493', '$2y$10$Lg7k3NHYHtrkvgZt7OlREuuML170xQ7sNUy.yWJrDgqlD/e6ZVHtm', NULL, '2019-12-01 01:45:53', '2019-12-01 01:45:53'),
(248, 'Adinda Pasugitaningtiyas', 'widyaadindap@gmail.com', '081231776524', '$2y$10$wX5MigIbm0sCFoOJ6DYIU.djj5NBSjQF0sXspJcpiXYeh9Mjl1Vs.', NULL, '2019-12-01 19:53:06', '2019-12-01 19:53:06'),
(249, 'Gunner Weissnat', 'agmoore21@shaw.ca', '1-510-478-457', '$2y$10$5V0nOeuW2/YdPew7tpTmOO8rHS3H6nblOKIzuntFHw0deP2j4h2eW', NULL, '2019-12-02 23:38:02', '2019-12-02 23:38:02'),
(250, 'Aryo Cakti', 'little.edguar1848@gmail.com', '081232243270', '$2y$10$bOT8QpO1u6z9BKDj9Idl8uFLmaFC8gSzoD3ZVCAldt6UInHmlLIqK', NULL, '2019-12-03 05:22:38', '2019-12-03 05:22:38'),
(251, 'Gama', 'gamarga13@gmail.com', '081232494674', '$2y$10$fo0sjqsu51leQbBafpZ4auTWWq1HA7sP5Xahxd9rwz1nhyuhfZAGu', NULL, '2019-12-03 21:35:03', '2019-12-03 21:35:03'),
(252, 'LfiekzAcufage', 'haritonsiraev430@gmail.com', '87931772364', '$2y$10$/fRSHK.tRZMhGURIBjiZYuBDPHfFBz/rOhlFS4K1zujC5NFY8KULK', NULL, '2019-12-04 04:57:57', '2019-12-04 04:57:57'),
(253, 'Rene Tromp', 'gerihayes@txun.net', '121.168.4095', '$2y$10$YRZLKfvKNnbFFv7110qcb.hBlLJ0uaQYPxwYL7yOnxfBnif8M5Mn6', NULL, '2019-12-04 14:52:58', '2019-12-04 14:52:58'),
(254, 'Gillian Parker', 'scott@williamslake.net', '300.157.2262 ', '$2y$10$r.p4Sg0unqHOUP0capLCvu3c/DOGszZ/b3FAUW5yUF0inWappl6oO', NULL, '2019-12-05 12:41:07', '2019-12-05 12:41:07'),
(255, 'Mr. Robert Steuber', 'brian_gamble@rogers.com', '973-386-1811', '$2y$10$ehe6ZdpaQZmFhEWkvND.T.vUu1ridnl6hsUw7ykdv1OnbKTX4pdLa', NULL, '2019-12-08 17:38:32', '2019-12-08 17:38:32'),
(256, 'Vicente Spencer', 'daksha51@yahoo.com', '692-863-6727', '$2y$10$I.Pl8PpljsVSked8Tjn/SeKTtvgfNAtGUFXLtzNkPpcpIhH026ZNK', NULL, '2019-12-08 19:33:44', '2019-12-08 19:33:44'),
(257, 'Tatiana Nanin', 'tneu03@gmail.com', '081916000779', '$2y$10$D2.yc0pLdH/YRBZEN3bXFu6AjT14BSYfXifc0guqtclzuiema.zbG', NULL, '2019-12-08 23:16:57', '2019-12-08 23:16:57'),
(258, 'Prahesti Yudhaswari R', 'prahestiyr@gmail.com', '082132156434', '$2y$10$jq6LM/N2ipojMYm33b.R3uuYFTRRe/b57VkCuA4ySWdTuesMns6Re', NULL, '2019-12-09 01:47:56', '2019-12-09 01:47:56'),
(259, 'Ms. Adolphus Mante', 'mptrukee@yahoo.com', '880.067.2344', '$2y$10$POrY6haE6iLJ6/6UAVaBK.YdRrISIExrMO8X2cA3UAYWvGxlk5kEa', NULL, '2019-12-09 07:08:45', '2019-12-09 07:08:45'),
(260, 'Miss Ned Muller', 'syoung@tocounsel.com', '1-103-958-129', '$2y$10$cFaY9mfPNsVPl5edITCn.OAvQj5SbMtNyaZ70VcNjnq0lggs0/J/u', NULL, '2019-12-09 12:29:23', '2019-12-09 12:29:23'),
(261, 'Alberta Aisy', 'albertarohadatulaisy@gmail.com', '081334286695', '$2y$10$KsGwSPxSEv5j4JMDJPefV.IRhizB9GE3HB8TV4AhY07oOiGkqD8Nu', NULL, '2019-12-09 23:54:56', '2019-12-09 23:54:56'),
(262, 'Yuli Kurnianto', 'jul.kurrnia@gmail.com', '081254100372', '$2y$10$eZuPS9NC3X9/VbH.j.5MxuWNq8of5iCwiuh95uUCvKa6xlpgO.ZKW', NULL, '2019-12-10 00:40:30', '2019-12-10 00:40:30'),
(263, 'Dock Yost', 'dmcelroy23@gmail.com', '1-363-142-564', '$2y$10$K8J3TylL5LXbA..wBTakBeQvyRaWuSTStY5osAmc5CMKqROP.VY7K', NULL, '2019-12-10 13:47:23', '2019-12-10 13:47:23'),
(264, 'Jihan Arabikum', 'drjihanarabikum@gmail.com', '081216712925', '$2y$10$9LMiow.7nUtD7x0O01n9ueNCTd5z8UqVywHQfXcyvJMczLQS10mFC', NULL, '2019-12-10 20:23:22', '2019-12-10 20:23:22'),
(265, 'Erlita', 'erlitaeka@gmail.com', '082186149121', '$2y$10$jK5GyMtyVhWe6dcelQVVzeXwcakl406ujBRIE41yFKBidCeQ08K12', NULL, '2019-12-11 02:36:28', '2019-12-11 02:36:28'),
(266, 'Myah Schiller', 'gwbettes@gmail.com', '(898) 778-964', '$2y$10$d6WS5ryGBXeyC7qPXCVtPuxatdOBT/JYeU6O8ffxGf9xXyqyt4HxK', NULL, '2019-12-11 07:42:04', '2019-12-11 07:42:04'),
(267, 'Adolph Labadie', 'nmtrudea@gmail.com', '919.932.7862', '$2y$10$k.P9uy6sS15Lap4BKiCoyOnv1QH1/m8u3EYcTwa6x33yiJf7ETAvG', NULL, '2019-12-11 08:44:36', '2019-12-11 08:44:36'),
(268, 'Teguh', 'teguh.anggi2@gmail.com', '085257964721', '$2y$10$.pH6xOPGQUa.ktV2CP1sN.LHxuyGXm.1PN8CpqfQjWoTGZurm2.nG', NULL, '2019-12-11 20:26:46', '2019-12-11 20:26:46'),
(269, 'Handayani Diah ', 'yanikunyil84@gmail.com', '082140645874', '$2y$10$X0E36nvuZk1h1Be23NaQPeMrhPnxFqj1/RrQRPqiCeHlyYfYwjeEO', NULL, '2019-12-12 07:19:08', '2019-12-12 07:19:08'),
(270, 'Leylita', 'leylitahardjiyantie@gmail.com', '082264559195', '$2y$10$nzOU.gRw197TKCGtWEXWUeUYR3YaTAaqpc13rcxIGLo/SsosxdmRe', NULL, '2019-12-12 07:44:22', '2019-12-12 07:44:22'),
(271, 'Gusti Putra', 'gustiputrap@gmail.com', '03831447788', '$2y$10$Dqd9DY8e3sSch6vThFbK2eAOBRxDMUszuilMv33qaqsQsvrpC9NmO', NULL, '2019-12-13 00:27:56', '2019-12-13 00:27:56'),
(272, 'Shobron', 'shobron_jamil@yahoo.com', '081328252696', '$2y$10$FrK/oiDTxGl8xvttxMpaiOagzTFmxC23bhE6P2BLNVSkqCwrLw96S', NULL, '2019-12-13 17:40:47', '2019-12-13 17:40:47'),
(273, 'Krisna', 'krisna.farisa@gmail.com', '085697942430', '$2y$10$m0orrro1Nvb8oE9jOueTYOclUyHRYvO.kbh8DBago2BoyFP69MIxe', NULL, '2019-12-14 01:22:30', '2019-12-14 01:22:30'),
(274, 'Melly Amalia', 'm3lly.amalia@yahoo.com', '082234148111', '$2y$10$hDdnJRjH9zNeRnvdv2IOiegl/2eEJBAk1AEbN.cCC0C7cjMmypbO6', NULL, '2019-12-14 01:27:42', '2019-12-14 01:27:42'),
(275, 'ERNA SETIJAWATI', 'ernasetijawati2016@gmail.com', '081216220878', '$2y$10$qpXV2hYES/sDTRmzAFZJxuwQ6nWV5YrqMATVlhtx.Rrw1UiSAncV2', NULL, '2019-12-14 21:41:41', '2019-12-14 21:41:41'),
(276, 'MAULFI ABBAS', 'maulfi.abbas@yahoo.co.id', '08113511849', '$2y$10$0nE0/eMTtPGgc4Ap/mSMPu7GgM383xgAr7lBDWGjltirAQ5468ezu', NULL, '2019-12-15 22:51:31', '2019-12-15 22:51:31'),
(277, 'Bill Osinski', 'sophiasoofire@gmail.com', '1-299-921-103', '$2y$10$PyI61jL1Zvo2pNQejrZEXePP.n8bxgY7f0CpJio2gQL7Mc9KAM63y', NULL, '2019-12-16 19:34:11', '2019-12-16 19:34:11'),
(278, 'Andres Kuhic', 'tim.krulatz@vikand.com', '788-136-6109', '$2y$10$yBkt3Kykun7J3Bct1kFPWOO0HZS5A7azuZURgMtn14mjCd5kJBvm6', NULL, '2019-12-16 22:14:00', '2019-12-16 22:14:00'),
(279, 'Lucie Bergstrom', 'monica1740@optonline.net', '(328) 292-853', '$2y$10$pL761FCP7ySK0Y1XrjGfLOq.q3COcpMj5ijATq5FE46ZpNjdMIyrW', NULL, '2019-12-17 02:44:36', '2019-12-17 02:44:36'),
(280, 'Collin Schmitt', 'taibe.petracek.3@gmail.com', '1-360-680-615', '$2y$10$yjP78rAJdpGRGIAn9LKcOOptI4J4tHiSf/mEax3uly5WmiDZUxO3y', NULL, '2019-12-17 17:19:47', '2019-12-17 17:19:47'),
(281, 'JOAN R. ILLAHI', 'joanxtkbb22016@gmail.com', '087888468373', '$2y$10$.xahRivWOlYwTpV2nlAaZOO0eENlQOueTeFbPbrzlUgnENZlCsn0.', NULL, '2019-12-17 21:25:45', '2019-12-17 21:25:45'),
(282, 'Vince Trantow', 'truckinchili@aol.com', '557.003.4398', '$2y$10$jSShaIXHbr9ZyLGhqgkiQe61o2VX4S3elePcodKfup2bXQL7foSVK', NULL, '2019-12-18 03:37:27', '2019-12-18 03:37:27'),
(283, 'RjrfNomy', 'valerijkustov235@gmail.com', '85865421416', '$2y$10$AK/LtgKy8S.k7xiehFaDju792vtXuegBjJ8CAq7637rjOVAiyWcpW', NULL, '2019-12-18 15:33:23', '2019-12-18 15:33:23');
INSERT INTO `clients` (`id`, `name`, `email`, `phone`, `password`, `remember_token`, `created_at`, `updated_at`) VALUES
(284, 'Aan Kurniawan', 'Aan_kurniawan@yahoo.com', '081291690999', '$2y$10$mFGlyltt2cyQhVrGEp4lBedLr4vqA8TGATr4TB1HeRBK9uSRvrnY2', NULL, '2019-12-21 22:20:34', '2019-12-21 22:20:34'),
(285, 'Felicita Hayes', 'chuckd5249@gmail.com', '180.642.3143 ', '$2y$10$e0ZeejrBwSavOJ42Ch4E/OEV8y1zXpOjm9WGMelxldNc3pwv2mqe6', NULL, '2019-12-22 17:26:32', '2019-12-22 17:26:32'),
(286, 'Clarisa', 'kusumaclarisa123@gmail.com', '081293578012', '$2y$10$UhJE0I58KhTSvwzj1ZfUBumtTv9qiuIPLcmxSe5YopDGoTtutcj/K', NULL, '2019-12-25 18:11:18', '2019-12-25 18:11:18'),
(287, 'Dwi Handoko', 'twohandoko22@gmail.com', '081290006939', '$2y$10$3HXuwsu22h.P3pdTkXJEU.9dcVUpy5MfNL7uYr4Cg29cZkgqD.0LC', NULL, '2019-12-26 00:05:20', '2019-12-26 00:05:20'),
(288, 'Abigayle Yost', 'mbummer24@hotmail.com', '1-351-178-522', '$2y$10$e4deMAGLgf2j8wDfm18RlOqmGa38XYs.rlH2Al7eTD3T/A332AY7O', NULL, '2019-12-27 00:49:33', '2019-12-27 00:49:33'),
(289, 'IPUNG GARBANI SURIA DINATA', 'ipunggarbani@gmail.com', '082178040864', '$2y$10$HUs9UwAkDTcvSegkbR.w8OY0HcYj8f83sHGjYHqhwBibTfkDkCvy2', NULL, '2019-12-28 23:51:58', '2019-12-28 23:51:58'),
(290, 'Andre Refa', 'andrerefa@gmail.com', '081703040506', '$2y$10$tqq6lgN4paM.9FvgbNT9VeyU9hGg21GPa6b0sPztjwUhw1lERpXHC', NULL, '2019-12-29 01:02:50', '2019-12-29 01:02:50'),
(291, 'Dwi Utomo', 'dwiut86@gmail.com', '085214681584', '$2y$10$UUrA.R16sgjl7bJcKlgwuuvHSA1HTq4HJYmpC.Hst.gLE0UFmoYU.', NULL, '2019-12-30 17:28:59', '2019-12-30 17:28:59'),
(292, 'Mrs. Nya Baumbach', 'samantha.l.rose@gmail.com', '155-286-0221 ', '$2y$10$dEMRH0ft1Ga5v5W1V8SJy.sKDZ/XW4HjQaSTfRrFqeRaGDSY4kX..', NULL, '2020-01-02 10:38:21', '2020-01-02 10:38:21'),
(293, 'Bheifjeony', 'uhnevicdiana987@gmail.com', '87613722996', '$2y$10$lzUZLB3DIqNARN6XzKTGJ.bnzo/sDeUkVDrfeNppqKRQD/IIjSgGG', NULL, '2020-01-04 01:51:57', '2020-01-04 01:51:57'),
(294, 'Edgar Ward', 'joelrobinson_1999@yahoo.com', '812.156.4105', '$2y$10$v.5Uw/o47ZGUE9Qav5Xg0eqtX/y0a3VQYo5HTqVwkaSo09SvlgycO', NULL, '2020-01-04 05:48:39', '2020-01-04 05:48:39'),
(295, 'Jeramy Hegmann', 'alishab1981@yahoo.com', '1-893-691-891', '$2y$10$wsOLHZ9D7QoEOBi6MzgXw.S8CjU6hKchAOPXuXagI19iC4rOTNFye', NULL, '2020-01-05 16:23:37', '2020-01-05 16:23:37'),
(296, 'Brett Gottlieb Jr.', 'nicola.molik@googlemail.com', '1-994-990-468', '$2y$10$.Cfp2wQEv6.aYSg1FnKUrekdiyWpqLVCuwTP0zm03SRkERkZRO7oq', NULL, '2020-01-06 20:40:44', '2020-01-06 20:40:44'),
(297, 'Wira', 'wira.mk.bri@gmail.com', '085337991050', '$2y$10$aYSj4tbKusBI4VrQMpR5BOBmmz6IlrpXSzpaoSKbBiulIwYXlWpwy', NULL, '2020-01-06 21:49:11', '2020-01-06 21:49:11'),
(298, 'Felicia Howell', 'wamevents@wiredam.com', '1-773-599-732', '$2y$10$//YiTLY7gCjE1XkPPXw5a.leUwS3cVAFM.HaffpDsbP0M4f38bDqW', NULL, '2020-01-07 20:59:26', '2020-01-07 20:59:26'),
(299, 'Raihan Fikri', 'Raihanfikri@aol.com', '088235520363', '$2y$10$9oOtxo6fH.1PAAXdTR.uSOFfY5lqSDibmBOQrY4lqMB31bm0IxUk.', NULL, '2020-01-08 21:04:59', '2020-01-08 21:04:59'),
(300, 'Ilaura Hegivizki Tania', 'ilaurahegivizki@gmail.com', '082335584712', '$2y$10$rCHBCO1UwhWnvi41QxkeTeX1AZfbQeOkTbc2OfnDn7mTHJsHh2cHS', NULL, '2020-01-09 06:41:04', '2020-01-09 06:41:04'),
(301, 'Vicky Murray', 'dyminski4@yahoo.com', '(331) 236-566', '$2y$10$DyQUNZ/axQwVQS5A2/xQ/.slykjA8b0z3jE4tW7msOSFZ4el5Bo/.', NULL, '2020-01-09 12:16:31', '2020-01-09 12:16:31'),
(302, 'Brendon Schaden', 'hlomita@gmail.com', '1-014-431-367', '$2y$10$9Su1ZKSDQo1kNjF6lpec8uMUxALsX.04/2YjTJW/XRPetdBaYtZoS', NULL, '2020-01-10 19:19:14', '2020-01-10 19:19:14'),
(303, 'Bobby', 'masbobby1984@gmail.com', '081252585050', '$2y$10$BDGgxelxYnffXXKldP1LBeFAjIFf4GDAtvBX5KHN1fjfXy2tMr6zy', NULL, '2020-01-11 06:22:49', '2020-01-11 06:22:49'),
(304, 'Nita', 'ericia1985@gmail.com', '081252585050', '$2y$10$Sdki2lNVBVtXggBj49Qpr.QoUdFRHyqaP2gaAoKEAb2Kx5koMecna', NULL, '2020-01-11 06:23:42', '2020-01-11 06:23:42'),
(305, 'Aliza Z ', 'alizazainina30@gmail.com', '081703130559', '$2y$10$po959p8BQJ1nCrXdFykJJ.4z3hBwxd6q4EFamv0fPCKyZVblckCrS', NULL, '2020-01-12 22:38:19', '2020-01-12 22:38:19'),
(306, 'Agus Fery', 'ferripradana10@gmail.com', '082187047102', '$2y$10$AlWXiAL4RGyDROslCm453.UhUHp32PRKVec9iJ/NqXM7GvzXzmZtO', NULL, '2020-01-13 07:51:10', '2020-01-13 07:51:10'),
(307, 'Addie Lang', 'sappycastro@hotmail.com', '1-012-115-108', '$2y$10$NGFspIPek1fQVUedtMkvIuisjHQt17fZQMafAE45y29QPARd.lIyO', NULL, '2020-01-13 17:21:38', '2020-01-13 17:21:38'),
(308, 'Loy Davis', 'amifsud2013@yahoo.com', '(596) 705-098', '$2y$10$XcxbgX790kfdz0XCrGLLi.wQn3VYUs3VacZTFKG.tMDfOC9NOYDRa', NULL, '2020-01-18 02:20:57', '2020-01-18 02:20:57'),
(309, 'Fitri Andriani Dirotsaha', 'rfandriani@gmail.com', '081398716998', '$2y$10$auFPKAT07SJE7V0StLhphedJ97USNET1b/3PADI17CPUnc9ceRp0C', NULL, '2020-01-18 03:40:14', '2020-01-18 03:40:14'),
(310, 'Aprilia Mahaputri', 'Apriliamahaputri@gmail.com', '081325119721', '$2y$10$V/op7nwW//5Q3mLoi/oyZu//UwRp811WvBMyJF1lM0D8uU6xfnJdO', NULL, '2020-01-19 05:48:04', '2020-01-19 05:48:04'),
(311, 'Sergunyajeony', 'putatinvladislav573@gmail.com', '83397263136', '$2y$10$r4ZhoVOCVbL3NoQpbXwfceyh2sASuSg/ggP7/8jTHEd.eCD1gcyIu', NULL, '2020-01-19 07:19:59', '2020-01-19 07:19:59'),
(312, 'Wahyu', 'plastikjamur@gmail.com', '081615653188', '$2y$10$7WTceJG543mGeNNMlqcq.OhadPw5xkSOUNewt52I/uEP637pz3.xq', NULL, '2020-01-19 22:43:51', '2020-01-19 22:43:51'),
(313, 'Evi Arizona', 'arizonaevi@gmail.com', '081232866357', '$2y$10$zPvZYSntWC2F6WPJ52T70unuVGHM9h6FTDLH6wbucH3jCIW9poCVa', NULL, '2020-01-20 07:20:19', '2020-01-20 07:20:19'),
(314, 'Reza Airlangga', 'rairlangga1@gmail.com', '+628213116733', '$2y$10$0uDK6rqyIrGZakvRV8U4j.mxSMkNO3RKlBqoea1ymqPuXp6Ckcj8G', NULL, '2020-01-20 22:51:07', '2020-01-20 22:51:07'),
(315, 'Jose McClure', 'angiesiemer@gmail.com', '107.078.4201 ', '$2y$10$clY1khR2iqCD5AsBb2541e5gaTp9jBaBIZQyEWmrf96qLxwId10ce', NULL, '2020-01-23 21:11:26', '2020-01-23 21:11:26'),
(316, 'Rudy Agung Hartoro', 'jc1asnatluvrudy@gmail.com', '085227768877', '$2y$10$OXNjRcublYE7Onv1/hxF.e7Yir9djaTVS/ZoIcSd/Yhms5QDUJ7/2', NULL, '2020-01-24 00:38:35', '2020-01-24 00:38:35'),
(317, 'Helena', 'Helenawijaya93@gmail.com', '', '$2y$10$k3fLYzkentVBGOVsqbBJs.CYsdw/cWaLKJFTb1rnhwqQ5Ijap6gWS', NULL, '2020-01-24 23:32:26', '2020-01-24 23:32:26'),
(318, 'Anisa Dyah', 'anisadyah.ratnasari@gmail.com', '083848399115', '$2y$10$csNFfCje.AbDswh7xn12TuqABFBQmIKBF13uZAqzxv48518hp0zSC', NULL, '2020-01-26 02:20:47', '2020-01-26 02:20:47'),
(319, 'Iman', 'Iman.satoto@hotmail.com', '0811545583', '$2y$10$P9XO6zE0KbcDNj0hiYlj/esSPIG1e4NMQ3Q/252JM2Gx3uMbK8MJa', NULL, '2020-01-26 02:40:27', '2020-01-26 02:40:27'),
(320, 'Fathiuz', 'fathiuz@gmail.com', '087880443201', '$2y$10$lIq7NHkO5WWW0BuleQ7fLeYccAraRTt1s19XxHCMBoqNWYNEWhRUu', NULL, '2020-01-26 12:50:02', '2020-01-26 12:50:02'),
(321, 'Tonny Dian Effendi', 'tonnydiane@gmail.com', '081333153131', '$2y$10$UH9Z/0uke3cBSd8/vt8ZlOTBtlkdPx81i4Nl7wYp.gsYvjd1jIKVe', NULL, '2020-01-27 21:03:29', '2020-01-27 21:03:29'),
(322, 'Charles Pacocha', 'lsargent6553@gmail.com', '455.314.8818 ', '$2y$10$kh5gEJD9BthniUE7cAH/ouTAggGHeT7iSh/UfcjLIsAqmZR72NrPy', NULL, '2020-01-27 21:51:04', '2020-01-27 21:51:04'),
(323, 'Deni Widodo', 'deniwidodo27@gmail.com', '089697006727', '$2y$10$9w7Xg0Cykw1b6EL/KkMpyuLTFWY.esDwwRFVx.KxgWuzaQ2/F8y9m', NULL, '2020-01-28 00:24:39', '2020-01-28 00:24:39'),
(324, 'Fahmi Muhammad', 'fahmimuhammad679@gmail.com', '', '$2y$10$rI2m1uL/XQessjLPe0FZJ.07bjXU18G29dUE3qDep4dfgkQb3dQ9G', NULL, '2020-01-28 06:59:55', '2020-01-28 06:59:55'),
(325, 'Neal Hyatt', 'sageej@att.net', '415-879-5352', '$2y$10$/bpMe.NDqvAF5tMIrh5VqeS2C4UFg6NZK5K0u1aEBFfsTkMOqF0Hy', NULL, '2020-01-28 11:51:32', '2020-01-28 11:51:32'),
(326, 'Deny Safril', 'denysafril@gmail.com', '087866762274', '$2y$10$R6TfztFMWqgqjtrtyWs5BOWvUfBij9vvlw7DHX2sNDADr0gURIwPC', NULL, '2020-01-29 20:26:17', '2020-01-29 20:26:17'),
(327, 'Mrs. Brant Watsica', 'randyandlesliesloan@hotmail.com', '1-956-034-511', '$2y$10$PbnyiVT91Qkn5CW4guvjXej6xoNySuWhN6QAxpwtV5jmQSeYvdT3G', NULL, '2020-01-30 07:47:39', '2020-01-30 07:47:39'),
(328, 'Pierre Grimes', 'cachunga77@gmail.com', '430.015.3560', '$2y$10$XPELL2LCSRHAhIy5EtE4COYt6Beuf1gM0nJKeNehLG8F1EwSi2Xvu', NULL, '2020-01-30 23:19:26', '2020-01-30 23:19:26'),
(329, 'Deden', 'dedenpratomo@yahoo.com', '081357534966', '$2y$10$jM8NX8hhUtMQ3oUOFkQwT.M7PrYiFK8GLNDAcJrdLf9UQKXjrsVqS', NULL, '2020-01-31 06:39:18', '2020-01-31 06:39:18'),
(330, 'Arnold Reilly', 'zhang.qiming@yahoo.com', '863-396-2467 ', '$2y$10$OaORQb0yDi4B7J7hfy6qZuoDdJfVsEsPgT8Aiw57hoj4Y2fACc6DC', NULL, '2020-01-31 08:42:07', '2020-01-31 08:42:07'),
(331, 'Melissa', 'melissaadriana85@gmail.com', '087859173273', '$2y$10$eOpojAD0tK7iW.ZHEy5/6Oht5rcvCRtRvywScZ1d2rP63zpxgfSWq', NULL, '2020-01-31 19:50:08', '2020-01-31 19:50:08'),
(332, 'Valentino', 'valentinoprabowo@gmail.com', '087859153735', '$2y$10$6V04mxJ4E9jpRnehXFhmxOvMO65g//ApLfGbuCeYxpp9FegkEuyxG', NULL, '2020-02-02 00:37:06', '2020-02-02 00:37:06'),
(333, 'Adiyatma Ghazian Pratama', 'adiyatmagp@gmail.com', '081252178842', '$2y$10$nWHFLHIoGlTwXIttll.p8edkW87is2a7td4Gvg9nUZ8tchGVv1J8K', NULL, '2020-02-02 01:16:45', '2020-02-02 01:16:45'),
(334, 'Maurice', 'modetta@ymail.com', '089660121622', '$2y$10$RXWUhYOZ2BLGz4PGy5/34uPBZ9LmmaHsZ/noRx6NHs9mJ5P78rXyS', NULL, '2020-02-02 10:30:34', '2020-02-02 10:30:34'),
(335, 'Darrion Conroy', 'sugrant@comcast.net', '1-561-559-961', '$2y$10$zJtHeB3w86//f/dNeW7fFeEv9AonIxJDwCkrjHHd8fpOLS981KBsW', NULL, '2020-02-02 21:55:20', '2020-02-02 21:55:20'),
(336, 'Yoavita S', 'flaurensiayoan@gmail.com', '081210322977', '$2y$10$FGN7rRLXuBAn4rHzM95yYul4ntZCr9EFffZbIA0CzE.quRwG0s05W', NULL, '2020-02-03 00:25:17', '2020-02-03 00:25:17'),
(337, 'Ms. Armani Kling', 'anthonyglim@gmail.com', '857-940-4238 ', '$2y$10$LGBHWJMkbQ/CXCy34L7nVex8Hal0hU3oN2JI.mDkLOdSjON0Jt71G', NULL, '2020-02-03 10:08:54', '2020-02-03 10:08:54'),
(338, 'Christa Barrows MD', 'hleung07@gmail.com', '1-973-174-090', '$2y$10$2YQQgUfw73cJy7O7cy2MIO262tFrfw40M0Ae8a1o89C9kgJzl1SeO', NULL, '2020-02-04 10:27:09', '2020-02-04 10:27:09'),
(339, 'Danny', 'danny.iswahyudi@gmail.com', '081333222667', '$2y$10$25VXpomCmzkG731Q2BNeSeoM66rzKfyEFEFRsC3JxVkzkOmvTz.G6', NULL, '2020-02-04 18:48:57', '2020-02-04 18:48:57'),
(340, 'Augustus Barrows', 'bulkweedinbox@protonmail.com', '635.309.2808', '$2y$10$6h7ItQi92PXrcVb4DgNG4uyyqpogFR4QES8f.zqzmzP6y8T6tK6Qy', NULL, '2020-02-06 23:36:42', '2020-02-06 23:36:42'),
(341, 'Mohammad Ikhlas Yoga Pratama', 'Ikhlasyogapratama@gmail.com', '082141889220', '$2y$10$GYG0GFsRZWSHm2ypNCjBX.WT4zfiM28WXO/.uAatORdl/s2dRj8oy', NULL, '2020-02-07 02:30:12', '2020-02-07 02:30:12'),
(342, 'Davit', 'davitrijadi@yahoo.co.id', '081216315385', '$2y$10$am1SJhP6KDad3YiVKTtBsedYzjYGkIHMERgu8tGB7eEMujavkf0am', NULL, '2020-02-07 05:42:46', '2020-02-07 05:42:46'),
(343, 'Drew Renner PhD', 'abaldo@abaldo.es', '968-524-8344', '$2y$10$PeEPwDHPZoTYcNaPaGsmi.DauiUblWPKkg/OghhNAaCGVbQQFB2pS', NULL, '2020-02-07 12:12:49', '2020-02-07 12:12:49'),
(344, 'Miss Dorcas Hills', 'owen.rolleman@gmail.com', '022-216-3396', '$2y$10$XWpu41psFq.lZb9VdsagQOg.ZmBboW3wnuZdohvpcdACp7WD7Kbpu', NULL, '2020-02-08 06:15:42', '2020-02-08 06:15:42'),
(345, 'Rizky Akbar', 'rzkakbarr10@gmail.com', '081353664900', '$2y$10$whA.lr2/08R3PW5l1xCJYef0gQ3gFq0rwSaFeyNw.wwVqxW40255.', NULL, '2020-02-08 20:00:28', '2020-02-08 20:00:28'),
(346, 'Yudi Adhi W', 'yudiadhi86@gmail.com', '085732792552', '$2y$10$gOhTJUAw4eJttEXdopj1/OtmytsD61LJqWxpP1j.3UsapeWSUJbBy', NULL, '2020-02-09 18:48:33', '2020-02-09 18:48:33'),
(347, 'Dawson Lindgren', 'beck_13_98@yahoo.com', '172.786.0948', '$2y$10$by07LB5PX6exC8w.jyYoJedRpNs.YK.ZtqwrCk.C57oIGP39jrX4a', NULL, '2020-02-10 03:29:19', '2020-02-10 03:29:19'),
(348, 'Teresa Fritsch', 'robert.gibby@yahoo.com', '197-101-6512', '$2y$10$j3rkUJmkUxOH0485A7DVru..KfYPTp8aJsbM4vwf7j363VxlEWfq.', NULL, '2020-02-11 17:25:38', '2020-02-11 17:25:38'),
(349, 'Tri Agus Susanto', 'Toton_smp@yahoo.com', '08123004498', '$2y$10$gMl.U47W28xSMRGaXK8GROqDkjPTrqfD36eEcHTHZLNL1n6Z6kKKC', NULL, '2020-02-13 02:17:29', '2020-02-13 02:17:29'),
(350, 'Mrs. Sadye Russel', 'wdavidson21@hotmail.com', '453.357.6147 ', '$2y$10$J5Qk6tBuMW4f3o/nmqwg7OooX4qhPb4gMe4g9jZrTySfs8IHT/F4m', NULL, '2020-02-13 11:04:00', '2020-02-13 11:04:00'),
(351, 'Humaira', 'humaira.itb@gmail.com', '081231117571', '$2y$10$db85CsecYcr.dnGSzVRPSOxof4n9mVuyt6t9Z2m0.nnzauUrcVvRa', NULL, '2020-02-14 16:55:18', '2020-02-14 16:55:18'),
(352, 'Vavulyajeony', 'torpmeendxg@gmail.com', '86211388338', '$2y$10$n04K6L2FaouEuJjY/lXQL.nTHW9PHa3J/pl4FqOlXQ/dBqEApf9Re', NULL, '2020-02-14 21:18:10', '2020-02-14 21:18:10'),
(353, 'Dr. Rosie Willms', 'hmrteach@yahoo.com', '425-227-5536 ', '$2y$10$v/AHWBvYUJ68uQ/C/IXKauDfAcEe4fleSwrK64iqG8OQET7Vdbw0O', NULL, '2020-02-17 15:57:56', '2020-02-17 15:57:56'),
(354, 'Tertiana Aristadewi', 'aristaaadewi28@gmail.com', '081381014442', '$2y$10$NbcI8nEmhn8Er1xJj9.xU.tEn7nHlUQRGK7bo/fNEc5OdsttuA67.', NULL, '2020-02-19 03:56:06', '2020-02-19 03:56:06'),
(355, 'Mackenzie Mayer', 'gazmoudeh@mac.com', '906.797.4387 ', '$2y$10$ZXhtI.e3l.M7R.ot/7vglOBiyz2htgzBrx1udtihIdtNykMu8SJxK', NULL, '2020-02-19 17:33:22', '2020-02-19 17:33:22'),
(356, 'Metha Aditya', 'puspadewimetha92@gmail.com', '082231489541', '$2y$10$9G6ntbajagVYudttU2rjwululXHMCBejC94SAY0oSQmSuUdHxh8Sa', NULL, '2020-02-19 19:46:45', '2020-02-19 19:46:45'),
(357, 'Vanny Teja', 'vannyteja@yahoo.com', '+628193777060', '$2y$10$1l7t07cAxjy7W2YgCzinaeXGxqZte8HhGmGjj/aqC/cjfaPvpbE8y', NULL, '2020-02-21 02:11:40', '2020-02-21 02:11:40'),
(358, 'Robet Atiq Maulana Rifqi', 'blank345red@gmail.com', '088234030448', '$2y$10$Lvl3yXayaJ/hEsj9E2/pfuwOXuXtkmPU5ulwxFysDqosYXmOob0fG', NULL, '2020-02-22 21:07:06', '2020-02-22 21:07:06'),
(359, 'Nanang', 'Nanang_h_purnomo@yahoo.com', '081330702512', '$2y$10$nx904YxfD/8L3CvIF5GgkOlVCrwi40K2MEz3PpmAUjpwco7TVf5Bi', NULL, '2020-02-24 21:45:59', '2020-02-24 21:45:59'),
(360, 'HARIS PRADANA', 'hpradana24@gmail.com', '081233893969', '$2y$10$uRwoBJsShQpCMHoyU9ij6.LsnqIsCY6QLTGFvh8BslKCiHM6jR3h2', NULL, '2020-02-26 01:36:58', '2020-02-26 01:36:58'),
(361, 'Aditya Pranata', 'krisnadityap25@gmail.com', '085156919145', '$2y$10$wRUHf7K2hVc8yhwUa1Uyz.6iM1R03DDZgblP7yO5G.D0BpH9om5Dy', NULL, '2020-02-26 09:24:02', '2020-02-26 09:24:02'),
(362, 'Miftahul Jannah', 'miftamj96@gmail.com', '+628953015468', '$2y$10$2DaJbuKPL7aqk3VeBkVE/.11k2KFH1b9Am9s5v6rZ1EbqIC7/3H2C', NULL, '2020-02-27 01:04:34', '2020-02-27 01:04:34'),
(363, 'Gatut Setiadi', 'gatut_setiadi@yahoo.co.id', '081334327353', '$2y$10$mj7LnWX56BWF5R7PGVIcmuNC32s7HHVbKuhs0DkoTusYlUT3J/S3q', NULL, '2020-02-28 02:05:16', '2020-02-28 02:05:16'),
(364, 'Nfnbfyfjeony', 'tinacowalenko@gmail.com', '87651995168', '$2y$10$Ilww6yJymVJfnq6qKezh9.SNYo7MnrKXIcC4C/At6XY3tfbVjOUSC', NULL, '2020-02-28 16:28:12', '2020-02-28 16:28:12'),
(365, 'Shirley', 'shirleytan0923@gmail.com', '0895-8000-548', '$2y$10$dtfDQG54WOCLLgJKRy6YPOIHSTgw7FvWMQ/s6/KIn6UXnJHnqJwwK', NULL, '2020-02-29 19:35:04', '2020-02-29 19:35:04'),
(366, 'Mayra Batz III', 'hollismith1@gmail.com', '(593) 371-351', '$2y$10$if/gWO05Hsp1PFbOq9NOG.rLtBrg8LDN4cjZi2VWCUo1Q3Ltt7AVC', NULL, '2020-03-01 16:46:06', '2020-03-01 16:46:06'),
(367, 'Titis Widya Ayuningtyas', 'ttiswidya@outlook.com', '082138898975', '$2y$10$YD3Y0L/ZEpHxqE1Vjtb9y.PGR9SsJ8QqjeRsZrK5PCCN84MV29G3C', NULL, '2020-03-02 08:32:55', '2020-03-02 08:32:55'),
(368, 'Yuli', 'Yulich.0907@gmail.com', '089699775572', '$2y$10$n.XsZN05QxoiLdaQavtkcOaLITeLlrc9Ge.i.oIJ0qxTwizJvemji', NULL, '2020-03-03 11:43:53', '2020-03-03 11:43:53'),
(369, 'Ulfah', 'ulfahmujib@ymail.com', '081225533700', '$2y$10$s2fKFa.81EARDOIEPRzq0ODUxQuB6g0Bm/Q/n5TSs3Gi1BBpwfm5G', NULL, '2020-03-04 00:28:22', '2020-03-04 00:28:22'),
(370, 'Ferry', 'ferry85-test4@yahoo.com', '+628133245678', '$2y$10$TuBpK4.629Ef0rFpo2tmJOBguSD.01XzO0c9pMy0lT0ghW6NqKPPq', NULL, '2020-03-04 10:48:49', '2020-03-04 10:48:49'),
(371, 'Virginia Doyle', 'frankblasvegas@gmail.com', '1-135-874-208', '$2y$10$wqEellxb5NUjLOZPqVy4K.h0FAMA7UVU764hlEI5VX98P4FAM/S6C', NULL, '2020-03-04 14:45:37', '2020-03-04 14:45:37'),
(372, 'Maritza Hessel', 'nicolamax@live.co.uk', '193-817-0789', '$2y$10$cSG/kTJSOKqXklXcOkan9OC7Ur9qeQAu1sSvjcFbTUm1M25kgcUR2', NULL, '2020-03-04 15:38:51', '2020-03-04 15:38:51'),
(373, 'Abta', 'ditayuanandita@yahoo.co.id', '+62 812 3571 ', '$2y$10$9eU.MxLpaXq3ntidumXYK.X3z/sQhm.ymxo5D7.rARu49W4GzlnEO', NULL, '2020-03-04 21:19:47', '2020-03-04 21:19:47'),
(374, 'Muhammad Farhan', 'muhfar33@gmail.com', '081545069325', '$2y$10$xGBbzI54iGYMgUjtPyETx.dIgaDVLKQysK2tyGBYa1J9OFtk2gKpm', NULL, '2020-03-05 02:39:42', '2020-03-05 02:39:42'),
(375, 'Nyssa', 'nyssaliemantara@gmail.com', '089668064112', '$2y$10$xpotipvG.7qkqnXd9RrbKOcgbUCx7u2Y6P0xUKSUTqt3c732xTXf6', NULL, '2020-03-06 01:45:35', '2020-03-06 01:45:35'),
(376, 'Vincentius Jason', 'vincentiusjason7@gmail.com', '081281770868', '$2y$10$v6b7hOJAEdNd4pgR/EjG3Oyun4ukfHCI.djtXLKDg/kxSQw5v3xOq', NULL, '2020-03-06 02:43:05', '2020-03-06 02:43:05'),
(377, 'Keara Waelchi', 'mikeslee12@gmail.com', '(005) 718-567', '$2y$10$Ijec1u.yTndLvcYT84z.guWYG4vcLxHL1GgcXU0gDyGI4OitAr4we', NULL, '2020-03-06 14:00:06', '2020-03-06 14:00:06'),
(378, 'Stephanus Boerhan', 's.boerhan@gmail.com', '+628194556102', '$2y$10$YJYGdKpU8ukDQ4fnGjPXA.JxfvUZ2gPhbvHs3xMMhw7ncxXdOonLK', NULL, '2020-03-07 21:37:16', '2020-03-07 21:37:16'),
(379, 'Risca', 'risca.kc@gmail.com', '081232764545', '$2y$10$WrueohvWSAWO29zzmCrw1umb.Vs/xavD8b4m0rN5aK3jM2fkf4S2y', NULL, '2020-03-08 19:24:35', '2020-03-08 19:24:35'),
(380, 'Asmaranala House', 'asmaranala.house@gmail.com', '+628235889588', '$2y$10$Mwcn0Lble0Jhvn3SkcD7ruRNsr3q6fQubkPG9WGWVA5M8DnY/2uY.', NULL, '2020-03-08 23:47:56', '2020-03-08 23:47:56'),
(381, 'Leonichjeony', 'omelcdimmka@gmail.com', '83282875416', '$2y$10$VeOQ1ySdrzlFU8a5J65yGea/QpTJ9kzCQzfBzJX8Q0LQgg1DHa4N.', NULL, '2020-03-09 01:54:05', '2020-03-09 01:54:05'),
(382, 'Meli', 'Melianaidapingki04@gmail.com', '082333911330', '$2y$10$LRNe6tpJEdPVX2xjLimhceJgay..JjmyQWQFF4irbFbKzPNuzn28i', NULL, '2020-03-10 21:18:20', '2020-03-10 21:18:20'),
(383, 'Wyatt Aufderhar III', 'universo@rhr.it', '002.346.6941', '$2y$10$h1e/zDs/Af01b2obCVHPX.ZO82J55fUWaMATodaiDN2FD9Y1zNAdm', NULL, '2020-03-11 04:11:36', '2020-03-11 04:11:36'),
(384, 'Ari Aditama', 'aditama_9704@yahoo.co.id', '082141002828', '$2y$10$IJubMfJzAVRIXg77cr/KqOEwhMwgKqMg54THoMSSVPlKrIR56mwB.', NULL, '2020-03-11 06:22:08', '2020-03-11 06:22:08'),
(385, 'Webster Hauck', 'mrtedder@hotmail.com', '409-706-7287', '$2y$10$mjOTSyKf8sNQdJef2sZS6.RPWwZd6xPimfEltYLEmCwAqCHeOyBYK', NULL, '2020-03-11 17:16:10', '2020-03-11 17:16:10'),
(386, 'Jaylon Metz', 'cathleen.north@yahoo.com', '(898) 240-745', '$2y$10$yOilrey3VGRZtfHiem6SSewjpMuLM3GOpC/LLvPO2E4f43IdcITki', NULL, '2020-03-11 22:11:54', '2020-03-11 22:11:54'),
(387, 'Chandra', 'candrawj02@gmail.com', '081325038490', '$2y$10$c4MObpLkIQGpPCDJlo4JWOUjoSo4sNJsP9SJLOWs9LOoIZUZ098o2', NULL, '2020-03-12 08:20:50', '2020-03-12 08:20:50'),
(388, 'Jacey Funk', 'info@tmglobalequipment.com', '1-186-935-915', '$2y$10$2MFnx6z1BWvKPf1rwmtLRu.RLKp.EMDopM1qN/d2PsTDHy9saGwv2', NULL, '2020-03-12 11:45:45', '2020-03-12 11:45:45'),
(389, 'Defri Arya', 'defri.arya4@gmail.com', '08117120494', '$2y$10$KRfji/tPlUnaQvbzPTAxje.OgMQshSPtlYQFTFH1L4HdZa1.NzkJS', NULL, '2020-03-13 21:13:04', '2020-03-13 21:13:04'),
(390, 'Andika', 'andik4c4ndr4p@gmail.com', '085230189730', '$2y$10$p79tvf.4UYcO20TgzDWJaemVGc9GbdWT9Q.oEXTj0XkWz7fApIyve', NULL, '2020-03-14 05:04:28', '2020-03-14 05:04:28'),
(391, 'Neegaburjeony', 'dymowawjas@gmail.com', '82945757269', '$2y$10$rPbwmMZefjHUC2t.EB8ZjOxbXaRuhfAIy8rnXPLPjWrkrCV0I6VVW', NULL, '2020-03-15 18:54:42', '2020-03-15 18:54:42'),
(392, 'Nikki Bartell', 'purchasing@datasmartllc.com', '(940) 241-809', '$2y$10$HGfDr78Fb/qHkMDMxVb4w.w2nQgDdyOnvqVm5K8noRqAk1epxvXJa', NULL, '2020-03-16 23:13:07', '2020-03-16 23:13:07'),
(393, 'Filiberto Crona', 'vanessagully@gmail.com', '003.333.9966', '$2y$10$P.V49oYLyIuFlrMn8jLxR.3HnGRcBsF596Lbooh7MM58JuJB0sTJG', NULL, '2020-03-19 03:39:37', '2020-03-19 03:39:37'),
(394, 'Ahmad Dion Maulana', 'dionmadrinistas@gmail.com', '082142612382', '$2y$10$1l1LREtlxYf6znk1B3F7t.5bUWJjzMcHazEHrTp3IwoY/2sM6CAPe', NULL, '2020-03-19 09:08:38', '2020-03-19 09:08:38'),
(395, 'Rhettokjeony', 'zybbkovborris@gmail.com', '86984617636', '$2y$10$IyKqLKA5M5HO8IFv86pJ7.Zm4d0dXwSj6BUsOsWrWrIYzWil2Ra1K', NULL, '2020-03-23 04:11:05', '2020-03-23 04:11:05'),
(396, 'Riant', 'funkfebri@yahoo.com', '', '$2y$10$lm9md02kjZ9.mDSEHQzoZeCy3Rm7PPEPXjO8VO2Qof365G5AT7r6K', NULL, '2020-03-24 00:27:32', '2020-03-24 00:27:32'),
(397, 'Rohbiharris', 'rohbiharris@gmail.com', '08113772273', '$2y$10$kWKzQKkXq1HUYE2R7QqVOuEHrsTKAhdidFyz5FNJfZBwDFZlkfx2q', NULL, '2020-03-25 11:29:18', '2020-03-25 11:29:18'),
(398, 'Vinez', 'Savinazcute@gmail.com', '', '$2y$10$EoQ0kZSRB0.e2uJz4HWsm.GvMv3ZILzj1ahlh.mI6e6gwlzVZmgQC', NULL, '2020-03-25 15:21:58', '2020-03-25 15:21:58'),
(399, 'Davon Lubowitz', 'loganhometheater@gmail.com', '521-555-3704 ', '$2y$10$FQUJdTMy26QuIhTvT8DpT.ISlBZtlgzOy3QprawYQ.PgKZAdxfckm', NULL, '2020-03-25 17:50:53', '2020-03-25 17:50:53'),
(400, 'Suri Fikriansyah', 'suri_fikriansyah@yahoo.com', '08153005453', '$2y$10$DlqZ6o9Zy7Kenp6Khgym4uXq35ZdUf1soAZaHnDlDvd3uJnRwfWce', NULL, '2020-03-25 21:17:20', '2020-03-25 21:17:20'),
(401, 'Hamdan Bagus Firmansyah', 'hamdanbag@gmail.com', '081331986272', '$2y$10$kMNj2xmDVwnBY96oZPJ3Q./6.OKXF.eQgjH2q2ScLnoq.caT.vlVm', NULL, '2020-03-29 02:07:49', '2020-03-29 02:07:49'),
(402, 'Yurike', 'yurikekartika@gmail.com', '082228677890', '$2y$10$rg.GYkvc9Kppnp3jD2Kb9uDP9vkLYwR7maP6fL9o6soQnrZ0ZQJtC', NULL, '2020-03-29 02:09:25', '2020-03-29 02:09:25'),
(403, 'Junkiesjeony', 'korrneevaekaterrina@gmail.com', '83648278354', '$2y$10$ts4tfT92ggoXqLRszBvyXOT6ghFPLsOcAeapFiDFHY2gSNUBnQ5Pa', NULL, '2020-03-29 18:52:34', '2020-03-29 18:52:34'),
(404, 'Eko Sugiono Daulinsa', 'ekosugiono89@gmail.com', '08123224114', '$2y$10$ddNwzyc0eVBcKSOKW7DkSuuRFM9ytVz0UZR1RvgxuzM5D3sV5.Qb2', NULL, '2020-03-30 06:14:40', '2020-03-30 06:14:40'),
(405, 'Novita', 'novitaaimalia@gmail.com', '082332685608', '$2y$10$CZ7Us9fe5QazsoYbT2lXkuMF43ghQUr4EakfW8EaOHgjRNHgHWWSS', NULL, '2020-03-30 07:37:01', '2020-03-30 07:37:01'),
(406, 'Selvia', 'selvia.qurani11@gmail.com', '082131666466', '$2y$10$1cfNWYukL9E/839k7PnUeu/oM1YjpE2n24kv08A9JhIc/j4JH15ra', NULL, '2020-03-30 10:27:43', '2020-03-30 10:27:43'),
(407, 'Yuliana', 'Yulianakurniawati0707@gmail.com', '089677803921', '$2y$10$u4y.dgH6paKLunegQQSrWevtsKzbVhChI9tPekLkx7xRuDD.U6dN6', NULL, '2020-03-30 12:07:21', '2020-03-30 12:07:21'),
(408, 'Adi', 'j4k4_4di76@yahoo.com', '082233922177', '$2y$10$RQpeiPSV1Wv0KZwTXJ6D3u0pQqPrut550b.2NKeN000B9zEFobwpq', NULL, '2020-03-30 15:12:32', '2020-03-30 15:12:32'),
(409, 'Primara', 'primaraariel5@gmail.com', '082334965998', '$2y$10$VLRZIs4u9S4FP5efTObac.8jdhcDJhBTXPLNdhYUiK/ABtw46B1um', NULL, '2020-03-30 17:57:40', '2020-03-30 17:57:40'),
(410, 'Zelda Davis', 'collinsandrea949@gmail.com', '895.540.5405 ', '$2y$10$9pzlJjKY690QPK2sOWBQ4uSTgDoEff88Uufkir4ggPEbSBrdpJHZa', NULL, '2020-03-31 18:34:51', '2020-03-31 18:34:51'),
(411, 'Yosep', 'josegrazia77@gmail.com', '083835155151', '$2y$10$KUmry1FE5dbky14Zvt4jhO6nuH8mRjcpbIj.hjfusISevccFJ27nO', NULL, '2020-03-31 22:37:23', '2020-03-31 22:37:23'),
(412, 'Juan', '7uant4ner@gmail.com', '082245494600', '$2y$10$0gRFKFbN0zmrDq97kmLSM.KxeVeOmwStLYvPaIp8TtoCRxy5YM8q6', NULL, '2020-03-31 23:12:32', '2020-03-31 23:12:32'),
(413, 'Mr. Orin Balistreri', 'judaicacorner@gmail.com', '(268) 308-247', '$2y$10$zLwLqwm.lchqBD/L4ok.cu26k8Aif/zXYRliBS0qX6GFgn66mPVEG', NULL, '2020-04-01 08:40:59', '2020-04-01 08:40:59'),
(414, 'Madin Putra', 'madindapp@gmail.com', '085649979977', '$2y$10$UkkY.DZZIl7c9FWXxxWG8O9zfztE4aYCoYoGcRRYjD2Azuwanc4Z6', NULL, '2020-04-02 01:30:57', '2020-04-02 01:30:57'),
(415, 'Yudiana', 'Yudanadamayanti90@gmail.com', '082230920607', '$2y$10$hZ1d6EXXUpJtMhuRromXp.hED.l0zJeByiMU0LYzGjOeH2zLIywwa', NULL, '2020-04-02 23:32:56', '2020-04-02 23:32:56'),
(416, 'Miftakhul', 'miftakhuljannah707@gmail.com', '082233683313', '$2y$10$JlqESsenVch81EamAV8POOV2dsQccHwHSMAEgc19XlIzKeGk89N.K', NULL, '2020-04-03 00:01:26', '2020-04-03 00:01:26'),
(417, 'Diana Irafahmi', 'dianairafahmi@gmail.com', '+61451351945', '$2y$10$LklPeakFs9JPvXHhOP.b2eV6S7s6eeQd2wNYkuW8v0j1o5jngVCJC', NULL, '2020-04-03 01:37:20', '2020-04-03 01:37:20'),
(418, 'Endah', 'endahsuci19@gmail.com', '082231992122', '$2y$10$/febCM44UMslun0pt48nr.2cOr19lCtEoVMgRX4CO4cANQVN2xAuK', NULL, '2020-04-03 03:44:08', '2020-04-03 03:44:08'),
(419, 'Topan Rengga Sadewa', 'Renggatopan@gmail.com', '082141542469', '$2y$10$8AkSgGG1iKwag6E2iSihoO0r98ZByMxcx88JyX8aN4fOf0I1J57sK', NULL, '2020-04-03 04:18:50', '2020-04-03 04:18:50'),
(420, 'Rico Satrio', 'rico_satrio@gmail.com', '+966537869198', '$2y$10$r6LBBF1dWWkgm8u7COwxjepzRpbnqFl4zn0KnNHSZIlO7mkrbGnKa', NULL, '2020-04-05 12:07:34', '2020-04-05 12:07:34'),
(421, 'Rico Satrio', 'rico.satrio@gmail.com', '+966537869198', '$2y$10$zMnyfT5A5eJRQXNFKQBsZu.6uWMA72CXZWUJWU40imzo1gT9k6AYa', NULL, '2020-04-05 12:08:56', '2020-04-05 12:08:56'),
(422, 'Liang', 'lino.keren@gmail.com', '', '$2y$10$FaS61OQC.aeMtkT680A2k.h/FakWqCrR7FAAoYvEJGDFEjyaoNCT6', NULL, '2020-04-05 18:52:11', '2020-04-05 18:52:11'),
(423, 'Ramizah Ramziyyah', 'ramizahramziyyah@gmail.com', '085218478789', '$2y$10$KwtN9mKdpGZicEBSqZo/Nu62YT1nUX0s57EE5qK3R3XzwZIrIuRwm', NULL, '2020-04-05 22:16:38', '2020-04-05 22:16:38'),
(424, 'Anaginnjeony', 'lavrrovalidda@gmail.com', '81743328933', '$2y$10$t0nW4Z1ZfHNMro6/dgymMuqiN76m437JiIZ23QrY588mHT1S/pgD2', NULL, '2020-04-05 23:12:02', '2020-04-05 23:12:02'),
(425, 'Widi', 'widi.januar18@gmail.com', '081937907979', '$2y$10$pKgW0h.XHsvMuR0bt6hp4ecFYzf5TR8B7fsY.idOutyv8E5PoMZu6', NULL, '2020-04-07 00:44:13', '2020-04-07 00:44:13'),
(426, 'Todi', 'rahaditobaskara227@gmail.com', '085649807847', '$2y$10$sVj9hd/hdo5cZk8cuWDD3usQsd3om8PG3x8X4QWW78AvFbwXa5HdC', NULL, '2020-04-07 01:34:44', '2020-04-07 01:34:44'),
(427, 'Siska', 'eriskaanggita@gmail.com', '082136532749', '$2y$10$Yox.pwINKC7CQVk93t/cGObAdokmaDOQPYD.Um0n0CzoCCzfjCr9S', NULL, '2020-04-07 08:04:03', '2020-04-07 08:04:03'),
(428, 'Satriyardi', 'satriyardi@gmail.com', '085867898189', '$2y$10$WgpFmN5OzQ7MSLsB8uDsAOugQlRU3wId3p7ijWdw0OlR8Ntvvg936', NULL, '2020-04-07 21:40:20', '2020-04-07 21:40:20'),
(429, 'Yudi', 'boy.capricorn@gmail.com', 'brino277', '$2y$10$UilaDbJJnwMUSKVVWEcIDeY2M/55ffAt0eDtUbyutGLDTl0kwr9hO', NULL, '2020-04-08 01:03:19', '2020-04-08 01:03:19'),
(430, 'Guido Setiadi', 'gsetiadi169@gmail.com', '082232998816', '$2y$10$xHO/yIPtIMpzdQ9MWhN4yuCj5k3cr8UH8BDRjdG9A.PNzlHiyKTLa', NULL, '2020-04-08 03:15:05', '2020-04-08 03:15:05'),
(431, 'Ony', 'Twediarko@gmail.com', '0818332207', '$2y$10$VQrkfGeTTCIKsUWU7Sw2GeXLbIwr1hhzrDecjJgfOmwA1r3VAewq2', NULL, '2020-04-08 05:11:01', '2020-04-08 05:11:01'),
(432, 'Alby', 'salbiyahhalimatus@yahoo.com', '085772296320', '$2y$10$dmOVF8st7CuNBu45LpdfzOUWjhJL4qT8Cp9b9FvXboYLcuRP2WaAK', NULL, '2020-04-08 20:26:34', '2020-04-08 20:26:34'),
(433, 'Felton Wiza', 'nicki.gigliotti@gmail.com', '218-584-2514 ', '$2y$10$L9gNjrxuQ06rBEuy19G8DuVC9jOgeK7onV/XkpHXuWGHt4S8bB4LK', NULL, '2020-04-09 18:52:36', '2020-04-09 18:52:36'),
(434, 'Kumala', 'Kumala898@gmail.com', '+628123353249', '$2y$10$eYq1BfihI.tPB53aFAVJ9eCtnFM3qvnM.EUPyI7JJ4bsza3zIuZZu', NULL, '2020-04-10 00:46:03', '2020-04-10 00:46:03'),
(435, 'Edward', 'vesein8@gmail.com', '081259361995', '$2y$10$oMGFSJA92YS01SC1mZgHAe7YSW2MNPfxKixBldQPrNzw9HNY3ASpO', NULL, '2020-04-10 18:37:56', '2020-04-10 18:37:56'),
(436, 'Garnett Kuvalis', 'dairytoin@yahoo.co.uk', '771.280.4603', '$2y$10$XyY6VO3i5UUxfLATWwaZkeW/D3sYd8pd194sx5VVUXioZbrnOzQkO', NULL, '2020-04-11 04:19:37', '2020-04-11 04:19:37'),
(437, 'Khanif', 'khanifabdillah0@gmail.com', '085232122562', '$2y$10$ozwopTyNvuVffVxx9kI2Zui3lm/eJgz5IOk/9bsOjWn7UREsHohuu', NULL, '2020-04-11 04:38:56', '2020-04-11 04:38:56'),
(438, 'Claris', 'clarissavionita0903@gmail.com', '082144069203', '$2y$10$oLNEf3VSCYzmTCox63s7ReY8EOb92xqJP0QF65SxRabnHB0weU.Hm', NULL, '2020-04-11 10:31:38', '2020-04-11 10:31:38'),
(439, 'Septiana Dining Irianti', 'iriantidining@gmail.com', '082144411212', '$2y$10$e7Kuk3e0KNSZE4b/c2iAIesEzbtEblSwPD7oeSCPRBaWKFyRKKKFm', NULL, '2020-04-11 17:14:07', '2020-04-11 17:14:07'),
(440, 'Senny', 'Sennysenorita@gmail.com', '087785190606', '$2y$10$47ILjkuiXYPmlDThFkDvvuNAmnvZWQu1iI8uWOpmsMoGlofKQG8bK', NULL, '2020-04-11 20:58:07', '2020-04-11 20:58:07'),
(441, 'Dinka Maulidya', 'Dinkamaulidya14@gmail.com', '085954553104', '$2y$10$EzhBNnVNpUl5J8SeLTlF7O0N9ZqqxgOcAQJi8mwBJX9t6m3pND8/W', NULL, '2020-04-12 01:32:49', '2020-04-12 01:32:49'),
(442, 'Dbnfjeony', 'mozzh.masha1@gmail.com', '88918598833', '$2y$10$0yZjTRwJim6uGOOtagQgQu1cO/b6/uj3uJAnk23GnQunEH9B1FWPm', NULL, '2020-04-12 18:39:04', '2020-04-12 18:39:04'),
(443, 'Arigibsons', 'fatihgibsons@gmail.com', '+491709554844', '$2y$10$Nh9abVeDBTf8tpilNZQWjuPkwH3VsXBnDiX0tna2zLlHGCkIJshM2', NULL, '2020-04-13 02:55:43', '2020-04-13 02:55:43'),
(444, 'Marsha', 'akumarshaaudria15@gmail.com', '08973785580', '$2y$10$vc/s3.KPvB1K0e7VoEGJoezh0Xitu6SbEJvStgg00bSYM1cwQcd4i', NULL, '2020-04-13 08:59:00', '2020-04-13 08:59:00'),
(445, 'Putri Debora', 'Putdebcantik13@gmail.com', '082140605506', '$2y$10$SjSZ3OS9v9H6J5Fo94EsR.22cNQAKNGz5uTlh56fs345qbLywr3YO', NULL, '2020-04-13 13:18:41', '2020-04-13 13:18:41'),
(446, 'Rizal', 'rizalkurniawan30@gmail.com', '081932300323', '$2y$10$mL.q6I7NfzJDhWsk2i5VBul5oW0k5M7U8QfgUSdHZjIZn8WRwS6tu', NULL, '2020-04-13 14:38:45', '2020-04-13 14:38:45'),
(447, 'Lera Boyle', 'isgcenter@gmail.com', '632-325-6914 ', '$2y$10$jMiQclHeWmXyHb9U/oigjuOJE8GMiDCGAqd0dxsIBFaCkFz1KdVqG', NULL, '2020-04-13 14:44:02', '2020-04-13 14:44:02'),
(448, 'Chasandra Puspitasari', 'chasandra.1d@gmail.com', '085649717263', '$2y$10$BVSuHzndfcp.CmujnUXbKO2fvC8MHEKT8iSjetuSb/h7pFnOIwd6W', NULL, '2020-04-14 02:46:13', '2020-04-14 02:46:13'),
(449, 'Sofyan Afri', 'Veeahn1028@yahoo.com', '08175333140', '$2y$10$/Y29ZskB0z7MN3JvPbbdYuV0T1EbQr.lZ8UAKbK/p8hPBv11RxT/O', NULL, '2020-04-15 19:58:03', '2020-04-15 19:58:03'),
(450, 'Amitia', 'bimandamitia@gmail.com', '081331769502', '$2y$10$gkbrAcplR8I2.7p6zYqkbOp0VzU9dZNT21sloTs9p0fHCKC9CD2YO', NULL, '2020-04-15 21:57:47', '2020-04-15 21:57:47'),
(451, 'Hilyatul Amalia Ulfa, S.M', 'hilya.amalia.ha@gmail.com', '082247654500', '$2y$10$OrDtdXZfUhYjj9YAVS7NSu7nS1F1QKIZG6hdKyFxf39wqr3trK.nO', NULL, '2020-04-16 21:07:42', '2020-04-16 21:07:42'),
(452, 'Sabeth', 'elisabethpascalia96@gmail.com', '085894643540', '$2y$10$x4HdiOmtbIGAsr.2n3SISuJ17zFgoChIUl7i8Q3E0utjqWJU2qcTi', NULL, '2020-04-18 10:29:26', '2020-04-18 10:29:26'),
(453, 'Wisnu', 'wiforth@gmail.com', '081233757540', '$2y$10$s4/jBhB3rKTjQS7mlyHFSu/1oPe4Q6IL0PZv6jvZEBDXmM.mgJ.Fa', NULL, '2020-04-18 19:59:18', '2020-04-18 19:59:18'),
(454, 'Ony', 'Onytwediarko29@gmail.com', '0818332207', '$2y$10$EikWNP/PjMPuE6qvyISW9.uISoxGFORQwFocCmHQ/VKt8lhjGVu5a', NULL, '2020-04-18 21:16:13', '2020-04-18 21:16:13'),
(455, 'Viniazizah', 'vinianurulazizah@gmail.com', '082141886821', '$2y$10$1tepUm1jN9nE90e.f0jLVeDNdXHTSIFqT29f78Xa/OkNdktNrlao2', NULL, '2020-04-22 00:59:24', '2020-04-22 00:59:24'),
(456, 'Tito', 'titochoirulhuda88@gmail.com', '08113500173', '$2y$10$13ru7YS7Zh1pyur.gyefzubD2BTGbFxOt1ZYBzELNC23XX.GOyu92', NULL, '2020-04-24 08:16:31', '2020-04-24 08:16:31'),
(457, 'FARA', 'Iniemailsatusatu@gmail.com', '', '$2y$10$y71H8FLQ/Qv4CfNhpOP9WeLEc3EEIz4d8Hm3vYUC.ba0NzV0IXFru', NULL, '2020-04-24 08:50:39', '2020-04-24 08:50:39'),
(458, 'Nugroho', 'nugrohoadi8899@gmail.com', '082131863888', '$2y$10$eeDUeJldIAhfiU3QxWUsGumZKh8CEZZIkLd1QhwvrJ3xmMYHE.Xgi', NULL, '2020-04-25 00:20:26', '2020-04-25 00:20:26'),
(459, 'Anisa', 'anisa.dy15@gmail.com', '083848399115', '$2y$10$7DO.M02hQoLdnR50j98jmOBZgIiPYXqkzdbzlqVjhGfxAXnNKfM8K', NULL, '2020-04-26 00:26:18', '2020-04-26 00:26:18'),
(460, 'Rizal Husein', 'jali.husein@gmail.com', '08113020007', '$2y$10$8GS91wGbLVIMZnW6TQXK6ePBpUXLksVfZBbe5xwbTevefdVnL8Hl6', NULL, '2020-04-26 05:15:50', '2020-04-26 05:15:50'),
(461, 'Ronny Eltanto', 'reltanto@yahoo.com', '08125272527', '$2y$10$gg0u76Ctzh1qa9MHGAAWAODkFLF3WkwmhElJam5nx8.Pl2xk7GEwi', NULL, '2020-04-27 04:13:54', '2020-04-27 04:13:54'),
(462, 'Petyunjeony', 'olyatoshch@gmail.com', '83842427452', '$2y$10$V8u0kVoOm/BqP3BxDrnDre6ZwghmAqA.0xzH9cBW5CJgPa8EpyIBO', NULL, '2020-04-27 22:58:58', '2020-04-27 22:58:58'),
(463, 'Eka ', 'iyan3121nhw@gmail.com', '085692924453', '$2y$10$9Z6i2Ur5ljRaIV7m8LvxN.FOsTZXggl7Mfsg5nGNda276ByEmZdhm', NULL, '2020-04-28 18:37:12', '2020-04-28 18:37:12'),
(464, 'Amarul', 'asamasetat000@gmail.com', '088235658713', '$2y$10$skhQaUTWfFG8GYZxWcdJjecEQe/E.iPtPe3tQowzrDI.OVfV8AD6i', NULL, '2020-04-30 01:32:53', '2020-04-30 01:32:53'),
(465, 'Syarah Zulfia Salsabila', 'salsabilasyarah@gmail.com', '082302038305', '$2y$10$IW8wZvEcOsAX.2M24dN9TeSsCJfwjM50fS6BIPi/v.gfdStT6o/0q', NULL, '2020-04-30 10:09:25', '2020-04-30 10:09:25'),
(466, 'Nolla', 'Nollaep@icloud.com', '-', '$2y$10$covfIeZ4TOJlA1uUx/Y7SOkW54xsDB0FmqFcUwRl5ch/3GlSoauhi', NULL, '2020-04-30 15:16:06', '2020-04-30 15:16:06'),
(467, 'Fajrus', 'Fajrusshobakh@yahoo.co.id', '082232314787', '$2y$10$g7rfhh3F88W4rZ0XF/SIcu3VbJA3TNVCZwSndczt.asOf9/XKX1a6', NULL, '2020-04-30 19:36:48', '2020-04-30 19:36:48'),
(468, 'Dinda Putri', 'dinda11127@gmail.com', '082346555914', '$2y$10$WjABTXPQKOVNSMnZDLTX8uEi.7Uu7.yqW4.FGiQ4WefvlE32PP4r2', NULL, '2020-05-01 00:56:47', '2020-05-01 00:56:47'),
(469, 'Teguh Agus Triprasetyo', 't.a.triprasetyo@gmail.com', '082140874077', '$2y$10$Nq3QDg9nVGBh.Rwo6yjYAu/klI5OLzB4xgwRY2llgrT.JuPakKD7q', NULL, '2020-05-01 01:24:00', '2020-05-01 01:24:00'),
(470, 'Rizqi', 'Rizqijke@gmail.com', '081262620554', '$2y$10$sFtFlbleogVSUtovuSucQ.n1Z0mNN94BkAOTN0PSGnPm1gEaByzaO', NULL, '2020-05-01 01:34:34', '2020-05-01 01:34:34'),
(471, 'Dfhdfhbqjeony', 'tingaykina.alla@gmail.com', '85759754945', '$2y$10$vB2xVD/EZ64SEKG.90fc8u83cqzF87/KT1cc5.Mf1iDQuSXh9NFJW', NULL, '2020-05-05 17:59:23', '2020-05-05 17:59:23'),
(472, 'Nathalia Christinne Vallent', 'nathaliatan126@gmail.com', '081252654861', '$2y$10$twl84pTEu0NVx2KwlJJHJufgyCCVqdPdO/jQA2tAcp6BuVt403Pbu', NULL, '2020-05-06 08:22:13', '2020-05-06 08:22:13'),
(473, 'Ratna Kartika', 'rkartika1994@gmail.com', '085231053977', '$2y$10$JuLSljtsimPu/1QOgtjRVODJVn9fYp2EqrNqq69RSreF./BTOKko2', NULL, '2020-05-08 18:59:03', '2020-05-08 18:59:03'),
(474, 'Alfina', 'Alfinafaradina@icloud.com', '082139168063', '$2y$10$H.xdh528q4JMwDVbbN26lOrO6jXn8.Zkxp8jtRye6TvV8fOqEiFMm', NULL, '2020-05-08 19:45:13', '2020-05-08 19:45:13'),
(475, 'Maria', 'maria.titha@gmail.com', '081249667058', '$2y$10$FehuaQi6wSNN1nvF7uMgnutQPYbS9MqH7US1z57A/XjCSeoq5NI0a', NULL, '2020-05-08 22:47:18', '2020-05-08 22:47:18'),
(476, 'Rizky Rashid', 'MrBamBangzzz@gmail.com', '082154417787', '$2y$10$YMPyN7OEuiiDytllUZL7cOjuSs2SLp9s9Jh1gFNgE.L7n27Q6Dhw.', NULL, '2020-05-09 00:05:14', '2020-05-09 00:05:14'),
(477, 'Nauval Fais', 'nauvalfais97@gmail.com', '082337498208', '$2y$10$xnLJm/cdFKWPe0oxDhqUs.PgW97SJRXb4fXZOPxduAQgh5GId1Zp.', NULL, '2020-05-09 02:38:00', '2020-05-09 02:38:00'),
(478, 'Satriyo Budi Utomo', 'satriyobudi1995@gmail.com', '081212942912', '$2y$10$GxsIfQIi8HICT6q.XyHuBOj8y5GEkLy.jtNsri57fbbBgsdWhA0E2', NULL, '2020-05-09 07:40:23', '2020-05-09 07:40:23'),
(479, 'Steffanus Deo', 'steffdeo@gmail.com', '082230478888', '$2y$10$0SicmPOsCexX16ON8G2p/.Yj24eUgpOpIRd2VUrR2jzQw5ZVnun0y', NULL, '2020-05-09 09:38:27', '2020-05-09 09:38:27'),
(480, 'Dandi', 'dunds09@gmail.com', '08155091724', '$2y$10$W9RSKKWn5yfDMNE1wViLqOFYC4Ab0gxyZ8BTIHP1FpTDpK95QWH9C', NULL, '2020-05-09 16:07:36', '2020-05-09 16:07:36'),
(481, 'Shofi', 'husnashofiansyah@gmail.com', '08993920008', '$2y$10$cSuXWYmqpIXPvDPJWGrZrO/iy9p3xrG/q3jK8ANZt04JF96nLopRi', NULL, '2020-05-09 20:37:34', '2020-05-09 20:37:34'),
(482, 'Vitri', 'vitri.rahmat@yahoo.com', '081333861999', '$2y$10$sM6I8KnYmuqAr4g.TAPG8OXPzvufWOGdL1ex/bNWuZHF1OsjRwGka', NULL, '2020-05-09 22:48:05', '2020-05-09 22:48:05'),
(483, 'Wulan', 'wulaan.saras15@gmail.com', '081335488939', '$2y$10$oAwVYG5UNEt0SvMT0PfhuOKt/tON1aOnBjYNICfwz3tAj9MpbrOK2', NULL, '2020-05-10 01:25:12', '2020-05-10 01:25:12'),
(484, 'Logista', 'logista.isady23@gmail.com', '085790850104', '$2y$10$/AenNk.0UPQ7MQmHND/aE./H2m.yOXLuyiU1pNBbxA5LpTaEz5NlK', NULL, '2020-05-10 21:38:49', '2020-05-10 21:38:49'),
(485, 'Nikolajeony', 'anzhshishebarova2@gmail.com', '84372531812', '$2y$10$etkrcW0PHxe3HDdzTs.0ru8qzWw5IL1xbXcRNNLIhy354/itpEolG', NULL, '2020-05-12 23:56:57', '2020-05-12 23:56:57');

-- --------------------------------------------------------

--
-- Struktur dari tabel `districts`
--

CREATE TABLE `districts` (
  `id` char(7) COLLATE utf8_unicode_ci NOT NULL,
  `regency_id` char(4) COLLATE utf8_unicode_ci NOT NULL,
  `name` varchar(255) COLLATE utf8_unicode_ci NOT NULL
) ENGINE=InnoDB DEFAULT CHARSET=utf8 COLLATE=utf8_unicode_ci;

--
-- Dumping data untuk tabel `districts`
--

INSERT INTO `districts` (`id`, `regency_id`, `name`) VALUES
('3507010', '3507', 'DONOMULYO'),
('3507020', '3507', 'KALIPARE'),
('3507030', '3507', 'PAGAK'),
('3507040', '3507', 'BANTUR'),
('3507050', '3507', 'GEDANGAN'),
('3507060', '3507', 'SUMBERMANJING'),
('3507070', '3507', 'DAMPIT'),
('3507080', '3507', 'TIRTO YUDO'),
('3507090', '3507', 'AMPELGADING'),
('3507100', '3507', 'PONCOKUSUMO'),
('3507110', '3507', 'WAJAK'),
('3507120', '3507', 'TUREN'),
('3507130', '3507', 'BULULAWANG'),
('3507140', '3507', 'GONDANGLEGI'),
('3507150', '3507', 'PAGELARAN'),
('3507160', '3507', 'KEPANJEN'),
('3507170', '3507', 'SUMBER PUCUNG'),
('3507180', '3507', 'KROMENGAN'),
('3507190', '3507', 'NGAJUM'),
('3507200', '3507', 'WONOSARI'),
('3507210', '3507', 'WAGIR'),
('3507220', '3507', 'PAKISAJI'),
('3507230', '3507', 'TAJINAN'),
('3507240', '3507', 'TUMPANG'),
('3507250', '3507', 'PAKIS'),
('3507260', '3507', 'JABUNG'),
('3507270', '3507', 'LAWANG'),
('3507280', '3507', 'SINGOSARI'),
('3507290', '3507', 'KARANGPLOSO'),
('3507300', '3507', 'DAU'),
('3507310', '3507', 'PUJON'),
('3507320', '3507', 'NGANTANG'),
('3507330', '3507', 'KASEMBON'),
('3573010', '3573', 'KEDUNGKANDANG'),
('3573020', '3573', 'SUKUN'),
('3573030', '3573', 'KLOJEN'),
('3573040', '3573', 'BLIMBING'),
('3573050', '3573', 'LOWOKWARU'),
('3579010', '3579', 'BATU'),
('3579020', '3579', 'JUNREJO'),
('3579030', '3579', 'BUMIAJI');

-- --------------------------------------------------------

--
-- Struktur dari tabel `headers`
--

CREATE TABLE `headers` (
  `id` int(11) NOT NULL,
  `text` text DEFAULT NULL,
  `info_1` varchar(255) DEFAULT NULL,
  `info_2` varchar(255) DEFAULT NULL,
  `info_3` varchar(255) DEFAULT NULL,
  `info_4` varchar(255) DEFAULT NULL,
  `background` varchar(255) DEFAULT NULL,
  `promo` varchar(255) NOT NULL,
  `created_at` timestamp NULL DEFAULT NULL,
  `updated_at` timestamp NULL DEFAULT NULL
) ENGINE=InnoDB DEFAULT CHARSET=latin1;

--
-- Dumping data untuk tabel `headers`
--

INSERT INTO `headers` (`id`, `text`, `info_1`, `info_2`, `info_3`, `info_4`, `background`, `promo`, `created_at`, `updated_at`) VALUES
(1, 'A Masterpiece of 1,000 Ha Township Development', '', '', '', '', 'b12.png', 'new_promo2.jpg', NULL, NULL);

-- --------------------------------------------------------

--
-- Struktur dari tabel `informations`
--

CREATE TABLE `informations` (
  `id` int(11) NOT NULL,
  `email` varchar(255) NOT NULL,
  `telepon` varchar(255) NOT NULL,
  `alamat` varchar(255) NOT NULL,
  `jam_kerja_1` varchar(255) NOT NULL,
  `jam_kerja_2` varchar(255) NOT NULL,
  `maps` text NOT NULL,
  `created_at` timestamp NOT NULL DEFAULT current_timestamp() ON UPDATE current_timestamp(),
  `updated_at` timestamp NOT NULL DEFAULT '0000-00-00 00:00:00'
) ENGINE=InnoDB DEFAULT CHARSET=latin1;

--
-- Dumping data untuk tabel `informations`
--

INSERT INTO `informations` (`id`, `email`, `telepon`, `alamat`, `jam_kerja_1`, `jam_kerja_2`, `maps`, `created_at`, `updated_at`) VALUES
(1, 'sales@kotaaraya.com', '+62-341-493130', 'Jl. Blimbing Indah Megah No.1 Malang', 'Senin–Jum’at : 8:00–17:00', 'Sabtu–Minggu : 9:00–15:00', 'https://www.google.com/maps/embed?pb=!1m18!1m12!1m3!1d3951.605535767258!2d112.64951511432496!3d-7.936200794283392!2m3!1f0!2f0!3f0!3m2!1i1024!2i768!4f13.1!3m3!1m2!1s0x2dd62996eeae1363%3A0x5154f604957af74c!2sAraya+Bumi+Megah!5e0!3m2!1sen!2sid!4v1517189885683', '2018-07-25 07:29:21', '0000-00-00 00:00:00');

-- --------------------------------------------------------

--
-- Struktur dari tabel `locations`
--

CREATE TABLE `locations` (
  `id` int(11) NOT NULL,
  `name` varchar(50) NOT NULL,
  `description` text NOT NULL,
  `url` varchar(100) NOT NULL,
  `lat` varchar(50) NOT NULL,
  `lng` varchar(50) NOT NULL,
  `created_at` timestamp NOT NULL DEFAULT current_timestamp() ON UPDATE current_timestamp(),
  `updated_at` timestamp NOT NULL DEFAULT '0000-00-00 00:00:00',
  `deleted_at` timestamp NOT NULL DEFAULT '0000-00-00 00:00:00'
) ENGINE=InnoDB DEFAULT CHARSET=utf8mb4;

--
-- Dumping data untuk tabel `locations`
--

INSERT INTO `locations` (`id`, `name`, `description`, `url`, `lat`, `lng`, `created_at`, `updated_at`, `deleted_at`) VALUES
(1, 'Taman Indie', 'Resto Golf Araya', '', '-7.939460', '112.664604', '2018-08-06 06:59:35', '0000-00-00 00:00:00', '0000-00-00 00:00:00');

-- --------------------------------------------------------

--
-- Struktur dari tabel `password_resets`
--

CREATE TABLE `password_resets` (
  `email` varchar(255) COLLATE utf8_unicode_ci NOT NULL,
  `token` varchar(255) COLLATE utf8_unicode_ci NOT NULL,
  `created_at` timestamp NOT NULL DEFAULT current_timestamp() ON UPDATE current_timestamp()
) ENGINE=InnoDB DEFAULT CHARSET=utf8 COLLATE=utf8_unicode_ci;

-- --------------------------------------------------------

--
-- Struktur dari tabel `permissions`
--

CREATE TABLE `permissions` (
  `id` int(10) UNSIGNED NOT NULL,
  `name` varchar(255) COLLATE utf8_unicode_ci NOT NULL,
  `label` varchar(255) COLLATE utf8_unicode_ci DEFAULT NULL,
  `created_at` timestamp NULL DEFAULT NULL,
  `updated_at` timestamp NULL DEFAULT NULL
) ENGINE=InnoDB DEFAULT CHARSET=utf8 COLLATE=utf8_unicode_ci;

--
-- Dumping data untuk tabel `permissions`
--

INSERT INTO `permissions` (`id`, `name`, `label`, `created_at`, `updated_at`) VALUES
(1, 'access-user', 'Access Userr', '2016-04-10 21:30:58', '2016-07-25 18:36:44'),
(2, 'create-user', 'Create User', '2016-04-10 21:48:50', '2016-04-26 20:16:56'),
(3, 'edit-user', 'Edit User', '2016-04-11 19:47:05', '2016-04-26 20:17:08'),
(4, 'delete-user', 'Delete User', '2016-04-11 19:48:46', '2016-04-26 20:17:20'),
(5, 'activate-user', 'Activate User', '2016-04-11 19:55:35', '2016-04-26 20:17:28'),
(6, 'show-user', 'Show User', '2016-04-11 20:14:05', '2016-04-26 20:17:38'),
(7, 'edit-passuser', 'Edit Password User', '2016-04-27 02:08:19', '2016-04-27 02:08:19'),
(8, 'role-user', 'Show User', '2016-04-11 20:14:05', '2016-04-26 20:17:38'),
(9, 'access-profile', 'Access Profile', '2016-04-13 21:14:31', '2016-04-26 20:17:46'),
(10, 'edit-profile', 'Edit Profile', '2016-04-26 20:31:10', '2016-04-26 20:31:10'),
(11, 'edit-passprofile', 'Edit Password Profile', '2016-04-26 20:33:05', '2016-04-26 20:33:05'),
(12, 'access-role', 'Access Role', '2016-04-26 20:33:05', '2016-04-26 20:33:05'),
(13, 'create-role', 'Create Role', '2016-04-26 20:33:05', '2016-04-26 20:33:05'),
(14, 'edit-role', 'Edit Role', '2016-04-26 20:33:05', '2016-04-26 20:33:05'),
(15, 'show-role', 'Show Role', '2016-04-26 20:33:05', '2016-04-26 20:33:05'),
(16, 'assign-role', 'Assign Role', '2016-04-26 20:33:05', '2016-04-26 20:33:05'),
(17, 'revoke-role', 'Revoke Role', '2016-04-26 20:33:05', '2016-04-26 20:33:05'),
(18, 'access-permission', 'Access Permission', '2016-04-26 20:33:05', '2016-04-26 20:33:05'),
(19, 'edit-permission', 'Edit Permission', '2016-04-26 20:33:05', '2016-04-26 20:33:05'),
(20, 'show-permission', 'Show Permission', '2016-04-26 20:33:05', '2016-04-26 20:33:05'),
(21, 'access-merchandise', 'Access Merchandise', '2016-07-24 18:05:28', '2016-07-24 18:05:28');

-- --------------------------------------------------------

--
-- Struktur dari tabel `permission_role`
--

CREATE TABLE `permission_role` (
  `role_id` int(10) UNSIGNED NOT NULL,
  `permission_id` int(10) UNSIGNED NOT NULL
) ENGINE=InnoDB DEFAULT CHARSET=utf8 COLLATE=utf8_unicode_ci;

--
-- Dumping data untuk tabel `permission_role`
--

INSERT INTO `permission_role` (`role_id`, `permission_id`) VALUES
(1, 1),
(1, 2),
(1, 3),
(1, 4),
(1, 5),
(1, 6),
(1, 7),
(1, 8),
(1, 9),
(1, 10),
(1, 11),
(1, 12),
(1, 13),
(1, 14),
(1, 15),
(1, 16),
(1, 17),
(1, 18),
(1, 19),
(1, 20),
(2, 1),
(2, 2),
(2, 3),
(2, 4),
(2, 5),
(2, 9),
(2, 12),
(2, 18),
(3, 1),
(3, 2),
(3, 3),
(3, 4),
(3, 5);

-- --------------------------------------------------------

--
-- Struktur dari tabel `phones`
--

CREATE TABLE `phones` (
  `id` int(10) UNSIGNED NOT NULL,
  `name` varchar(255) COLLATE utf8_unicode_ci NOT NULL,
  `phone` varchar(13) COLLATE utf8_unicode_ci NOT NULL,
  `status` enum('0','1') COLLATE utf8_unicode_ci NOT NULL,
  `created_at` timestamp NOT NULL DEFAULT '0000-00-00 00:00:00',
  `updated_at` timestamp NOT NULL DEFAULT '0000-00-00 00:00:00'
) ENGINE=InnoDB DEFAULT CHARSET=utf8 COLLATE=utf8_unicode_ci;

--
-- Dumping data untuk tabel `phones`
--

INSERT INTO `phones` (`id`, `name`, `phone`, `status`, `created_at`, `updated_at`) VALUES
(1, 'Kartika', '19827887166', '1', '2018-07-26 07:00:06', '2018-07-26 07:14:10'),
(2, 'Bryane', '08815568006', '1', '2018-07-26 07:15:00', '2018-08-07 01:35:36');

-- --------------------------------------------------------

--
-- Struktur dari tabel `products`
--

CREATE TABLE `products` (
  `id` int(10) UNSIGNED NOT NULL,
  `category_id` int(11) NOT NULL,
  `title` varchar(50) COLLATE utf8_unicode_ci NOT NULL,
  `sub_title` varchar(50) COLLATE utf8_unicode_ci NOT NULL,
  `land_area` varchar(10) COLLATE utf8_unicode_ci DEFAULT NULL,
  `building_area` varchar(10) COLLATE utf8_unicode_ci DEFAULT NULL,
  `floor` varchar(2) COLLATE utf8_unicode_ci DEFAULT NULL,
  `bath` varchar(2) COLLATE utf8_unicode_ci DEFAULT NULL,
  `pool` varchar(2) COLLATE utf8_unicode_ci DEFAULT NULL,
  `bed` varchar(2) COLLATE utf8_unicode_ci DEFAULT NULL,
  `carport` varchar(2) COLLATE utf8_unicode_ci DEFAULT NULL,
  `description` text COLLATE utf8_unicode_ci NOT NULL,
  `image_1` varchar(50) COLLATE utf8_unicode_ci NOT NULL,
  `image_2` varchar(50) COLLATE utf8_unicode_ci NOT NULL,
  `image_3` varchar(50) COLLATE utf8_unicode_ci NOT NULL,
  `status` enum('0','1') COLLATE utf8_unicode_ci NOT NULL DEFAULT '0',
  `created_at` timestamp NOT NULL DEFAULT current_timestamp() ON UPDATE current_timestamp(),
  `updated_at` timestamp NOT NULL DEFAULT '0000-00-00 00:00:00',
  `deleted_at` timestamp NOT NULL DEFAULT '0000-00-00 00:00:00'
) ENGINE=InnoDB DEFAULT CHARSET=utf8 COLLATE=utf8_unicode_ci;

--
-- Dumping data untuk tabel `products`
--

INSERT INTO `products` (`id`, `category_id`, `title`, `sub_title`, `land_area`, `building_area`, `floor`, `bath`, `pool`, `bed`, `carport`, `description`, `image_1`, `image_2`, `image_3`, `status`, `created_at`, `updated_at`, `deleted_at`) VALUES
(1, 2, 'Jasmine Valley', 'Type 64 / 60', '60', '64', '2', '2', '0', '3', '1', '\r\n<p style=\"text-align: justify;\"><strong>BUILDING SPESIFICATION</strong><br /> Pondasi: Pasangan Batu Belah. Dinding: Pasangan Batu Bata diplester/dicat. Lantai: Keramik 60&times;60. KM/WC: Keramik 20&times;20. Konstruksi Kuda-kuda: Light Steel Frame. Penutup Atap: Genteng Beton Flat. Plafond: Gypsum Board. Kusen: Kayu Kalimantan &amp; GRC. Daun Pintu Utama: Kayu Kalimantan. Daun Jendela: Kayu Kalimantan, kaca 5mm. Sanitair: Closet Monoblok, Wastafel Gantung, Kran/Shower. Meja Dapur: Kitchen Zink &amp; Keramik 20&times;20. Air Bersih: Water Treatment Plant standa PAM. Listrik: PLN 1300 Watt. Anti Rayap: Anti Rayap Tanah.</p>', 'jv64.png', 'jv64denah.png', 'jv15.jpg', '1', '2020-05-17 15:07:38', '2018-07-30 23:15:48', '0000-00-00 00:00:00'),
(4, 1, 'Ixora Valley', 'Type 182 / 180', '180', '182', '2', '4', '0', '3+', '2', '            \r\n<p>Pondasi: Pasangan Batu Belah. Dinding: Pasangan Batu Bata diplester/dicat. Lantai: Keramik 60&#215;60. KM/WC: Keramik 20&#215;20. Konstruksi Kuda-kuda: Light Steel Frame. Penutup Atap: Genteng Beton Flat. Plafond: Gypsum Board. Kusen: Kayu Kalimantan &amp; GRC. Daun Pintu Utama: Kayu Kalimantan. Daun Jendela: Kayu Kalimantan, kaca 5mm. Sanitair: Closet Monoblok, Wastafel Gantung, Kran/Shower. Meja Dapur: Kitchen Zink &amp; Keramik 20&#215;20. Air Bersih: Water Treatment Plant standa PAM. Listrik: PLN 1300 Watt. Anti Rayap: Anti Rayap Tanah.</p>', 'i182.png', 'i182denah.png', '', '1', '2020-05-17 15:08:11', '0000-00-00 00:00:00', '0000-00-00 00:00:00'),
(8, 2, 'Jasmin Valley', 'Type 54 / 55', '55', '54', '2', '2', '0', '2', '1', '\r\n\r\n<p style=\"text-align: justify;\"><strong>BUILDING SPESIFICATION</strong><br /> Pondasi: Pasangan Batu Belah. Dinding: Pasangan Batu Bata diplester/dicat. Lantai: Keramik 60&times;60. KM/WC: Keramik 20&times;20. Konstruksi Kuda-kuda: Light Steel Frame. Penutup Atap: Genteng Beton Flat. Plafond: Gypsum Board. Kusen: Kayu Kalimantan &amp; GRC. Daun Pintu Utama: Kayu Kalimantan. Daun Jendela: Kayu Kalimantan, kaca 5mm. Sanitair: Closet Monoblok, Wastafel Gantung, Kran/Shower. Meja Dapur: Kitchen Zink &amp; Keramik 20&times;20. Air Bersih: Water Treatment Plant standa PAM. Listrik: PLN 1300 Watt. Anti Rayap: Anti Rayap Tanah.</p>', 'jv54.png', 'jv54denah.png', 'Jasmin Valley 33.jpg', '1', '2020-05-17 15:07:38', '2018-07-29 20:53:04', '0000-00-00 00:00:00'),
(9, 2, 'Jasmine Valley', 'Type 58 / 60', '60', '58', '2', '2', '0', '2', '1', ' <p style=\"text-align: justify;\"><strong>BUILDING SPESIFICATION</strong><br /> Pondasi: Pasangan Batu Belah. Dinding: Pasangan Batu Bata diplester/dicat. Lantai: Keramik 60&times;60. KM/WC: Keramik 20&times;20. Konstruksi Kuda-kuda: Light Steel Frame. Penutup Atap: Genteng Beton Flat. Plafond: Gypsum Board. Kusen: Kayu Kalimantan &amp; GRC. Daun Pintu Utama: Kayu Kalimantan. Daun Jendela: Kayu Kalimantan, kaca 5mm. Sanitair: Closet Monoblok, Wastafel Gantung, Kran/Shower. Meja Dapur: Kitchen Zink &amp; Keramik 20&times;20. Air Bersih: Water Treatment Plant standa PAM. Listrik: PLN 1300 Watt. Anti Rayap: Anti Rayap Tanah.</p>', 'jv58.png', 'jv58denah.png', '', '1', '2020-05-17 15:07:38', '0000-00-00 00:00:00', '0000-00-00 00:00:00'),
(10, 2, 'Jasmine Valley', 'Type 76 / 72', '72', '76', '2', '2', '0', '3', '1', ' <p style=\"text-align: justify;\"><strong>BUILDING SPESIFICATION</strong><br /> Pondasi: Pasangan Batu Belah. Dinding: Pasangan Batu Bata diplester/dicat. Lantai: Keramik 60&times;60. KM/WC: Keramik 20&times;20. Konstruksi Kuda-kuda: Light Steel Frame. Penutup Atap: Genteng Beton Flat. Plafond: Gypsum Board. Kusen: Kayu Kalimantan &amp; GRC. Daun Pintu Utama: Kayu Kalimantan. Daun Jendela: Kayu Kalimantan, kaca 5mm. Sanitair: Closet Monoblok, Wastafel Gantung, Kran/Shower. Meja Dapur: Kitchen Zink &amp; Keramik 20&times;20. Air Bersih: Water Treatment Plant standa PAM. Listrik: PLN 1300 Watt. Anti Rayap: Anti Rayap Tanah.</p>', 'jv76.png', 'jv76denah.png', '', '1', '2020-05-17 15:07:38', '0000-00-00 00:00:00', '0000-00-00 00:00:00'),
(11, 2, 'Jasmine Valley', 'Type 83 / 84', '84', '83', '2', '3', '0', '3', '2', '', 'jv83.png', 'jv83denah.png', '', '1', '2020-05-17 15:07:38', '0000-00-00 00:00:00', '0000-00-00 00:00:00'),
(22, 1, 'Ixora Valley', 'Type 227 / 200', '200', '227', '2', '4', '0', '4+', '2', '            \r\n<p>Pondasi: Pasangan Batu Belah. Dinding: Pasangan Batu Bata diplester/dicat. Lantai: Keramik 60&#215;60. KM/WC: Keramik 20&#215;20. Konstruksi Kuda-kuda: Light Steel Frame. Penutup Atap: Genteng Beton Flat. Plafond: Gypsum Board. Kusen: Kayu Kalimantan &amp; GRC. Daun Pintu Utama: Kayu Kalimantan. Daun Jendela: Kayu Kalimantan, kaca 5mm. Sanitair: Closet Monoblok, Wastafel Gantung, Kran/Shower. Meja Dapur: Kitchen Zink &amp; Keramik 20&#215;20. Air Bersih: Water Treatment Plant standa PAM. Listrik: PLN 1300 Watt. Anti Rayap: Anti Rayap Tanah.</p>', 'i227.png', 'i227denah.png', '', '1', '2020-05-17 15:08:11', '0000-00-00 00:00:00', '0000-00-00 00:00:00'),
(23, 1, 'Ixora Valley', 'Type 267 / 240', '240', '267', '2', '4', '0', '4+', '2', '            \r\n<p>Pondasi: Pasangan Batu Belah. Dinding: Pasangan Batu Bata diplester/dicat. Lantai: Keramik 60&#215;60. KM/WC: Keramik 20&#215;20. Konstruksi Kuda-kuda: Light Steel Frame. Penutup Atap: Genteng Beton Flat. Plafond: Gypsum Board. Kusen: Kayu Kalimantan &amp; GRC. Daun Pintu Utama: Kayu Kalimantan. Daun Jendela: Kayu Kalimantan, kaca 5mm. Sanitair: Closet Monoblok, Wastafel Gantung, Kran/Shower. Meja Dapur: Kitchen Zink &amp; Keramik 20&#215;20. Air Bersih: Water Treatment Plant standa PAM. Listrik: PLN 1300 Watt. Anti Rayap: Anti Rayap Tanah.</p>', 'i267.png', 'i267denah.png', '', '1', '2020-05-17 15:08:11', '0000-00-00 00:00:00', '0000-00-00 00:00:00');

-- --------------------------------------------------------

--
-- Struktur dari tabel `product_categories`
--

CREATE TABLE `product_categories` (
  `id` int(10) UNSIGNED NOT NULL,
  `name` varchar(255) COLLATE utf8_unicode_ci NOT NULL,
  `image` varchar(50) COLLATE utf8_unicode_ci NOT NULL,
  `created_at` timestamp NOT NULL DEFAULT current_timestamp() ON UPDATE current_timestamp(),
  `updated_at` timestamp NOT NULL DEFAULT '0000-00-00 00:00:00'
) ENGINE=InnoDB DEFAULT CHARSET=utf8 COLLATE=utf8_unicode_ci;

--
-- Dumping data untuk tabel `product_categories`
--

INSERT INTO `product_categories` (`id`, `name`, `image`, `created_at`, `updated_at`) VALUES
(1, 'Ixora Valley', 'i0.png', '2020-05-17 15:08:29', '0000-00-00 00:00:00'),
(2, 'Jasmine Valley', 'jv0.png', '2020-05-17 15:07:47', '2018-07-29 21:19:12'),
(8, 'First Home Edition', 'jv0.png', '2020-05-17 15:10:43', '2020-02-25 20:15:46'),
(9, 'University Village', 'jv0.png', '2020-05-17 15:10:46', '2020-05-17 08:05:14');

-- --------------------------------------------------------

--
-- Struktur dari tabel `progress`
--

CREATE TABLE `progress` (
  `id` int(10) UNSIGNED NOT NULL,
  `name` varchar(255) COLLATE utf8_unicode_ci NOT NULL,
  `description` varchar(255) COLLATE utf8_unicode_ci NOT NULL,
  `image` varchar(50) COLLATE utf8_unicode_ci NOT NULL,
  `created_at` timestamp NOT NULL DEFAULT current_timestamp() ON UPDATE current_timestamp(),
  `updated_at` timestamp NOT NULL DEFAULT current_timestamp()
) ENGINE=InnoDB DEFAULT CHARSET=utf8 COLLATE=utf8_unicode_ci;

--
-- Dumping data untuk tabel `progress`
--

INSERT INTO `progress` (`id`, `name`, `description`, `image`, `created_at`, `updated_at`) VALUES
(1, 'Ixora Valley', '', '1G.jpg', '2020-05-20 14:38:13', '2020-05-20 07:38:13'),
(2, 'Jasmine Valley', '', '2G.jpg', '2020-05-20 14:40:20', '2020-05-20 07:40:20'),
(8, 'First Home Edition', '', '8G.jpg', '2020-05-20 14:40:45', '2020-05-20 07:40:45'),
(9, 'University Village', '', '9G.jpg', '2020-05-20 14:41:04', '2020-05-20 07:41:04'),
(10, 'Binus University', 'Merupakan fasilitas dari The Araya yang kini sedang dalam tahap akhir pengembangan', '', '2020-05-20 14:52:43', '2020-05-20 07:52:43');

-- --------------------------------------------------------

--
-- Struktur dari tabel `progress_details`
--

CREATE TABLE `progress_details` (
  `id` int(10) UNSIGNED NOT NULL,
  `progress_id` int(11) NOT NULL,
  `title` varchar(50) COLLATE utf8_unicode_ci NOT NULL,
  `sub_title` varchar(50) COLLATE utf8_unicode_ci NOT NULL,
  `image` varchar(50) COLLATE utf8_unicode_ci NOT NULL,
  `created_at` timestamp NOT NULL DEFAULT current_timestamp() ON UPDATE current_timestamp(),
  `updated_at` timestamp NOT NULL DEFAULT current_timestamp(),
  `deleted_at` timestamp NOT NULL DEFAULT current_timestamp()
) ENGINE=InnoDB DEFAULT CHARSET=utf8 COLLATE=utf8_unicode_ci;

--
-- Dumping data untuk tabel `progress_details`
--

INSERT INTO `progress_details` (`id`, `progress_id`, `title`, `sub_title`, `image`, `created_at`, `updated_at`, `deleted_at`) VALUES
(1, 2, 'Jasmine Valley', 'Type 64 / 60', 'jv64.png', '2020-05-17 08:07:38', '2018-07-30 16:15:48', '0000-00-00 00:00:00'),
(4, 1, 'Ixora Valley', 'Type 182 / 180', 'i182.png', '2020-05-17 08:08:11', '0000-00-00 00:00:00', '0000-00-00 00:00:00'),
(8, 2, 'Jasmin Valley', 'Type 54 / 55', 'jv54.png', '2020-05-17 08:07:38', '2018-07-29 13:53:04', '0000-00-00 00:00:00'),
(9, 2, 'Jasmine Valley', 'Type 58 / 60', 'jv58.png', '2020-05-17 08:07:38', '0000-00-00 00:00:00', '0000-00-00 00:00:00'),
(10, 2, 'Jasmine Valley', 'Type 76 / 72', 'jv76.png', '2020-05-17 08:07:38', '0000-00-00 00:00:00', '0000-00-00 00:00:00'),
(11, 2, 'Jasmine Valley', 'Type 83 / 84', 'jv83.png', '2020-05-17 08:07:38', '0000-00-00 00:00:00', '0000-00-00 00:00:00'),
(22, 1, 'Ixora Valley', 'Type 227 / 200', 'i227.png', '2020-05-17 08:08:11', '0000-00-00 00:00:00', '0000-00-00 00:00:00'),
(23, 1, 'Ixora Valley', 'Type 267 / 240', 'i267.png', '2020-05-17 08:08:11', '0000-00-00 00:00:00', '0000-00-00 00:00:00');

-- --------------------------------------------------------

--
-- Struktur dari tabel `promotions`
--

CREATE TABLE `promotions` (
  `id` int(11) NOT NULL,
  `text` text DEFAULT NULL,
  `image` varchar(255) NOT NULL,
  `created_at` timestamp NULL DEFAULT NULL,
  `updated_at` timestamp NULL DEFAULT NULL
) ENGINE=InnoDB DEFAULT CHARSET=latin1;

--
-- Dumping data untuk tabel `promotions`
--

INSERT INTO `promotions` (`id`, `text`, `image`, `created_at`, `updated_at`) VALUES
(1, 'A Masterpiece of 1,000 Ha Township Development', 'new_promo2.jpg', NULL, NULL);

-- --------------------------------------------------------

--
-- Struktur dari tabel `provinces`
--

CREATE TABLE `provinces` (
  `id` char(2) COLLATE utf8_unicode_ci NOT NULL,
  `name` varchar(255) COLLATE utf8_unicode_ci NOT NULL
) ENGINE=InnoDB DEFAULT CHARSET=utf8 COLLATE=utf8_unicode_ci;

--
-- Dumping data untuk tabel `provinces`
--

INSERT INTO `provinces` (`id`, `name`) VALUES
('35', 'JAWA TIMUR');

-- --------------------------------------------------------

--
-- Struktur dari tabel `regencies`
--

CREATE TABLE `regencies` (
  `id` char(4) COLLATE utf8_unicode_ci NOT NULL,
  `province_id` char(2) COLLATE utf8_unicode_ci NOT NULL,
  `name` varchar(255) COLLATE utf8_unicode_ci NOT NULL
) ENGINE=InnoDB DEFAULT CHARSET=utf8 COLLATE=utf8_unicode_ci;

--
-- Dumping data untuk tabel `regencies`
--

INSERT INTO `regencies` (`id`, `province_id`, `name`) VALUES
('3507', '35', 'KABUPATEN MALANG'),
('3573', '35', 'KOTA MALANG'),
('3579', '35', 'KOTA BATU');

-- --------------------------------------------------------

--
-- Struktur dari tabel `roles`
--

CREATE TABLE `roles` (
  `id` int(10) UNSIGNED NOT NULL,
  `name` varchar(255) COLLATE utf8_unicode_ci NOT NULL,
  `label` varchar(255) COLLATE utf8_unicode_ci DEFAULT NULL,
  `created_at` timestamp NULL DEFAULT NULL,
  `updated_at` timestamp NULL DEFAULT NULL
) ENGINE=InnoDB DEFAULT CHARSET=utf8 COLLATE=utf8_unicode_ci;

--
-- Dumping data untuk tabel `roles`
--

INSERT INTO `roles` (`id`, `name`, `label`, `created_at`, `updated_at`) VALUES
(1, 'admin', 'System Administrator', '2016-04-10 21:29:43', '2016-04-10 21:29:43'),
(2, 'super admin', 'Application Administrator', '2016-04-10 21:47:22', '2016-04-10 21:47:22'),
(3, 'Manager', 'Head', '2016-05-20 16:27:47', '2016-07-25 18:07:51'),
(4, 'Operator', 'Operator Aplikasi', '2016-07-25 18:11:02', '2016-07-25 18:11:02');

-- --------------------------------------------------------

--
-- Struktur dari tabel `role_user`
--

CREATE TABLE `role_user` (
  `role_id` int(10) UNSIGNED NOT NULL,
  `user_id` int(10) UNSIGNED NOT NULL
) ENGINE=InnoDB DEFAULT CHARSET=utf8 COLLATE=utf8_unicode_ci;

--
-- Dumping data untuk tabel `role_user`
--

INSERT INTO `role_user` (`role_id`, `user_id`) VALUES
(1, 1),
(2, 2),
(3, 7),
(3, 11),
(4, 6);

-- --------------------------------------------------------

--
-- Struktur dari tabel `socmeds`
--

CREATE TABLE `socmeds` (
  `id` int(10) UNSIGNED NOT NULL,
  `name` varchar(255) COLLATE utf8_unicode_ci NOT NULL,
  `embedcode` varchar(255) COLLATE utf8_unicode_ci NOT NULL,
  `status` enum('0','1') COLLATE utf8_unicode_ci NOT NULL,
  `created_at` timestamp NOT NULL DEFAULT '0000-00-00 00:00:00',
  `updated_at` timestamp NOT NULL DEFAULT '0000-00-00 00:00:00'
) ENGINE=InnoDB DEFAULT CHARSET=utf8 COLLATE=utf8_unicode_ci;

--
-- Dumping data untuk tabel `socmeds`
--

INSERT INTO `socmeds` (`id`, `name`, `embedcode`, `status`, `created_at`, `updated_at`) VALUES
(0, 'Instagram Ajur', 'https://www.instagram.com/the_araya/', '1', '2018-08-07 02:56:46', '2018-08-07 18:24:05');

-- --------------------------------------------------------

--
-- Struktur dari tabel `subscribers`
--

CREATE TABLE `subscribers` (
  `id` int(11) NOT NULL,
  `client_id` int(11) NOT NULL,
  `product_id` int(11) NOT NULL,
  `created_at` timestamp NOT NULL DEFAULT current_timestamp() ON UPDATE current_timestamp(),
  `updated_at` timestamp NOT NULL DEFAULT '0000-00-00 00:00:00'
) ENGINE=InnoDB DEFAULT CHARSET=utf8mb4;

--
-- Dumping data untuk tabel `subscribers`
--

INSERT INTO `subscribers` (`id`, `client_id`, `product_id`, `created_at`, `updated_at`) VALUES
(1, 1, 1, '2018-07-30 07:33:08', '0000-00-00 00:00:00'),
(2, 1, 3, '2018-07-30 07:33:08', '0000-00-00 00:00:00'),
(3, 2, 3, '2018-07-30 07:33:08', '0000-00-00 00:00:00'),
(4, 2, 4, '2018-07-30 07:33:08', '0000-00-00 00:00:00'),
(5, 2, 1, '2018-07-30 07:43:57', '0000-00-00 00:00:00'),
(6, 1, 1, '2018-07-30 07:44:15', '0000-00-00 00:00:00'),
(7, 1, 5, '2018-07-30 10:22:23', '0000-00-00 00:00:00'),
(8, 3, 6, '2018-07-30 14:45:03', '0000-00-00 00:00:00'),
(9, 3, 6, '2018-07-30 14:47:10', '0000-00-00 00:00:00'),
(10, 4, 2, '2018-07-30 14:50:22', '0000-00-00 00:00:00'),
(11, 4, 3, '2018-07-30 14:50:41', '0000-00-00 00:00:00'),
(12, 3, 1, '2018-07-31 06:30:04', '0000-00-00 00:00:00'),
(13, 3, 1, '2018-07-31 06:30:12', '0000-00-00 00:00:00'),
(14, 3, 1, '2018-07-31 06:34:10', '0000-00-00 00:00:00'),
(15, 3, 1, '2018-07-31 06:39:37', '0000-00-00 00:00:00'),
(16, 3, 1, '2018-07-31 07:17:19', '0000-00-00 00:00:00'),
(17, 3, 1, '2018-07-31 07:21:54', '0000-00-00 00:00:00'),
(18, 3, 8, '2018-07-31 07:26:38', '0000-00-00 00:00:00'),
(19, 3, 6, '2018-07-31 07:27:06', '0000-00-00 00:00:00'),
(20, 3, 1, '2018-07-31 07:33:12', '0000-00-00 00:00:00'),
(21, 3, 1, '2018-07-31 07:44:03', '0000-00-00 00:00:00'),
(22, 3, 1, '2018-07-31 08:05:26', '0000-00-00 00:00:00'),
(23, 5, 1, '2018-08-07 11:04:17', '0000-00-00 00:00:00'),
(24, 5, 8, '2018-08-07 11:04:28', '0000-00-00 00:00:00'),
(25, 5, 1, '2018-08-07 04:07:33', '2018-08-07 04:07:33'),
(26, 5, 1, '2018-08-07 19:03:26', '2018-08-07 19:03:26'),
(27, 5, 1, '2018-08-07 19:05:24', '2018-08-07 19:05:24'),
(28, 5, 1, '2018-08-07 19:09:35', '2018-08-07 19:09:35'),
(29, 5, 1, '2018-08-07 19:10:12', '2018-08-07 19:10:12'),
(30, 5, 1, '2018-08-07 19:10:28', '2018-08-07 19:10:28'),
(31, 5, 1, '2018-08-07 19:10:51', '2018-08-07 19:10:51'),
(32, 5, 1, '2018-08-07 19:11:08', '2018-08-07 19:11:08'),
(33, 5, 1, '2018-08-07 19:11:27', '2018-08-07 19:11:27'),
(34, 5, 1, '2018-08-07 19:11:40', '2018-08-07 19:11:40'),
(35, 5, 1, '2018-08-07 19:11:59', '2018-08-07 19:11:59'),
(36, 5, 1, '2018-08-07 19:17:51', '2018-08-07 19:17:51'),
(37, 5, 1, '2018-08-07 19:18:40', '2018-08-07 19:18:40'),
(38, 5, 1, '2018-08-07 19:19:06', '2018-08-07 19:19:06'),
(39, 5, 1, '2018-08-07 19:21:01', '2018-08-07 19:21:01'),
(40, 5, 1, '2018-08-07 19:27:45', '2018-08-07 19:27:45'),
(41, 5, 2, '2018-08-07 19:28:01', '2018-08-07 19:28:01'),
(42, 5, 3, '2018-08-07 19:28:19', '2018-08-07 19:28:19'),
(43, 5, 3, '2018-08-07 19:30:14', '2018-08-07 19:30:14'),
(44, 6, 2, '2018-08-14 02:05:07', '2018-08-14 02:05:07'),
(45, 6, 6, '2018-08-14 02:06:01', '2018-08-14 02:06:01'),
(46, 5, 6, '2018-08-14 02:10:28', '2018-08-14 02:10:28'),
(47, 5, 1, '2018-08-14 03:14:20', '2018-08-14 03:14:20'),
(48, 5, 1, '2018-08-14 03:15:01', '2018-08-14 03:15:01'),
(49, 5, 1, '2018-08-14 18:46:28', '2018-08-14 18:46:28'),
(50, 5, 16, '2018-08-15 21:22:49', '2018-08-15 21:22:49'),
(51, 5, 21, '2018-08-15 21:23:48', '2018-08-15 21:23:48'),
(52, 5, 3, '2018-08-15 21:29:04', '2018-08-15 21:29:04'),
(53, 5, 5, '2018-08-15 21:30:37', '2018-08-15 21:30:37'),
(54, 5, 3, '2018-08-15 21:52:08', '2018-08-15 21:52:08'),
(55, 5, 2, '2018-08-15 23:23:35', '2018-08-15 23:23:35'),
(56, 5, 1, '2018-08-15 23:25:31', '2018-08-15 23:25:31'),
(57, 5, 1, '2018-08-15 23:26:57', '2018-08-15 23:26:57'),
(58, 5, 1, '2018-08-15 23:28:09', '2018-08-15 23:28:09'),
(59, 5, 1, '2018-08-15 23:29:55', '2018-08-15 23:29:55'),
(60, 10, 3, '2018-08-16 05:12:27', '2018-08-16 05:12:27'),
(61, 10, 3, '2018-08-16 05:13:06', '2018-08-16 05:13:06'),
(62, 10, 1, '2018-08-16 05:13:24', '2018-08-16 05:13:24'),
(63, 10, 2, '2018-08-16 05:14:11', '2018-08-16 05:14:11'),
(64, 10, 4, '2018-08-16 05:14:47', '2018-08-16 05:14:47'),
(65, 10, 5, '2018-08-16 05:15:00', '2018-08-16 05:15:00'),
(66, 10, 6, '2018-08-16 05:15:14', '2018-08-16 05:15:14'),
(67, 11, 8, '2018-08-17 06:27:01', '2018-08-17 06:27:01'),
(68, 11, 8, '2018-08-17 08:09:29', '2018-08-17 08:09:29'),
(69, 11, 1, '2018-08-17 08:09:51', '2018-08-17 08:09:51'),
(70, 11, 9, '2018-08-17 08:11:00', '2018-08-17 08:11:00'),
(71, 11, 2, '2018-08-17 08:13:36', '2018-08-17 08:13:36'),
(72, 11, 9, '2018-08-17 08:37:48', '2018-08-17 08:37:48'),
(73, 11, 1, '2018-08-17 08:41:54', '2018-08-17 08:41:54'),
(74, 11, 8, '2018-08-17 08:43:09', '2018-08-17 08:43:09'),
(75, 11, 9, '2018-08-17 08:43:55', '2018-08-17 08:43:55'),
(76, 11, 2, '2018-08-17 08:46:46', '2018-08-17 08:46:46'),
(77, 11, 2, '2018-08-17 08:47:05', '2018-08-17 08:47:05'),
(78, 11, 3, '2018-08-17 08:48:12', '2018-08-17 08:48:12'),
(79, 11, 3, '2018-08-17 08:48:20', '2018-08-17 08:48:20'),
(80, 11, 16, '2018-08-17 08:48:36', '2018-08-17 08:48:36'),
(81, 12, 6, '2018-08-24 01:49:20', '2018-08-24 01:49:20'),
(82, 13, 1, '2018-08-27 23:53:20', '2018-08-27 23:53:20'),
(83, 13, 1, '2018-08-27 23:53:31', '2018-08-27 23:53:31'),
(84, 13, 2, '2018-08-27 23:55:55', '2018-08-27 23:55:55'),
(85, 13, 3, '2018-08-28 00:58:09', '2018-08-28 00:58:09'),
(86, 13, 4, '2018-08-28 00:59:04', '2018-08-28 00:59:04'),
(87, 13, 5, '2018-08-28 00:59:22', '2018-08-28 00:59:22'),
(88, 13, 6, '2018-08-28 00:59:42', '2018-08-28 00:59:42'),
(89, 16, 1, '2018-09-11 17:28:06', '2018-09-11 17:28:06'),
(90, 16, 1, '2018-09-11 17:28:37', '2018-09-11 17:28:37'),
(91, 16, 2, '2018-09-11 17:29:51', '2018-09-11 17:29:51'),
(92, 16, 3, '2018-09-11 17:30:31', '2018-09-11 17:30:31'),
(93, 16, 4, '2018-09-11 17:31:55', '2018-09-11 17:31:55'),
(94, 16, 5, '2018-09-11 17:32:19', '2018-09-11 17:32:19'),
(95, 16, 6, '2018-09-11 17:32:28', '2018-09-11 17:32:28'),
(96, 16, 3, '2018-09-11 17:36:05', '2018-09-11 17:36:05'),
(97, 17, 4, '2018-09-11 19:06:24', '2018-09-11 19:06:24'),
(98, 17, 1, '2018-09-11 19:06:49', '2018-09-11 19:06:49'),
(99, 17, 4, '2018-09-11 19:07:55', '2018-09-11 19:07:55'),
(100, 17, 4, '2018-09-11 19:08:38', '2018-09-11 19:08:38'),
(101, 17, 4, '2018-09-11 19:09:51', '2018-09-11 19:09:51'),
(102, 17, 4, '2018-09-11 19:15:13', '2018-09-11 19:15:13'),
(103, 18, 6, '2018-09-13 02:28:11', '2018-09-13 02:28:11'),
(104, 18, 4, '2018-09-13 02:29:24', '2018-09-13 02:29:24'),
(105, 18, 6, '2018-09-13 02:30:40', '2018-09-13 02:30:40'),
(106, 18, 5, '2018-09-13 02:31:07', '2018-09-13 02:31:07'),
(107, 18, 6, '2018-09-14 18:37:59', '2018-09-14 18:37:59'),
(108, 18, 5, '2018-09-14 18:40:33', '2018-09-14 18:40:33'),
(109, 18, 5, '2018-09-14 18:40:33', '2018-09-14 18:40:33'),
(110, 18, 5, '2018-09-14 18:40:33', '2018-09-14 18:40:33'),
(111, 16, 5, '2018-09-17 04:28:07', '2018-09-17 04:28:07'),
(112, 19, 4, '2018-09-17 07:28:39', '2018-09-17 07:28:39'),
(113, 19, 4, '2018-09-17 07:30:01', '2018-09-17 07:30:01'),
(114, 20, 4, '2018-09-27 09:13:54', '2018-09-27 09:13:54'),
(115, 20, 2, '2018-09-27 09:15:20', '2018-09-27 09:15:20'),
(116, 20, 3, '2018-09-27 09:15:49', '2018-09-27 09:15:49'),
(117, 21, 1, '2018-09-30 02:32:26', '2018-09-30 02:32:26'),
(118, 22, 2, '2018-09-30 02:53:34', '2018-09-30 02:53:34'),
(119, 22, 1, '2018-09-30 02:53:54', '2018-09-30 02:53:54'),
(120, 22, 11, '2018-09-30 02:54:49', '2018-09-30 02:54:49'),
(121, 22, 10, '2018-09-30 02:55:16', '2018-09-30 02:55:16'),
(122, 22, 2, '2018-09-30 02:55:54', '2018-09-30 02:55:54'),
(123, 22, 13, '2018-09-30 02:56:10', '2018-09-30 02:56:10'),
(124, 22, 14, '2018-09-30 02:56:29', '2018-09-30 02:56:29'),
(125, 22, 3, '2018-09-30 02:56:51', '2018-09-30 02:56:51'),
(126, 22, 4, '2018-09-30 02:57:44', '2018-09-30 02:57:44'),
(127, 22, 23, '2018-09-30 02:58:00', '2018-09-30 02:58:00'),
(128, 22, 22, '2018-09-30 02:58:55', '2018-09-30 02:58:55'),
(129, 22, 4, '2018-09-30 02:59:32', '2018-09-30 02:59:32'),
(130, 22, 5, '2018-09-30 03:00:14', '2018-09-30 03:00:14'),
(131, 22, 6, '2018-09-30 03:01:09', '2018-09-30 03:01:09'),
(132, 23, 2, '2018-10-01 04:52:30', '2018-10-01 04:52:30'),
(133, 23, 12, '2018-10-01 04:57:43', '2018-10-01 04:57:43'),
(134, 23, 3, '2018-10-01 04:59:25', '2018-10-01 04:59:25'),
(135, 23, 1, '2018-10-01 04:59:56', '2018-10-01 04:59:56'),
(136, 23, 1, '2018-10-01 05:06:52', '2018-10-01 05:06:52'),
(137, 23, 10, '2018-10-01 05:07:04', '2018-10-01 05:07:04'),
(138, 23, 1, '2018-10-01 05:09:37', '2018-10-01 05:09:37'),
(139, 23, 9, '2018-10-01 05:10:42', '2018-10-01 05:10:42'),
(140, 23, 4, '2018-10-01 05:13:21', '2018-10-01 05:13:21'),
(141, 23, 5, '2018-10-01 05:14:23', '2018-10-01 05:14:23'),
(142, 23, 6, '2018-10-01 05:14:41', '2018-10-01 05:14:41'),
(143, 23, 2, '2018-10-01 05:15:30', '2018-10-01 05:15:30'),
(144, 23, 13, '2018-10-01 05:15:51', '2018-10-01 05:15:51'),
(145, 23, 2, '2018-10-01 05:29:11', '2018-10-01 05:29:11'),
(146, 23, 2, '2018-10-01 05:44:05', '2018-10-01 05:44:05'),
(147, 23, 12, '2018-10-01 05:48:30', '2018-10-01 05:48:30'),
(148, 23, 13, '2018-10-01 05:51:16', '2018-10-01 05:51:16'),
(149, 23, 1, '2018-10-01 05:53:50', '2018-10-01 05:53:50'),
(150, 23, 8, '2018-10-01 05:54:27', '2018-10-01 05:54:27'),
(151, 23, 8, '2018-10-01 05:54:48', '2018-10-01 05:54:48'),
(152, 23, 1, '2018-10-01 05:54:58', '2018-10-01 05:54:58'),
(153, 23, 1, '2018-10-01 07:07:10', '2018-10-01 07:07:10'),
(154, 23, 8, '2018-10-01 07:10:13', '2018-10-01 07:10:13'),
(155, 23, 9, '2018-10-01 07:10:35', '2018-10-01 07:10:35'),
(156, 23, 9, '2018-10-01 07:10:53', '2018-10-01 07:10:53'),
(157, 23, 10, '2018-10-01 07:11:13', '2018-10-01 07:11:13'),
(158, 23, 2, '2018-10-01 07:15:18', '2018-10-01 07:15:18'),
(159, 23, 2, '2018-10-01 07:15:30', '2018-10-01 07:15:30'),
(160, 23, 1, '2018-10-01 07:15:59', '2018-10-01 07:15:59'),
(161, 23, 2, '2018-10-01 07:16:29', '2018-10-01 07:16:29'),
(162, 23, 4, '2018-10-01 07:25:25', '2018-10-01 07:25:25'),
(163, 23, 23, '2018-10-01 07:27:26', '2018-10-01 07:27:26'),
(164, 23, 22, '2018-10-01 07:27:40', '2018-10-01 07:27:40'),
(165, 23, 5, '2018-10-01 07:27:47', '2018-10-01 07:27:47'),
(166, 23, 6, '2018-10-01 07:28:23', '2018-10-01 07:28:23'),
(167, 23, 4, '2018-10-01 07:28:37', '2018-10-01 07:28:37'),
(168, 23, 3, '2018-10-01 07:34:35', '2018-10-01 07:34:35'),
(169, 23, 3, '2018-10-01 07:35:11', '2018-10-01 07:35:11'),
(170, 23, 16, '2018-10-01 07:35:14', '2018-10-01 07:35:14'),
(171, 23, 17, '2018-10-01 07:35:43', '2018-10-01 07:35:43'),
(172, 23, 20, '2018-10-01 07:35:58', '2018-10-01 07:35:58'),
(173, 23, 5, '2018-10-01 07:37:03', '2018-10-01 07:37:03'),
(174, 23, 1, '2018-10-01 07:37:59', '2018-10-01 07:37:59'),
(175, 23, 2, '2018-10-02 04:18:07', '2018-10-02 04:18:07'),
(176, 23, 14, '2018-10-02 04:18:56', '2018-10-02 04:18:56'),
(177, 23, 13, '2018-10-02 04:19:53', '2018-10-02 04:19:53'),
(178, 23, 12, '2018-10-02 04:29:57', '2018-10-02 04:29:57'),
(179, 23, 2, '2018-10-02 04:35:55', '2018-10-02 04:35:55'),
(180, 23, 12, '2018-10-02 04:36:48', '2018-10-02 04:36:48'),
(181, 23, 14, '2018-10-02 04:50:51', '2018-10-02 04:50:51'),
(182, 23, 12, '2018-10-02 06:58:09', '2018-10-02 06:58:09'),
(183, 23, 2, '2018-10-02 07:08:54', '2018-10-02 07:08:54'),
(184, 23, 12, '2018-10-02 07:09:29', '2018-10-02 07:09:29'),
(185, 23, 12, '2018-10-02 07:09:43', '2018-10-02 07:09:43'),
(186, 23, 13, '2018-10-02 07:16:22', '2018-10-02 07:16:22'),
(187, 23, 13, '2018-10-02 07:16:31', '2018-10-02 07:16:31'),
(188, 23, 2, '2018-10-02 07:24:55', '2018-10-02 07:24:55'),
(189, 23, 13, '2018-10-02 07:28:51', '2018-10-02 07:28:51'),
(190, 23, 6, '2018-10-02 07:44:20', '2018-10-02 07:44:20'),
(191, 23, 5, '2018-10-02 07:44:40', '2018-10-02 07:44:40'),
(192, 24, 4, '2018-10-02 10:59:25', '2018-10-02 10:59:25'),
(193, 24, 4, '2018-10-02 10:59:43', '2018-10-02 10:59:43'),
(194, 24, 5, '2018-10-02 11:04:00', '2018-10-02 11:04:00'),
(195, 24, 5, '2018-10-02 11:04:00', '2018-10-02 11:04:00'),
(196, 24, 6, '2018-10-02 11:04:18', '2018-10-02 11:04:18'),
(197, 24, 6, '2018-10-02 11:04:20', '2018-10-02 11:04:20'),
(198, 25, 2, '2018-10-20 05:42:37', '2018-10-20 05:42:37'),
(199, 25, 15, '2018-10-20 05:43:34', '2018-10-20 05:43:34'),
(200, 26, 1, '2018-10-28 01:24:41', '2018-10-28 01:24:41'),
(201, 26, 11, '2018-10-28 01:25:30', '2018-10-28 01:25:30'),
(202, 26, 1, '2018-10-28 01:25:56', '2018-10-28 01:25:56'),
(203, 30, 2, '2018-11-13 20:44:46', '2018-11-13 20:44:46'),
(204, 30, 5, '2018-11-13 20:45:17', '2018-11-13 20:45:17'),
(205, 32, 2, '2018-11-17 20:29:53', '2018-11-17 20:29:53'),
(206, 32, 12, '2018-11-17 20:32:18', '2018-11-17 20:32:18'),
(207, 32, 14, '2018-11-17 20:33:00', '2018-11-17 20:33:00'),
(208, 33, 1, '2018-11-20 18:53:47', '2018-11-20 18:53:47'),
(209, 33, 2, '2018-11-20 18:54:22', '2018-11-20 18:54:22'),
(210, 33, 1, '2018-11-20 18:55:06', '2018-11-20 18:55:06'),
(211, 33, 2, '2018-11-20 18:56:28', '2018-11-20 18:56:28'),
(212, 33, 3, '2018-11-20 18:56:46', '2018-11-20 18:56:46'),
(213, 33, 4, '2018-11-20 18:58:00', '2018-11-20 18:58:00'),
(214, 33, 5, '2018-11-20 18:58:23', '2018-11-20 18:58:23'),
(215, 33, 6, '2018-11-20 18:59:16', '2018-11-20 18:59:16'),
(216, 33, 1, '2018-11-20 18:59:52', '2018-11-20 18:59:52'),
(217, 34, 8, '2018-11-20 23:13:07', '2018-11-20 23:13:07'),
(218, 5, 7, '2018-11-21 21:32:46', '2018-11-21 21:32:46'),
(219, 5, 7, '2018-11-21 21:36:12', '2018-11-21 21:36:12'),
(220, 5, 7, '2018-11-21 21:37:21', '2018-11-21 21:37:21'),
(221, 36, 1, '2018-11-24 22:53:16', '2018-11-24 22:53:16'),
(222, 36, 7, '2018-11-24 22:54:26', '2018-11-24 22:54:26'),
(223, 36, 6, '2018-11-24 22:57:21', '2018-11-24 22:57:21'),
(224, 36, 3, '2018-11-24 22:57:45', '2018-11-24 22:57:45'),
(225, 36, 16, '2018-11-24 22:59:00', '2018-11-24 22:59:00'),
(226, 36, 3, '2018-11-25 09:16:51', '2018-11-25 09:16:51'),
(227, 36, 16, '2018-11-25 09:18:05', '2018-11-25 09:18:05'),
(228, 36, 2, '2018-11-25 09:19:35', '2018-11-25 09:19:35'),
(229, 38, 1, '2018-11-25 13:28:45', '2018-11-25 13:28:45'),
(230, 38, 4, '2018-11-25 13:33:36', '2018-11-25 13:33:36'),
(231, 39, 2, '2018-11-28 03:29:53', '2018-11-28 03:29:53'),
(232, 39, 5, '2018-11-28 03:30:53', '2018-11-28 03:30:53'),
(233, 39, 1, '2018-11-28 03:32:52', '2018-11-28 03:32:52'),
(234, 39, 1, '2018-11-28 03:35:54', '2018-11-28 03:35:54'),
(235, 39, 9, '2018-11-28 03:36:17', '2018-11-28 03:36:17'),
(236, 39, 6, '2018-11-28 03:37:05', '2018-11-28 03:37:05'),
(237, 39, 5, '2018-11-28 03:37:34', '2018-11-28 03:37:34'),
(238, 39, 7, '2018-11-28 05:09:00', '2018-11-28 05:09:00'),
(239, 39, 1, '2018-11-28 05:10:01', '2018-11-28 05:10:01'),
(240, 39, 10, '2018-11-28 05:12:08', '2018-11-28 05:12:08'),
(241, 39, 8, '2018-11-28 05:13:23', '2018-11-28 05:13:23'),
(242, 39, 11, '2018-11-28 05:14:39', '2018-11-28 05:14:39'),
(243, 39, 1, '2018-11-28 05:15:32', '2018-11-28 05:15:32'),
(244, 39, 2, '2018-11-28 05:16:30', '2018-11-28 05:16:30'),
(245, 39, 2, '2018-11-28 05:16:54', '2018-11-28 05:16:54'),
(246, 39, 12, '2018-11-28 05:17:45', '2018-11-28 05:17:45'),
(247, 39, 13, '2018-11-28 05:19:38', '2018-11-28 05:19:38'),
(248, 39, 15, '2018-11-28 05:20:08', '2018-11-28 05:20:08'),
(249, 39, 3, '2018-11-28 05:20:46', '2018-11-28 05:20:46'),
(250, 39, 21, '2018-11-28 05:22:18', '2018-11-28 05:22:18'),
(251, 39, 20, '2018-11-28 05:23:03', '2018-11-28 05:23:03'),
(252, 39, 17, '2018-11-28 05:23:31', '2018-11-28 05:23:31'),
(253, 39, 4, '2018-11-28 05:24:21', '2018-11-28 05:24:21'),
(254, 39, 5, '2018-11-28 05:24:51', '2018-11-28 05:24:51'),
(255, 39, 5, '2018-11-28 05:26:00', '2018-11-28 05:26:00'),
(256, 39, 6, '2018-11-28 05:27:12', '2018-11-28 05:27:12'),
(257, 39, 7, '2018-11-28 05:27:48', '2018-11-28 05:27:48'),
(258, 39, 1, '2018-11-28 05:28:28', '2018-11-28 05:28:28'),
(259, 39, 9, '2018-11-28 05:29:47', '2018-11-28 05:29:47'),
(260, 39, 8, '2018-11-28 05:30:58', '2018-11-28 05:30:58'),
(261, 40, 2, '2018-11-30 21:01:02', '2018-11-30 21:01:02'),
(262, 40, 1, '2018-11-30 21:01:44', '2018-11-30 21:01:44'),
(263, 40, 3, '2018-11-30 21:02:15', '2018-11-30 21:02:15'),
(264, 40, 4, '2018-11-30 21:03:07', '2018-11-30 21:03:07'),
(265, 40, 5, '2018-11-30 21:03:22', '2018-11-30 21:03:22'),
(266, 40, 6, '2018-11-30 21:03:35', '2018-11-30 21:03:35'),
(267, 40, 7, '2018-11-30 21:06:49', '2018-11-30 21:06:49'),
(268, 41, 7, '2018-12-01 05:40:45', '2018-12-01 05:40:45'),
(269, 41, 1, '2018-12-01 05:41:37', '2018-12-01 05:41:37'),
(270, 41, 2, '2018-12-01 05:43:12', '2018-12-01 05:43:12'),
(271, 41, 3, '2018-12-01 05:43:43', '2018-12-01 05:43:43'),
(272, 41, 4, '2018-12-01 05:44:26', '2018-12-01 05:44:26'),
(273, 39, 1, '2018-12-04 19:35:18', '2018-12-04 19:35:18'),
(274, 39, 2, '2018-12-04 19:36:13', '2018-12-04 19:36:13'),
(275, 39, 7, '2018-12-04 19:36:39', '2018-12-04 19:36:39'),
(276, 39, 3, '2018-12-04 19:38:43', '2018-12-04 19:38:43'),
(277, 39, 1, '2018-12-04 19:39:37', '2018-12-04 19:39:37'),
(278, 39, 5, '2018-12-04 19:40:49', '2018-12-04 19:40:49'),
(279, 39, 6, '2018-12-04 19:42:23', '2018-12-04 19:42:23'),
(280, 39, 7, '2018-12-04 19:43:10', '2018-12-04 19:43:10'),
(281, 39, 7, '2018-12-04 19:43:28', '2018-12-04 19:43:28'),
(282, 39, 7, '2018-12-04 19:45:23', '2018-12-04 19:45:23'),
(283, 44, 7, '2018-12-07 00:57:22', '2018-12-07 00:57:22'),
(284, 44, 4, '2018-12-07 00:57:45', '2018-12-07 00:57:45'),
(285, 45, 2, '2018-12-11 00:32:10', '2018-12-11 00:32:10'),
(286, 46, 1, '2018-12-17 09:30:38', '2018-12-17 09:30:38'),
(287, 46, 1, '2018-12-17 09:31:01', '2018-12-17 09:31:01'),
(288, 46, 2, '2018-12-17 09:31:11', '2018-12-17 09:31:11'),
(289, 46, 3, '2018-12-17 09:31:30', '2018-12-17 09:31:30'),
(290, 46, 4, '2018-12-17 09:32:08', '2018-12-17 09:32:08'),
(291, 46, 5, '2018-12-17 09:32:38', '2018-12-17 09:32:38'),
(292, 46, 6, '2018-12-17 09:33:12', '2018-12-17 09:33:12'),
(293, 46, 7, '2018-12-17 09:33:34', '2018-12-17 09:33:34'),
(294, 47, 1, '2018-12-20 02:34:21', '2018-12-20 02:34:21'),
(295, 47, 3, '2018-12-20 02:35:41', '2018-12-20 02:35:41'),
(296, 47, 7, '2018-12-20 02:36:57', '2018-12-20 02:36:57'),
(297, 47, 6, '2018-12-20 02:38:00', '2018-12-20 02:38:00'),
(298, 47, 4, '2018-12-20 02:38:33', '2018-12-20 02:38:33'),
(299, 47, 4, '2018-12-20 02:38:52', '2018-12-20 02:38:52'),
(300, 47, 5, '2018-12-20 02:40:22', '2018-12-20 02:40:22'),
(301, 47, 5, '2018-12-20 02:40:48', '2018-12-20 02:40:48'),
(302, 21, 7, '2018-12-22 03:28:23', '2018-12-22 03:28:23'),
(303, 48, 4, '2018-12-23 22:43:32', '2018-12-23 22:43:32'),
(304, 48, 22, '2018-12-23 22:45:57', '2018-12-23 22:45:57'),
(305, 48, 23, '2018-12-23 22:48:14', '2018-12-23 22:48:14'),
(306, 48, 7, '2018-12-23 22:50:23', '2018-12-23 22:50:23'),
(307, 48, 1, '2018-12-23 22:51:48', '2018-12-23 22:51:48'),
(308, 49, 4, '2018-12-25 05:04:41', '2018-12-25 05:04:41'),
(309, 49, 23, '2018-12-25 05:07:00', '2018-12-25 05:07:00'),
(310, 49, 22, '2018-12-25 05:11:15', '2018-12-25 05:11:15'),
(311, 39, 3, '2018-12-26 07:20:23', '2018-12-26 07:20:23'),
(312, 39, 20, '2018-12-26 07:22:01', '2018-12-26 07:22:01'),
(313, 39, 19, '2018-12-26 07:23:34', '2018-12-26 07:23:34'),
(314, 39, 3, '2018-12-26 07:25:10', '2018-12-26 07:25:10'),
(315, 39, 1, '2018-12-26 07:26:05', '2018-12-26 07:26:05'),
(316, 39, 9, '2018-12-26 07:27:34', '2018-12-26 07:27:34'),
(317, 39, 8, '2018-12-26 07:28:23', '2018-12-26 07:28:23'),
(318, 39, 7, '2018-12-26 07:29:11', '2018-12-26 07:29:11'),
(319, 39, 7, '2018-12-28 23:44:56', '2018-12-28 23:44:56'),
(320, 39, 6, '2018-12-28 23:46:22', '2018-12-28 23:46:22'),
(321, 39, 5, '2018-12-28 23:47:59', '2018-12-28 23:47:59'),
(322, 39, 4, '2018-12-28 23:49:01', '2018-12-28 23:49:01'),
(323, 39, 23, '2018-12-28 23:50:15', '2018-12-28 23:50:15'),
(324, 39, 1, '2018-12-28 23:51:16', '2018-12-28 23:51:16'),
(325, 39, 8, '2018-12-28 23:52:45', '2018-12-28 23:52:45'),
(326, 39, 9, '2018-12-28 23:53:36', '2018-12-28 23:53:36'),
(327, 39, 10, '2018-12-28 23:54:36', '2018-12-28 23:54:36'),
(328, 39, 1, '2018-12-28 23:55:48', '2018-12-28 23:55:48'),
(329, 39, 2, '2018-12-28 23:57:46', '2018-12-28 23:57:46'),
(330, 39, 13, '2018-12-28 23:58:56', '2018-12-28 23:58:56'),
(331, 39, 7, '2018-12-28 23:59:46', '2018-12-28 23:59:46'),
(332, 39, 3, '2018-12-29 00:00:38', '2018-12-29 00:00:38'),
(333, 39, 21, '2018-12-29 00:01:18', '2018-12-29 00:01:18'),
(334, 50, 7, '2019-01-01 05:11:58', '2019-01-01 05:11:58'),
(335, 50, 2, '2019-01-01 05:40:54', '2019-01-01 05:40:54'),
(336, 50, 7, '2019-01-01 05:48:19', '2019-01-01 05:48:19'),
(337, 51, 7, '2019-01-02 00:48:47', '2019-01-02 00:48:47'),
(338, 51, 4, '2019-01-02 00:49:28', '2019-01-02 00:49:28'),
(339, 51, 5, '2019-01-02 00:49:57', '2019-01-02 00:49:57'),
(340, 51, 1, '2019-01-02 00:52:03', '2019-01-02 00:52:03'),
(341, 51, 2, '2019-01-02 00:52:40', '2019-01-02 00:52:40'),
(342, 52, 1, '2019-01-02 06:38:48', '2019-01-02 06:38:48'),
(343, 52, 2, '2019-01-02 06:41:14', '2019-01-02 06:41:14'),
(344, 53, 7, '2019-01-02 20:36:19', '2019-01-02 20:36:19'),
(345, 53, 7, '2019-01-02 20:40:14', '2019-01-02 20:40:14'),
(346, 54, 1, '2019-01-03 01:04:29', '2019-01-03 01:04:29'),
(347, 54, 2, '2019-01-03 01:07:45', '2019-01-03 01:07:45'),
(348, 39, 7, '2019-01-09 07:50:25', '2019-01-09 07:50:25'),
(349, 39, 1, '2019-01-09 07:51:33', '2019-01-09 07:51:33'),
(350, 39, 9, '2019-01-09 07:55:40', '2019-01-09 07:55:40'),
(351, 39, 10, '2019-01-09 07:56:54', '2019-01-09 07:56:54'),
(352, 39, 1, '2019-01-09 07:58:21', '2019-01-09 07:58:21'),
(353, 56, 7, '2019-01-12 00:36:03', '2019-01-12 00:36:03'),
(354, 56, 1, '2019-01-12 00:46:55', '2019-01-12 00:46:55'),
(355, 56, 2, '2019-01-12 00:50:20', '2019-01-12 00:50:20'),
(356, 56, 7, '2019-01-12 00:51:49', '2019-01-12 00:51:49'),
(357, 56, 3, '2019-01-12 00:54:43', '2019-01-12 00:54:43'),
(358, 56, 4, '2019-01-12 00:56:15', '2019-01-12 00:56:15'),
(359, 56, 5, '2019-01-12 00:57:02', '2019-01-12 00:57:02'),
(360, 56, 6, '2019-01-12 00:58:09', '2019-01-12 00:58:09'),
(361, 56, 7, '2019-01-12 00:58:47', '2019-01-12 00:58:47'),
(362, 57, 7, '2019-01-14 03:22:05', '2019-01-14 03:22:05'),
(363, 57, 7, '2019-01-14 03:22:58', '2019-01-14 03:22:58'),
(364, 57, 1, '2019-01-14 03:23:22', '2019-01-14 03:23:22'),
(365, 57, 2, '2019-01-14 03:24:34', '2019-01-14 03:24:34'),
(366, 57, 3, '2019-01-14 03:26:45', '2019-01-14 03:26:45'),
(367, 57, 5, '2019-01-14 03:27:25', '2019-01-14 03:27:25'),
(368, 57, 6, '2019-01-14 03:28:05', '2019-01-14 03:28:05'),
(369, 57, 2, '2019-01-14 03:42:46', '2019-01-14 03:42:46'),
(370, 57, 15, '2019-01-14 03:43:07', '2019-01-14 03:43:07'),
(371, 57, 2, '2019-01-14 03:49:23', '2019-01-14 03:49:23'),
(372, 57, 14, '2019-01-14 03:49:35', '2019-01-14 03:49:35'),
(373, 57, 13, '2019-01-14 04:15:57', '2019-01-14 04:15:57'),
(374, 57, 15, '2019-01-14 04:16:07', '2019-01-14 04:16:07'),
(375, 57, 6, '2019-01-14 04:19:53', '2019-01-14 04:19:53'),
(376, 57, 5, '2019-01-14 04:20:14', '2019-01-14 04:20:14'),
(377, 57, 2, '2019-01-14 04:20:36', '2019-01-14 04:20:36'),
(378, 57, 13, '2019-01-14 04:21:00', '2019-01-14 04:21:00'),
(379, 56, 7, '2019-01-15 19:55:19', '2019-01-15 19:55:19'),
(380, 58, 7, '2019-01-17 19:56:57', '2019-01-17 19:56:57'),
(381, 58, 4, '2019-01-17 19:58:31', '2019-01-17 19:58:31'),
(382, 59, 7, '2019-01-19 07:36:54', '2019-01-19 07:36:54'),
(383, 59, 7, '2019-01-19 07:41:55', '2019-01-19 07:41:55'),
(384, 62, 7, '2019-01-19 16:44:35', '2019-01-19 16:44:35'),
(385, 62, 7, '2019-01-19 16:44:54', '2019-01-19 16:44:54'),
(386, 62, 1, '2019-01-19 16:46:13', '2019-01-19 16:46:13'),
(387, 63, 7, '2019-01-22 23:19:59', '2019-01-22 23:19:59'),
(388, 63, 1, '2019-01-22 23:20:15', '2019-01-22 23:20:15'),
(389, 63, 2, '2019-01-22 23:21:54', '2019-01-22 23:21:54'),
(390, 63, 7, '2019-01-22 23:22:38', '2019-01-22 23:22:38'),
(391, 63, 7, '2019-01-22 23:24:56', '2019-01-22 23:24:56'),
(392, 63, 2, '2019-01-22 23:25:10', '2019-01-22 23:25:10'),
(393, 63, 15, '2019-01-22 23:25:58', '2019-01-22 23:25:58'),
(394, 64, 7, '2019-01-24 00:35:53', '2019-01-24 00:35:53'),
(395, 66, 7, '2019-01-24 05:42:41', '2019-01-24 05:42:41'),
(396, 67, 7, '2019-01-25 09:22:40', '2019-01-25 09:22:40'),
(397, 67, 2, '2019-01-25 09:25:31', '2019-01-25 09:25:31'),
(398, 67, 2, '2019-01-25 09:25:46', '2019-01-25 09:25:46'),
(399, 67, 7, '2019-01-26 09:17:47', '2019-01-26 09:17:47'),
(400, 67, 7, '2019-01-26 09:18:24', '2019-01-26 09:18:24'),
(401, 67, 1, '2019-01-26 09:18:34', '2019-01-26 09:18:34'),
(402, 67, 7, '2019-01-26 09:19:52', '2019-01-26 09:19:52'),
(403, 69, 23, '2019-02-02 01:06:27', '2019-02-02 01:06:27'),
(404, 69, 23, '2019-02-02 01:17:29', '2019-02-02 01:17:29'),
(405, 70, 3, '2019-02-02 10:59:53', '2019-02-02 10:59:53'),
(406, 70, 3, '2019-02-02 11:03:12', '2019-02-02 11:03:12'),
(407, 70, 16, '2019-02-02 11:04:33', '2019-02-02 11:04:33'),
(408, 70, 7, '2019-02-02 11:07:26', '2019-02-02 11:07:26'),
(409, 70, 6, '2019-02-02 11:09:11', '2019-02-02 11:09:11'),
(410, 70, 2, '2019-02-02 11:09:20', '2019-02-02 11:09:20'),
(411, 72, 4, '2019-02-02 23:37:36', '2019-02-02 23:37:36'),
(412, 75, 4, '2019-02-07 20:03:41', '2019-02-07 20:03:41'),
(413, 76, 7, '2019-02-13 01:41:18', '2019-02-13 01:41:18'),
(414, 76, 7, '2019-02-13 01:41:54', '2019-02-13 01:41:54'),
(415, 76, 7, '2019-02-13 07:28:47', '2019-02-13 07:28:47'),
(416, 77, 7, '2019-02-16 22:19:11', '2019-02-16 22:19:11'),
(417, 77, 7, '2019-02-16 22:19:58', '2019-02-16 22:19:58'),
(418, 77, 6, '2019-02-16 22:20:15', '2019-02-16 22:20:15'),
(419, 77, 7, '2019-02-16 22:21:21', '2019-02-16 22:21:21'),
(420, 77, 2, '2019-02-16 22:21:57', '2019-02-16 22:21:57'),
(421, 78, 4, '2019-02-19 09:43:45', '2019-02-19 09:43:45'),
(422, 78, 23, '2019-02-19 09:45:16', '2019-02-19 09:45:16'),
(423, 78, 22, '2019-02-19 09:45:28', '2019-02-19 09:45:28'),
(424, 78, 4, '2019-02-19 09:45:38', '2019-02-19 09:45:38'),
(425, 78, 4, '2019-02-19 09:46:55', '2019-02-19 09:46:55'),
(426, 78, 2, '2019-02-19 09:47:31', '2019-02-19 09:47:31'),
(427, 79, 4, '2019-02-21 05:00:20', '2019-02-21 05:00:20'),
(428, 75, 4, '2019-02-21 06:22:07', '2019-02-21 06:22:07'),
(429, 80, 7, '2019-02-24 02:15:34', '2019-02-24 02:15:34'),
(430, 80, 7, '2019-02-24 02:16:48', '2019-02-24 02:16:48'),
(431, 81, 1, '2019-02-25 02:38:19', '2019-02-25 02:38:19'),
(432, 82, 7, '2019-02-28 09:33:58', '2019-02-28 09:33:58'),
(433, 82, 7, '2019-02-28 09:34:30', '2019-02-28 09:34:30'),
(434, 82, 6, '2019-02-28 09:35:27', '2019-02-28 09:35:27'),
(435, 83, 7, '2019-03-03 23:05:12', '2019-03-03 23:05:12'),
(436, 83, 7, '2019-03-03 23:08:38', '2019-03-03 23:08:38'),
(437, 83, 7, '2019-03-03 23:10:03', '2019-03-03 23:10:03'),
(438, 85, 6, '2019-03-07 18:54:48', '2019-03-07 18:54:48'),
(439, 85, 2, '2019-03-07 18:55:31', '2019-03-07 18:55:31'),
(440, 86, 7, '2019-03-07 19:54:02', '2019-03-07 19:54:02'),
(441, 86, 6, '2019-03-07 19:55:44', '2019-03-07 19:55:44'),
(442, 86, 2, '2019-03-07 19:56:48', '2019-03-07 19:56:48'),
(443, 86, 1, '2019-03-07 19:57:18', '2019-03-07 19:57:18'),
(444, 86, 3, '2019-03-07 20:00:54', '2019-03-07 20:00:54'),
(445, 86, 4, '2019-03-07 20:02:21', '2019-03-07 20:02:21'),
(446, 86, 5, '2019-03-07 20:04:51', '2019-03-07 20:04:51'),
(447, 86, 6, '2019-03-07 20:06:28', '2019-03-07 20:06:28'),
(448, 86, 7, '2019-03-07 20:09:16', '2019-03-07 20:09:16'),
(449, 88, 3, '2019-03-10 07:03:41', '2019-03-10 07:03:41'),
(450, 88, 17, '2019-03-10 07:04:09', '2019-03-10 07:04:09'),
(451, 88, 2, '2019-03-10 07:04:33', '2019-03-10 07:04:33'),
(452, 88, 15, '2019-03-10 07:04:56', '2019-03-10 07:04:56'),
(453, 88, 4, '2019-03-10 07:05:29', '2019-03-10 07:05:29'),
(454, 88, 23, '2019-03-10 07:05:57', '2019-03-10 07:05:57'),
(455, 88, 22, '2019-03-10 07:07:08', '2019-03-10 07:07:08'),
(456, 90, 7, '2019-03-13 06:07:19', '2019-03-13 06:07:19'),
(457, 90, 7, '2019-03-13 06:07:59', '2019-03-13 06:07:59'),
(458, 90, 2, '2019-03-13 06:08:12', '2019-03-13 06:08:12'),
(459, 90, 13, '2019-03-13 06:09:09', '2019-03-13 06:09:09'),
(460, 90, 6, '2019-03-13 06:10:11', '2019-03-13 06:10:11'),
(461, 90, 2, '2019-03-13 06:11:01', '2019-03-13 06:11:01'),
(462, 90, 13, '2019-03-13 06:11:27', '2019-03-13 06:11:27'),
(463, 90, 4, '2019-03-13 06:12:03', '2019-03-13 06:12:03'),
(464, 90, 7, '2019-03-13 06:14:43', '2019-03-13 06:14:43'),
(465, 90, 1, '2019-03-13 06:16:17', '2019-03-13 06:16:17'),
(466, 91, 7, '2019-03-24 08:00:13', '2019-03-24 08:00:13'),
(467, 91, 7, '2019-03-24 08:01:00', '2019-03-24 08:01:00'),
(468, 91, 1, '2019-03-24 08:01:18', '2019-03-24 08:01:18'),
(469, 91, 2, '2019-03-24 08:05:06', '2019-03-24 08:05:06'),
(470, 91, 3, '2019-03-24 08:06:07', '2019-03-24 08:06:07'),
(471, 91, 4, '2019-03-24 08:06:53', '2019-03-24 08:06:53'),
(472, 91, 2, '2019-03-24 08:08:04', '2019-03-24 08:08:04'),
(473, 91, 1, '2019-03-24 08:08:14', '2019-03-24 08:08:14'),
(474, 91, 7, '2019-03-24 08:09:32', '2019-03-24 08:09:32'),
(475, 92, 7, '2019-03-26 23:11:24', '2019-03-26 23:11:24'),
(476, 92, 1, '2019-03-26 23:11:58', '2019-03-26 23:11:58'),
(477, 92, 1, '2019-03-26 23:17:33', '2019-03-26 23:17:33'),
(478, 92, 2, '2019-03-26 23:17:54', '2019-03-26 23:17:54'),
(479, 92, 3, '2019-03-26 23:18:23', '2019-03-26 23:18:23'),
(480, 92, 4, '2019-03-26 23:20:28', '2019-03-26 23:20:28'),
(481, 92, 6, '2019-03-26 23:21:12', '2019-03-26 23:21:12'),
(482, 92, 5, '2019-03-26 23:21:56', '2019-03-26 23:21:56'),
(483, 92, 7, '2019-03-26 23:22:36', '2019-03-26 23:22:36'),
(484, 93, 4, '2019-03-27 23:48:37', '2019-03-27 23:48:37'),
(485, 93, 5, '2019-03-27 23:50:10', '2019-03-27 23:50:10'),
(486, 93, 6, '2019-03-27 23:51:10', '2019-03-27 23:51:10'),
(487, 93, 7, '2019-03-27 23:53:20', '2019-03-27 23:53:20'),
(488, 58, 2, '2019-03-28 05:46:36', '2019-03-28 05:46:36'),
(489, 58, 2, '2019-03-28 05:56:36', '2019-03-28 05:56:36'),
(490, 58, 7, '2019-03-28 05:56:56', '2019-03-28 05:56:56'),
(491, 58, 1, '2019-03-28 05:58:28', '2019-03-28 05:58:28'),
(492, 58, 3, '2019-03-28 05:59:39', '2019-03-28 05:59:39'),
(493, 58, 2, '2019-03-28 06:00:39', '2019-03-28 06:00:39'),
(494, 58, 7, '2019-03-28 06:13:46', '2019-03-28 06:13:46'),
(495, 58, 2, '2019-03-28 06:15:45', '2019-03-28 06:15:45'),
(496, 58, 7, '2019-03-28 09:09:35', '2019-03-28 09:09:35'),
(497, 58, 3, '2019-03-28 09:13:53', '2019-03-28 09:13:53'),
(498, 94, 7, '2019-03-28 22:09:05', '2019-03-28 22:09:05'),
(499, 94, 1, '2019-03-28 22:09:24', '2019-03-28 22:09:24'),
(500, 94, 5, '2019-03-28 22:09:41', '2019-03-28 22:09:41'),
(501, 94, 17, '2019-03-28 22:09:48', '2019-03-28 22:09:48'),
(502, 94, 4, '2019-03-28 22:09:54', '2019-03-28 22:09:54'),
(503, 94, 6, '2019-03-28 22:09:59', '2019-03-28 22:09:59'),
(504, 94, 7, '2019-03-28 22:10:28', '2019-03-28 22:10:28'),
(505, 94, 6, '2019-03-28 22:11:07', '2019-03-28 22:11:07'),
(506, 94, 2, '2019-03-28 22:11:17', '2019-03-28 22:11:17'),
(507, 94, 10, '2019-03-28 22:12:27', '2019-03-28 22:12:27'),
(508, 94, 11, '2019-03-28 22:12:54', '2019-03-28 22:12:54'),
(509, 94, 12, '2019-03-28 22:13:32', '2019-03-28 22:13:32'),
(510, 94, 13, '2019-03-28 22:13:47', '2019-03-28 22:13:47'),
(511, 94, 14, '2019-03-28 22:14:01', '2019-03-28 22:14:01'),
(512, 94, 15, '2019-03-28 22:14:24', '2019-03-28 22:14:24'),
(513, 94, 6, '2019-03-28 22:14:50', '2019-03-28 22:14:50'),
(514, 94, 16, '2019-03-28 22:15:44', '2019-03-28 22:15:44'),
(515, 94, 17, '2019-03-28 22:16:02', '2019-03-28 22:16:02'),
(516, 94, 19, '2019-03-28 22:16:35', '2019-03-28 22:16:35'),
(517, 94, 20, '2019-03-28 22:16:56', '2019-03-28 22:16:56'),
(518, 94, 21, '2019-03-28 22:17:30', '2019-03-28 22:17:30'),
(519, 94, 2, '2019-03-28 22:17:59', '2019-03-28 22:17:59'),
(520, 94, 5, '2019-03-28 22:18:01', '2019-03-28 22:18:01'),
(521, 94, 7, '2019-03-28 22:19:03', '2019-03-28 22:19:03'),
(522, 94, 13, '2019-03-28 22:19:25', '2019-03-28 22:19:25'),
(523, 94, 7, '2019-03-28 22:19:41', '2019-03-28 22:19:41'),
(524, 94, 5, '2019-03-28 22:23:28', '2019-03-28 22:23:28'),
(525, 95, 6, '2019-03-31 01:16:55', '2019-03-31 01:16:55'),
(526, 95, 6, '2019-03-31 01:18:58', '2019-03-31 01:18:58'),
(527, 95, 1, '2019-03-31 01:20:18', '2019-03-31 01:20:18'),
(528, 95, 4, '2019-03-31 01:20:31', '2019-03-31 01:20:31'),
(529, 95, 6, '2019-03-31 01:21:28', '2019-03-31 01:21:28'),
(530, 95, 7, '2019-03-31 01:21:40', '2019-03-31 01:21:40'),
(531, 95, 1, '2019-03-31 01:21:51', '2019-03-31 01:21:51'),
(532, 95, 5, '2019-03-31 01:22:17', '2019-03-31 01:22:17'),
(533, 95, 5, '2019-03-31 03:12:54', '2019-03-31 03:12:54'),
(534, 95, 6, '2019-03-31 03:13:54', '2019-03-31 03:13:54'),
(535, 95, 5, '2019-03-31 03:14:18', '2019-03-31 03:14:18'),
(536, 95, 1, '2019-03-31 03:14:37', '2019-03-31 03:14:37'),
(537, 95, 6, '2019-03-31 03:14:50', '2019-03-31 03:14:50'),
(538, 95, 4, '2019-03-31 03:15:04', '2019-03-31 03:15:04'),
(539, 95, 3, '2019-03-31 03:15:26', '2019-03-31 03:15:26'),
(540, 95, 1, '2019-03-31 03:16:04', '2019-03-31 03:16:04'),
(541, 95, 2, '2019-03-31 03:16:13', '2019-03-31 03:16:13'),
(542, 95, 7, '2019-03-31 03:16:30', '2019-03-31 03:16:30'),
(543, 95, 5, '2019-03-31 03:16:42', '2019-03-31 03:16:42'),
(544, 96, 23, '2019-03-31 23:19:04', '2019-03-31 23:19:04'),
(545, 96, 22, '2019-03-31 23:19:58', '2019-03-31 23:19:58'),
(546, 96, 5, '2019-03-31 23:21:47', '2019-03-31 23:21:47'),
(547, 96, 22, '2019-03-31 23:23:14', '2019-03-31 23:23:14'),
(548, 96, 22, '2019-03-31 23:23:33', '2019-03-31 23:23:33'),
(549, 96, 23, '2019-03-31 23:23:35', '2019-03-31 23:23:35'),
(550, 96, 5, '2019-03-31 23:24:00', '2019-03-31 23:24:00'),
(551, 96, 6, '2019-03-31 23:25:42', '2019-03-31 23:25:42'),
(552, 96, 7, '2019-03-31 23:25:59', '2019-03-31 23:25:59'),
(553, 96, 7, '2019-03-31 23:26:38', '2019-03-31 23:26:38'),
(554, 96, 3, '2019-03-31 23:27:03', '2019-03-31 23:27:03'),
(555, 96, 21, '2019-03-31 23:27:13', '2019-03-31 23:27:13'),
(556, 97, 5, '2019-04-02 19:56:32', '2019-04-02 19:56:32'),
(557, 97, 6, '2019-04-02 19:57:40', '2019-04-02 19:57:40'),
(558, 97, 5, '2019-04-02 19:58:42', '2019-04-02 19:58:42'),
(559, 97, 4, '2019-04-02 19:59:20', '2019-04-02 19:59:20'),
(560, 97, 3, '2019-04-02 19:59:52', '2019-04-02 19:59:52'),
(561, 97, 2, '2019-04-02 20:00:23', '2019-04-02 20:00:23'),
(562, 97, 1, '2019-04-02 20:00:56', '2019-04-02 20:00:56'),
(563, 97, 1, '2019-04-02 20:08:34', '2019-04-02 20:08:34'),
(564, 97, 2, '2019-04-02 20:09:44', '2019-04-02 20:09:44'),
(565, 97, 4, '2019-04-02 20:10:23', '2019-04-02 20:10:23'),
(566, 97, 5, '2019-04-02 20:11:30', '2019-04-02 20:11:30'),
(567, 97, 6, '2019-04-02 20:11:53', '2019-04-02 20:11:53'),
(568, 98, 7, '2019-04-03 10:02:07', '2019-04-03 10:02:07'),
(569, 98, 7, '2019-04-03 10:03:43', '2019-04-03 10:03:43'),
(570, 98, 1, '2019-04-03 10:04:00', '2019-04-03 10:04:00'),
(571, 98, 5, '2019-04-03 10:07:27', '2019-04-03 10:07:27'),
(572, 98, 5, '2019-04-03 10:07:44', '2019-04-03 10:07:44'),
(573, 98, 6, '2019-04-03 10:08:15', '2019-04-03 10:08:15'),
(574, 98, 4, '2019-04-03 10:08:33', '2019-04-03 10:08:33'),
(575, 98, 3, '2019-04-03 10:08:54', '2019-04-03 10:08:54'),
(576, 98, 2, '2019-04-03 10:10:20', '2019-04-03 10:10:20'),
(577, 98, 4, '2019-04-03 10:11:27', '2019-04-03 10:11:27'),
(578, 98, 4, '2019-04-03 10:11:37', '2019-04-03 10:11:37'),
(579, 98, 3, '2019-04-03 10:11:42', '2019-04-03 10:11:42'),
(580, 98, 1, '2019-04-03 10:12:11', '2019-04-03 10:12:11'),
(581, 98, 7, '2019-04-03 10:13:12', '2019-04-03 10:13:12'),
(582, 98, 7, '2019-04-04 00:05:40', '2019-04-04 00:05:40'),
(583, 98, 1, '2019-04-04 00:06:29', '2019-04-04 00:06:29'),
(584, 98, 8, '2019-04-04 00:07:40', '2019-04-04 00:07:40'),
(585, 98, 7, '2019-04-04 00:09:00', '2019-04-04 00:09:00'),
(586, 98, 2, '2019-04-04 00:09:11', '2019-04-04 00:09:11'),
(587, 98, 1, '2019-04-04 00:09:54', '2019-04-04 00:09:54'),
(588, 98, 7, '2019-04-04 00:09:55', '2019-04-04 00:09:55'),
(589, 98, 1, '2019-04-04 00:10:26', '2019-04-04 00:10:26'),
(590, 98, 3, '2019-04-04 00:10:40', '2019-04-04 00:10:40'),
(591, 98, 3, '2019-04-04 00:10:59', '2019-04-04 00:10:59'),
(592, 98, 4, '2019-04-04 00:11:49', '2019-04-04 00:11:49'),
(593, 98, 5, '2019-04-04 00:12:03', '2019-04-04 00:12:03'),
(594, 98, 6, '2019-04-04 00:12:24', '2019-04-04 00:12:24'),
(595, 98, 7, '2019-04-04 00:15:30', '2019-04-04 00:15:30'),
(596, 99, 7, '2019-04-08 23:43:03', '2019-04-08 23:43:03'),
(597, 100, 7, '2019-04-08 23:53:02', '2019-04-08 23:53:02'),
(598, 100, 7, '2019-04-08 23:56:55', '2019-04-08 23:56:55'),
(599, 100, 7, '2019-04-08 23:58:06', '2019-04-08 23:58:06'),
(600, 100, 2, '2019-04-08 23:59:20', '2019-04-08 23:59:20'),
(601, 100, 7, '2019-04-09 00:01:37', '2019-04-09 00:01:37'),
(602, 100, 7, '2019-04-09 00:03:30', '2019-04-09 00:03:30'),
(603, 100, 3, '2019-04-09 00:04:37', '2019-04-09 00:04:37'),
(604, 100, 4, '2019-04-09 00:15:35', '2019-04-09 00:15:35'),
(605, 100, 5, '2019-04-09 00:17:22', '2019-04-09 00:17:22'),
(606, 100, 7, '2019-04-09 00:18:22', '2019-04-09 00:18:22'),
(607, 100, 7, '2019-04-09 00:21:41', '2019-04-09 00:21:41'),
(608, 100, 7, '2019-04-09 00:23:04', '2019-04-09 00:23:04'),
(609, 100, 7, '2019-04-09 00:23:05', '2019-04-09 00:23:05'),
(610, 100, 7, '2019-04-09 00:24:39', '2019-04-09 00:24:39'),
(611, 100, 6, '2019-04-09 00:27:26', '2019-04-09 00:27:26'),
(612, 100, 7, '2019-04-09 00:32:19', '2019-04-09 00:32:19'),
(613, 100, 7, '2019-04-09 00:33:54', '2019-04-09 00:33:54'),
(614, 100, 7, '2019-04-09 00:57:57', '2019-04-09 00:57:57'),
(615, 101, 1, '2019-04-13 12:09:05', '2019-04-13 12:09:05'),
(616, 101, 1, '2019-04-13 12:11:30', '2019-04-13 12:11:30'),
(617, 101, 7, '2019-04-13 12:11:54', '2019-04-13 12:11:54'),
(618, 101, 6, '2019-04-13 12:16:27', '2019-04-13 12:16:27'),
(619, 101, 7, '2019-04-13 12:17:00', '2019-04-13 12:17:00'),
(620, 102, 7, '2019-04-14 07:13:50', '2019-04-14 07:13:50'),
(621, 102, 5, '2019-04-14 07:14:23', '2019-04-14 07:14:23'),
(622, 102, 6, '2019-04-14 07:15:20', '2019-04-14 07:15:20'),
(623, 103, 5, '2019-04-14 09:42:06', '2019-04-14 09:42:06'),
(624, 105, 7, '2019-04-17 10:34:54', '2019-04-17 10:34:54'),
(625, 105, 1, '2019-04-17 10:35:32', '2019-04-17 10:35:32'),
(626, 107, 5, '2019-04-18 10:06:49', '2019-04-18 10:06:49'),
(627, 107, 1, '2019-04-18 11:05:40', '2019-04-18 11:05:40'),
(628, 107, 2, '2019-04-18 11:06:52', '2019-04-18 11:06:52'),
(629, 107, 15, '2019-04-18 11:07:56', '2019-04-18 11:07:56'),
(630, 107, 1, '2019-04-18 11:08:36', '2019-04-18 11:08:36'),
(631, 107, 11, '2019-04-18 11:08:45', '2019-04-18 11:08:45'),
(632, 107, 3, '2019-04-18 11:09:36', '2019-04-18 11:09:36'),
(633, 107, 21, '2019-04-18 11:09:45', '2019-04-18 11:09:45'),
(634, 107, 4, '2019-04-18 11:10:51', '2019-04-18 11:10:51'),
(635, 107, 23, '2019-04-18 11:10:59', '2019-04-18 11:10:59'),
(636, 107, 5, '2019-04-18 11:13:01', '2019-04-18 11:13:01'),
(637, 107, 6, '2019-04-18 11:13:17', '2019-04-18 11:13:17'),
(638, 107, 4, '2019-04-18 11:13:19', '2019-04-18 11:13:19'),
(639, 107, 7, '2019-04-18 11:13:20', '2019-04-18 11:13:20'),
(640, 107, 23, '2019-04-18 11:14:38', '2019-04-18 11:14:38'),
(641, 108, 4, '2019-04-25 01:01:23', '2019-04-25 01:01:23'),
(642, 108, 6, '2019-04-25 01:09:19', '2019-04-25 01:09:19'),
(643, 108, 4, '2019-04-25 01:23:56', '2019-04-25 01:23:56'),
(644, 109, 2, '2019-04-30 23:14:02', '2019-04-30 23:14:02'),
(645, 22, 2, '2019-05-01 07:59:39', '2019-05-01 07:59:39'),
(646, 22, 12, '2019-05-01 08:00:05', '2019-05-01 08:00:05'),
(647, 22, 7, '2019-05-01 08:00:24', '2019-05-01 08:00:24'),
(648, 22, 1, '2019-05-01 08:00:37', '2019-05-01 08:00:37'),
(649, 22, 9, '2019-05-01 08:01:47', '2019-05-01 08:01:47'),
(650, 22, 10, '2019-05-01 08:02:22', '2019-05-01 08:02:22'),
(651, 22, 6, '2019-05-01 08:03:03', '2019-05-01 08:03:03'),
(652, 22, 4, '2019-05-01 08:03:42', '2019-05-01 08:03:42'),
(653, 22, 2, '2019-05-01 08:05:38', '2019-05-01 08:05:38'),
(654, 22, 14, '2019-05-01 08:07:17', '2019-05-01 08:07:17'),
(655, 22, 13, '2019-05-01 08:07:29', '2019-05-01 08:07:29'),
(656, 22, 14, '2019-05-01 08:07:54', '2019-05-01 08:07:54'),
(657, 110, 2, '2019-05-01 08:52:24', '2019-05-01 08:52:24'),
(658, 110, 3, '2019-05-01 08:53:14', '2019-05-01 08:53:14'),
(659, 110, 1, '2019-05-01 08:54:13', '2019-05-01 08:54:13'),
(660, 110, 6, '2019-05-01 08:55:42', '2019-05-01 08:55:42'),
(661, 39, 7, '2019-05-02 02:29:14', '2019-05-02 02:29:14'),
(662, 39, 1, '2019-05-02 02:29:59', '2019-05-02 02:29:59'),
(663, 39, 1, '2019-05-02 02:31:14', '2019-05-02 02:31:14'),
(664, 39, 8, '2019-05-02 02:31:32', '2019-05-02 02:31:32'),
(665, 39, 1, '2019-05-02 02:32:50', '2019-05-02 02:32:50'),
(666, 39, 9, '2019-05-02 02:33:37', '2019-05-02 02:33:37'),
(667, 39, 1, '2019-05-02 02:34:44', '2019-05-02 02:34:44'),
(668, 39, 7, '2019-05-02 02:35:57', '2019-05-02 02:35:57'),
(669, 112, 2, '2019-05-04 00:27:08', '2019-05-04 00:27:08'),
(670, 112, 7, '2019-05-04 00:27:51', '2019-05-04 00:27:51'),
(671, 112, 4, '2019-05-04 00:28:23', '2019-05-04 00:28:23'),
(672, 112, 3, '2019-05-04 00:28:33', '2019-05-04 00:28:33'),
(673, 113, 7, '2019-05-05 09:43:47', '2019-05-05 09:43:47'),
(674, 113, 2, '2019-05-05 09:44:41', '2019-05-05 09:44:41'),
(675, 113, 4, '2019-05-05 09:45:32', '2019-05-05 09:45:32'),
(676, 113, 22, '2019-05-05 09:45:58', '2019-05-05 09:45:58'),
(677, 113, 5, '2019-05-05 09:46:48', '2019-05-05 09:46:48'),
(678, 112, 2, '2019-05-05 23:53:49', '2019-05-05 23:53:49'),
(679, 112, 12, '2019-05-05 23:54:25', '2019-05-05 23:54:25'),
(680, 112, 7, '2019-05-05 23:54:56', '2019-05-05 23:54:56'),
(681, 112, 3, '2019-05-05 23:55:32', '2019-05-05 23:55:32'),
(682, 114, 5, '2019-05-06 06:33:57', '2019-05-06 06:33:57'),
(683, 114, 6, '2019-05-06 06:37:46', '2019-05-06 06:37:46'),
(684, 114, 4, '2019-05-06 06:38:49', '2019-05-06 06:38:49'),
(685, 114, 23, '2019-05-06 06:38:59', '2019-05-06 06:38:59'),
(686, 114, 23, '2019-05-06 08:31:38', '2019-05-06 08:31:38'),
(687, 115, 7, '2019-05-06 11:21:20', '2019-05-06 11:21:20'),
(688, 115, 5, '2019-05-06 11:21:55', '2019-05-06 11:21:55'),
(689, 115, 6, '2019-05-06 11:22:48', '2019-05-06 11:22:48'),
(690, 115, 1, '2019-05-06 11:23:17', '2019-05-06 11:23:17'),
(691, 115, 1, '2019-05-06 11:23:31', '2019-05-06 11:23:31'),
(692, 117, 6, '2019-05-08 20:58:40', '2019-05-08 20:58:40'),
(693, 117, 7, '2019-05-08 20:59:06', '2019-05-08 20:59:06'),
(694, 117, 7, '2019-05-08 20:59:50', '2019-05-08 20:59:50'),
(695, 117, 2, '2019-05-08 21:00:05', '2019-05-08 21:00:05'),
(696, 117, 3, '2019-05-08 21:00:25', '2019-05-08 21:00:25'),
(697, 117, 5, '2019-05-08 21:00:48', '2019-05-08 21:00:48'),
(698, 118, 1, '2019-05-15 21:52:24', '2019-05-15 21:52:24'),
(699, 118, 2, '2019-05-15 21:54:34', '2019-05-15 21:54:34'),
(700, 118, 7, '2019-05-15 21:55:17', '2019-05-15 21:55:17'),
(701, 118, 5, '2019-05-15 21:56:17', '2019-05-15 21:56:17'),
(702, 119, 20, '2019-05-20 00:51:12', '2019-05-20 00:51:12'),
(703, 119, 7, '2019-05-20 00:51:50', '2019-05-20 00:51:50'),
(704, 119, 1, '2019-05-20 00:51:56', '2019-05-20 00:51:56'),
(705, 119, 1, '2019-05-20 00:51:59', '2019-05-20 00:51:59'),
(706, 119, 8, '2019-05-20 00:52:25', '2019-05-20 00:52:25'),
(707, 119, 10, '2019-05-20 00:52:39', '2019-05-20 00:52:39'),
(708, 119, 11, '2019-05-20 00:52:52', '2019-05-20 00:52:52'),
(709, 119, 11, '2019-05-20 00:53:06', '2019-05-20 00:53:06'),
(710, 119, 2, '2019-05-20 00:53:20', '2019-05-20 00:53:20'),
(711, 119, 15, '2019-05-20 00:53:49', '2019-05-20 00:53:49'),
(712, 119, 7, '2019-05-20 00:54:19', '2019-05-20 00:54:19'),
(713, 119, 4, '2019-05-20 00:54:30', '2019-05-20 00:54:30'),
(714, 119, 23, '2019-05-20 00:54:41', '2019-05-20 00:54:41'),
(715, 119, 22, '2019-05-20 00:55:41', '2019-05-20 00:55:41'),
(716, 119, 4, '2019-05-20 00:55:51', '2019-05-20 00:55:51'),
(717, 119, 22, '2019-05-20 00:56:30', '2019-05-20 00:56:30'),
(718, 119, 6, '2019-05-20 00:56:47', '2019-05-20 00:56:47'),
(719, 119, 4, '2019-05-20 01:07:47', '2019-05-20 01:07:47'),
(720, 119, 23, '2019-05-20 01:08:11', '2019-05-20 01:08:11'),
(721, 119, 22, '2019-05-20 01:08:39', '2019-05-20 01:08:39'),
(722, 120, 7, '2019-05-22 01:20:54', '2019-05-22 01:20:54'),
(723, 120, 7, '2019-05-22 01:21:37', '2019-05-22 01:21:37'),
(724, 121, 5, '2019-05-22 06:14:06', '2019-05-22 06:14:06'),
(725, 121, 4, '2019-05-22 06:15:09', '2019-05-22 06:15:09'),
(726, 121, 3, '2019-05-22 06:17:08', '2019-05-22 06:17:08'),
(727, 121, 21, '2019-05-22 06:18:12', '2019-05-22 06:18:12'),
(728, 121, 5, '2019-05-22 06:18:54', '2019-05-22 06:18:54'),
(729, 121, 4, '2019-05-22 06:19:17', '2019-05-22 06:19:17'),
(730, 121, 23, '2019-05-22 06:19:31', '2019-05-22 06:19:31'),
(731, 122, 7, '2019-05-23 18:56:17', '2019-05-23 18:56:17'),
(732, 122, 1, '2019-05-23 18:56:56', '2019-05-23 18:56:56'),
(733, 122, 7, '2019-05-23 18:57:43', '2019-05-23 18:57:43'),
(734, 122, 6, '2019-05-23 18:57:55', '2019-05-23 18:57:55'),
(735, 122, 2, '2019-05-23 18:58:02', '2019-05-23 18:58:02'),
(736, 122, 2, '2019-05-23 19:56:57', '2019-05-23 19:56:57'),
(737, 122, 3, '2019-05-23 19:57:27', '2019-05-23 19:57:27'),
(738, 122, 7, '2019-05-23 19:58:07', '2019-05-23 19:58:07'),
(739, 123, 5, '2019-05-24 23:35:31', '2019-05-24 23:35:31'),
(740, 121, 7, '2019-05-26 19:06:31', '2019-05-26 19:06:31'),
(741, 121, 6, '2019-05-26 19:07:26', '2019-05-26 19:07:26'),
(742, 121, 5, '2019-05-26 19:09:09', '2019-05-26 19:09:09'),
(743, 121, 4, '2019-05-26 19:10:11', '2019-05-26 19:10:11'),
(744, 121, 22, '2019-05-26 19:11:17', '2019-05-26 19:11:17'),
(745, 121, 23, '2019-05-26 19:11:58', '2019-05-26 19:11:58'),
(746, 121, 3, '2019-05-26 19:12:29', '2019-05-26 19:12:29'),
(747, 121, 21, '2019-05-26 19:13:14', '2019-05-26 19:13:14'),
(748, 121, 17, '2019-05-26 19:13:46', '2019-05-26 19:13:46'),
(749, 124, 7, '2019-05-26 22:37:41', '2019-05-26 22:37:41'),
(750, 124, 1, '2019-05-26 22:38:55', '2019-05-26 22:38:55'),
(751, 124, 5, '2019-05-26 22:39:18', '2019-05-26 22:39:18'),
(752, 125, 6, '2019-05-27 07:46:17', '2019-05-27 07:46:17'),
(753, 125, 1, '2019-05-27 07:47:12', '2019-05-27 07:47:12'),
(754, 125, 2, '2019-05-27 07:47:26', '2019-05-27 07:47:26'),
(755, 125, 3, '2019-05-27 07:47:36', '2019-05-27 07:47:36'),
(756, 125, 4, '2019-05-27 07:47:55', '2019-05-27 07:47:55'),
(757, 125, 5, '2019-05-27 07:48:14', '2019-05-27 07:48:14'),
(758, 125, 5, '2019-05-27 07:48:32', '2019-05-27 07:48:32'),
(759, 125, 7, '2019-05-27 07:48:46', '2019-05-27 07:48:46'),
(760, 125, 5, '2019-05-27 07:49:01', '2019-05-27 07:49:01'),
(761, 68, 6, '2019-05-28 21:42:05', '2019-05-28 21:42:05'),
(762, 68, 4, '2019-05-28 21:43:40', '2019-05-28 21:43:40'),
(763, 68, 6, '2019-05-28 21:45:00', '2019-05-28 21:45:00'),
(764, 68, 1, '2019-05-28 21:45:20', '2019-05-28 21:45:20'),
(765, 68, 2, '2019-05-28 21:45:41', '2019-05-28 21:45:41'),
(766, 68, 3, '2019-05-28 21:45:52', '2019-05-28 21:45:52'),
(767, 126, 7, '2019-05-30 17:15:44', '2019-05-30 17:15:44'),
(768, 126, 4, '2019-05-30 17:16:37', '2019-05-30 17:16:37'),
(769, 127, 3, '2019-05-31 01:24:33', '2019-05-31 01:24:33'),
(770, 127, 2, '2019-05-31 01:26:11', '2019-05-31 01:26:11'),
(771, 127, 1, '2019-05-31 01:26:37', '2019-05-31 01:26:37'),
(772, 129, 5, '2019-05-31 12:08:18', '2019-05-31 12:08:18'),
(773, 129, 7, '2019-05-31 12:12:04', '2019-05-31 12:12:04'),
(774, 129, 5, '2019-05-31 12:13:49', '2019-05-31 12:13:49'),
(775, 129, 7, '2019-05-31 12:14:03', '2019-05-31 12:14:03'),
(776, 129, 4, '2019-05-31 14:03:18', '2019-05-31 14:03:18'),
(777, 129, 23, '2019-05-31 14:03:36', '2019-05-31 14:03:36'),
(778, 130, 5, '2019-06-01 08:59:32', '2019-06-01 08:59:32'),
(779, 130, 4, '2019-06-01 09:02:18', '2019-06-01 09:02:18'),
(780, 130, 22, '2019-06-01 09:03:48', '2019-06-01 09:03:48'),
(781, 130, 23, '2019-06-01 09:04:41', '2019-06-01 09:04:41'),
(782, 130, 5, '2019-06-01 09:06:19', '2019-06-01 09:06:19'),
(783, 130, 4, '2019-06-01 09:06:40', '2019-06-01 09:06:40'),
(784, 131, 4, '2019-06-02 06:39:25', '2019-06-02 06:39:25'),
(785, 131, 6, '2019-06-02 06:40:41', '2019-06-02 06:40:41'),
(786, 132, 7, '2019-06-04 21:33:37', '2019-06-04 21:33:37'),
(787, 132, 4, '2019-06-04 21:34:33', '2019-06-04 21:34:33'),
(788, 132, 7, '2019-06-04 21:36:47', '2019-06-04 21:36:47'),
(789, 132, 7, '2019-06-04 21:37:02', '2019-06-04 21:37:02'),
(790, 132, 2, '2019-06-04 21:37:13', '2019-06-04 21:37:13'),
(791, 132, 7, '2019-06-04 21:37:32', '2019-06-04 21:37:32'),
(792, 132, 3, '2019-06-04 21:38:06', '2019-06-04 21:38:06'),
(793, 132, 4, '2019-06-04 21:39:21', '2019-06-04 21:39:21'),
(794, 132, 1, '2019-06-04 21:39:39', '2019-06-04 21:39:39'),
(795, 132, 3, '2019-06-04 21:40:35', '2019-06-04 21:40:35'),
(796, 132, 4, '2019-06-04 21:41:36', '2019-06-04 21:41:36'),
(797, 132, 6, '2019-06-04 23:41:36', '2019-06-04 23:41:36'),
(798, 132, 1, '2019-06-04 23:43:50', '2019-06-04 23:43:50'),
(799, 132, 2, '2019-06-04 23:48:19', '2019-06-04 23:48:19'),
(800, 132, 3, '2019-06-04 23:51:46', '2019-06-04 23:51:46'),
(801, 132, 4, '2019-06-04 23:53:44', '2019-06-04 23:53:44'),
(802, 132, 2, '2019-06-05 00:23:39', '2019-06-05 00:23:39'),
(803, 133, 1, '2019-06-07 23:37:58', '2019-06-07 23:37:58'),
(804, 133, 7, '2019-06-07 23:38:30', '2019-06-07 23:38:30'),
(805, 133, 4, '2019-06-07 23:39:16', '2019-06-07 23:39:16'),
(806, 133, 3, '2019-06-07 23:40:08', '2019-06-07 23:40:08'),
(807, 133, 21, '2019-06-07 23:40:33', '2019-06-07 23:40:33'),
(808, 133, 1, '2019-06-07 23:41:07', '2019-06-07 23:41:07'),
(809, 133, 2, '2019-06-07 23:41:31', '2019-06-07 23:41:31'),
(810, 134, 7, '2019-06-08 20:25:46', '2019-06-08 20:25:46'),
(811, 134, 5, '2019-06-08 20:28:43', '2019-06-08 20:28:43'),
(812, 134, 6, '2019-06-08 20:29:26', '2019-06-08 20:29:26'),
(813, 134, 6, '2019-06-08 20:33:01', '2019-06-08 20:33:01'),
(814, 134, 7, '2019-06-08 22:36:29', '2019-06-08 22:36:29'),
(815, 136, 1, '2019-06-10 03:58:49', '2019-06-10 03:58:49'),
(816, 136, 2, '2019-06-10 04:00:01', '2019-06-10 04:00:01'),
(817, 137, 7, '2019-06-10 21:02:42', '2019-06-10 21:02:42'),
(818, 137, 7, '2019-06-10 21:34:51', '2019-06-10 21:34:51'),
(819, 139, 1, '2019-06-16 01:43:24', '2019-06-16 01:43:24'),
(820, 136, 7, '2019-06-17 02:58:14', '2019-06-17 02:58:14'),
(821, 136, 1, '2019-06-17 02:59:53', '2019-06-17 02:59:53'),
(822, 136, 2, '2019-06-17 03:00:36', '2019-06-17 03:00:36'),
(823, 136, 6, '2019-06-17 03:02:52', '2019-06-17 03:02:52'),
(824, 136, 7, '2019-06-17 03:03:06', '2019-06-17 03:03:06'),
(825, 140, 2, '2019-06-18 00:36:50', '2019-06-18 00:36:50'),
(826, 140, 3, '2019-06-18 00:37:18', '2019-06-18 00:37:18'),
(827, 140, 4, '2019-06-18 00:37:38', '2019-06-18 00:37:38'),
(828, 121, 15, '2019-06-20 23:37:14', '2019-06-20 23:37:14'),
(829, 121, 4, '2019-06-20 23:38:09', '2019-06-20 23:38:09'),
(830, 141, 7, '2019-06-21 20:28:12', '2019-06-21 20:28:12'),
(831, 142, 1, '2019-06-22 07:30:17', '2019-06-22 07:30:17'),
(832, 142, 2, '2019-06-22 07:31:23', '2019-06-22 07:31:23'),
(833, 142, 3, '2019-06-22 07:31:40', '2019-06-22 07:31:40'),
(834, 142, 4, '2019-06-22 07:32:39', '2019-06-22 07:32:39'),
(835, 142, 5, '2019-06-22 07:38:10', '2019-06-22 07:38:10'),
(836, 142, 6, '2019-06-22 07:40:05', '2019-06-22 07:40:05'),
(837, 143, 7, '2019-06-22 19:18:08', '2019-06-22 19:18:08'),
(838, 145, 7, '2019-06-23 06:34:19', '2019-06-23 06:34:19'),
(839, 145, 6, '2019-06-23 06:34:53', '2019-06-23 06:34:53'),
(840, 145, 5, '2019-06-23 06:35:25', '2019-06-23 06:35:25'),
(841, 145, 7, '2019-06-23 06:36:05', '2019-06-23 06:36:05'),
(842, 145, 2, '2019-06-23 06:38:02', '2019-06-23 06:38:02'),
(843, 145, 7, '2019-06-23 06:38:47', '2019-06-23 06:38:47'),
(844, 145, 1, '2019-06-23 06:39:10', '2019-06-23 06:39:10'),
(845, 146, 4, '2019-06-24 06:21:52', '2019-06-24 06:21:52'),
(846, 146, 7, '2019-06-24 06:24:35', '2019-06-24 06:24:35'),
(847, 146, 4, '2019-06-24 06:25:04', '2019-06-24 06:25:04'),
(848, 146, 5, '2019-06-24 06:25:13', '2019-06-24 06:25:13'),
(849, 147, 5, '2019-06-27 10:25:49', '2019-06-27 10:25:49'),
(850, 147, 4, '2019-06-27 10:26:11', '2019-06-27 10:26:11'),
(851, 148, 4, '2019-06-29 05:49:32', '2019-06-29 05:49:32'),
(852, 148, 5, '2019-06-29 05:56:33', '2019-06-29 05:56:33'),
(853, 148, 5, '2019-06-29 05:57:05', '2019-06-29 05:57:05'),
(854, 148, 5, '2019-06-29 05:57:22', '2019-06-29 05:57:22'),
(855, 150, 1, '2019-06-30 07:14:19', '2019-06-30 07:14:19'),
(856, 151, 6, '2019-07-04 06:02:49', '2019-07-04 06:02:49'),
(857, 152, 7, '2019-07-06 02:53:39', '2019-07-06 02:53:39');
INSERT INTO `subscribers` (`id`, `client_id`, `product_id`, `created_at`, `updated_at`) VALUES
(858, 152, 1, '2019-07-06 02:55:09', '2019-07-06 02:55:09'),
(859, 152, 2, '2019-07-06 02:55:43', '2019-07-06 02:55:43'),
(860, 152, 6, '2019-07-06 02:56:13', '2019-07-06 02:56:13'),
(861, 152, 3, '2019-07-06 02:56:28', '2019-07-06 02:56:28'),
(862, 154, 7, '2019-07-08 23:39:35', '2019-07-08 23:39:35'),
(863, 154, 6, '2019-07-08 23:39:53', '2019-07-08 23:39:53'),
(864, 156, 3, '2019-07-14 19:55:23', '2019-07-14 19:55:23'),
(865, 156, 1, '2019-07-14 19:57:45', '2019-07-14 19:57:45'),
(866, 156, 2, '2019-07-14 19:58:56', '2019-07-14 19:58:56'),
(867, 156, 6, '2019-07-14 20:08:05', '2019-07-14 20:08:05'),
(868, 157, 1, '2019-07-15 08:06:49', '2019-07-15 08:06:49'),
(869, 157, 2, '2019-07-15 08:07:39', '2019-07-15 08:07:39'),
(870, 157, 3, '2019-07-15 08:08:01', '2019-07-15 08:08:01'),
(871, 157, 4, '2019-07-15 08:10:25', '2019-07-15 08:10:25'),
(872, 157, 5, '2019-07-15 08:11:58', '2019-07-15 08:11:58'),
(873, 158, 4, '2019-07-15 08:12:31', '2019-07-15 08:12:31'),
(874, 157, 6, '2019-07-15 08:13:37', '2019-07-15 08:13:37'),
(875, 158, 5, '2019-07-15 08:15:07', '2019-07-15 08:15:07'),
(876, 157, 6, '2019-07-15 08:15:48', '2019-07-15 08:15:48'),
(877, 158, 6, '2019-07-15 08:16:39', '2019-07-15 08:16:39'),
(878, 158, 7, '2019-07-15 08:17:50', '2019-07-15 08:17:50'),
(879, 158, 3, '2019-07-15 08:18:21', '2019-07-15 08:18:21'),
(880, 158, 4, '2019-07-15 08:18:37', '2019-07-15 08:18:37'),
(881, 158, 2, '2019-07-15 08:18:56', '2019-07-15 08:18:56'),
(882, 158, 1, '2019-07-15 08:19:07', '2019-07-15 08:19:07'),
(883, 158, 5, '2019-07-15 08:19:36', '2019-07-15 08:19:36'),
(884, 158, 6, '2019-07-15 08:19:48', '2019-07-15 08:19:48'),
(885, 158, 3, '2019-07-15 08:24:22', '2019-07-15 08:24:22'),
(886, 158, 4, '2019-07-15 08:24:36', '2019-07-15 08:24:36'),
(887, 157, 7, '2019-07-15 08:27:28', '2019-07-15 08:27:28'),
(888, 159, 4, '2019-07-16 06:14:13', '2019-07-16 06:14:13'),
(889, 159, 5, '2019-07-16 06:14:51', '2019-07-16 06:14:51'),
(890, 159, 6, '2019-07-16 06:15:31', '2019-07-16 06:15:31'),
(891, 159, 4, '2019-07-16 06:16:03', '2019-07-16 06:16:03'),
(892, 158, 4, '2019-07-16 06:29:05', '2019-07-16 06:29:05'),
(893, 158, 4, '2019-07-16 06:29:20', '2019-07-16 06:29:20'),
(894, 158, 3, '2019-07-16 06:30:26', '2019-07-16 06:30:26'),
(895, 158, 2, '2019-07-16 06:30:44', '2019-07-16 06:30:44'),
(896, 158, 4, '2019-07-16 06:31:16', '2019-07-16 06:31:16'),
(897, 158, 5, '2019-07-16 06:32:26', '2019-07-16 06:32:26'),
(898, 158, 3, '2019-07-16 06:32:49', '2019-07-16 06:32:49'),
(899, 158, 7, '2019-07-16 06:33:56', '2019-07-16 06:33:56'),
(900, 158, 4, '2019-07-16 06:34:29', '2019-07-16 06:34:29'),
(901, 159, 3, '2019-07-16 07:15:09', '2019-07-16 07:15:09'),
(902, 159, 2, '2019-07-16 07:15:43', '2019-07-16 07:15:43'),
(903, 159, 3, '2019-07-16 07:47:25', '2019-07-16 07:47:25'),
(904, 159, 3, '2019-07-16 09:16:09', '2019-07-16 09:16:09'),
(905, 159, 21, '2019-07-17 23:01:47', '2019-07-17 23:01:47'),
(906, 159, 2, '2019-07-17 23:02:34', '2019-07-17 23:02:34'),
(907, 159, 14, '2019-07-17 23:02:47', '2019-07-17 23:02:47'),
(908, 159, 14, '2019-07-17 23:02:47', '2019-07-17 23:02:47'),
(909, 159, 15, '2019-07-17 23:03:22', '2019-07-17 23:03:22'),
(910, 159, 1, '2019-07-17 23:04:39', '2019-07-17 23:04:39'),
(911, 159, 11, '2019-07-17 23:04:46', '2019-07-17 23:04:46'),
(912, 159, 11, '2019-07-17 23:04:46', '2019-07-17 23:04:46'),
(913, 159, 3, '2019-07-17 23:05:31', '2019-07-17 23:05:31'),
(914, 159, 3, '2019-07-18 00:15:28', '2019-07-18 00:15:28'),
(915, 159, 3, '2019-07-18 00:31:44', '2019-07-18 00:31:44'),
(916, 159, 3, '2019-07-18 00:33:56', '2019-07-18 00:33:56'),
(917, 159, 1, '2019-07-18 00:34:07', '2019-07-18 00:34:07'),
(918, 159, 11, '2019-07-18 00:34:30', '2019-07-18 00:34:30'),
(919, 159, 11, '2019-07-18 00:34:30', '2019-07-18 00:34:30'),
(920, 159, 2, '2019-07-18 00:34:54', '2019-07-18 00:34:54'),
(921, 159, 2, '2019-07-18 00:34:54', '2019-07-18 00:34:54'),
(922, 159, 15, '2019-07-18 00:35:18', '2019-07-18 00:35:18'),
(923, 159, 15, '2019-07-18 00:35:18', '2019-07-18 00:35:18'),
(924, 159, 14, '2019-07-18 00:35:43', '2019-07-18 00:35:43'),
(925, 159, 13, '2019-07-18 00:35:59', '2019-07-18 00:35:59'),
(926, 159, 13, '2019-07-18 00:35:59', '2019-07-18 00:35:59'),
(927, 159, 3, '2019-07-18 00:36:22', '2019-07-18 00:36:22'),
(928, 159, 3, '2019-07-18 00:36:22', '2019-07-18 00:36:22'),
(929, 159, 21, '2019-07-18 00:37:00', '2019-07-18 00:37:00'),
(930, 159, 19, '2019-07-18 00:37:18', '2019-07-18 00:37:18'),
(931, 159, 20, '2019-07-18 00:37:29', '2019-07-18 00:37:29'),
(932, 159, 20, '2019-07-18 00:37:29', '2019-07-18 00:37:29'),
(933, 159, 21, '2019-07-18 00:37:51', '2019-07-18 00:37:51'),
(934, 159, 21, '2019-07-18 00:37:51', '2019-07-18 00:37:51'),
(935, 160, 4, '2019-07-19 12:17:44', '2019-07-19 12:17:44'),
(936, 119, 5, '2019-07-19 17:01:26', '2019-07-19 17:01:26'),
(937, 119, 5, '2019-07-19 17:02:13', '2019-07-19 17:02:13'),
(938, 161, 3, '2019-07-20 02:35:19', '2019-07-20 02:35:19'),
(939, 162, 1, '2019-07-20 20:13:42', '2019-07-20 20:13:42'),
(940, 162, 4, '2019-07-20 20:15:04', '2019-07-20 20:15:04'),
(941, 162, 7, '2019-07-20 20:15:49', '2019-07-20 20:15:49'),
(942, 163, 6, '2019-07-25 03:55:43', '2019-07-25 03:55:43'),
(943, 163, 1, '2019-07-25 03:56:12', '2019-07-25 03:56:12'),
(944, 163, 5, '2019-07-25 03:56:26', '2019-07-25 03:56:26'),
(945, 163, 4, '2019-07-25 03:56:49', '2019-07-25 03:56:49'),
(946, 163, 3, '2019-07-25 03:57:22', '2019-07-25 03:57:22'),
(947, 164, 7, '2019-07-26 21:07:54', '2019-07-26 21:07:54'),
(948, 164, 7, '2019-07-26 21:10:59', '2019-07-26 21:10:59'),
(949, 164, 6, '2019-07-26 21:11:17', '2019-07-26 21:11:17'),
(950, 164, 1, '2019-07-26 21:11:30', '2019-07-26 21:11:30'),
(951, 165, 6, '2019-07-28 05:01:11', '2019-07-28 05:01:11'),
(952, 165, 1, '2019-07-28 05:02:36', '2019-07-28 05:02:36'),
(953, 165, 4, '2019-07-28 05:02:48', '2019-07-28 05:02:48'),
(954, 165, 3, '2019-07-28 05:03:36', '2019-07-28 05:03:36'),
(955, 165, 6, '2019-07-28 05:03:49', '2019-07-28 05:03:49'),
(956, 165, 5, '2019-07-28 05:04:08', '2019-07-28 05:04:08'),
(957, 166, 7, '2019-07-31 05:01:15', '2019-07-31 05:01:15'),
(958, 166, 6, '2019-07-31 05:02:48', '2019-07-31 05:02:48'),
(959, 166, 5, '2019-07-31 05:04:18', '2019-07-31 05:04:18'),
(960, 166, 4, '2019-07-31 05:06:17', '2019-07-31 05:06:17'),
(961, 166, 3, '2019-07-31 05:07:11', '2019-07-31 05:07:11'),
(962, 166, 2, '2019-07-31 05:08:06', '2019-07-31 05:08:06'),
(963, 166, 1, '2019-07-31 05:08:59', '2019-07-31 05:08:59'),
(964, 168, 7, '2019-08-01 04:01:06', '2019-08-01 04:01:06'),
(965, 168, 7, '2019-08-01 04:02:59', '2019-08-01 04:02:59'),
(966, 168, 1, '2019-08-01 04:03:16', '2019-08-01 04:03:16'),
(967, 168, 2, '2019-08-01 04:05:17', '2019-08-01 04:05:17'),
(968, 168, 3, '2019-08-01 04:06:34', '2019-08-01 04:06:34'),
(969, 168, 4, '2019-08-01 04:08:01', '2019-08-01 04:08:01'),
(970, 168, 5, '2019-08-01 04:08:15', '2019-08-01 04:08:15'),
(971, 168, 6, '2019-08-01 04:08:36', '2019-08-01 04:08:36'),
(972, 169, 7, '2019-08-03 07:29:50', '2019-08-03 07:29:50'),
(973, 169, 6, '2019-08-03 07:30:07', '2019-08-03 07:30:07'),
(974, 169, 5, '2019-08-03 07:30:10', '2019-08-03 07:30:10'),
(975, 169, 4, '2019-08-03 07:30:14', '2019-08-03 07:30:14'),
(976, 119, 4, '2019-08-04 08:12:28', '2019-08-04 08:12:28'),
(977, 119, 23, '2019-08-04 08:12:40', '2019-08-04 08:12:40'),
(978, 119, 23, '2019-08-04 08:13:03', '2019-08-04 08:13:03'),
(979, 171, 7, '2019-08-05 04:42:48', '2019-08-05 04:42:48'),
(980, 171, 5, '2019-08-05 04:45:37', '2019-08-05 04:45:37'),
(981, 171, 7, '2019-08-05 04:51:29', '2019-08-05 04:51:29'),
(982, 172, 7, '2019-08-07 08:17:48', '2019-08-07 08:17:48'),
(983, 172, 3, '2019-08-07 08:18:39', '2019-08-07 08:18:39'),
(984, 172, 2, '2019-08-07 08:20:21', '2019-08-07 08:20:21'),
(985, 142, 1, '2019-08-09 21:31:23', '2019-08-09 21:31:23'),
(986, 142, 2, '2019-08-09 21:35:55', '2019-08-09 21:35:55'),
(987, 142, 7, '2019-08-09 21:37:05', '2019-08-09 21:37:05'),
(988, 142, 3, '2019-08-09 21:37:16', '2019-08-09 21:37:16'),
(989, 142, 4, '2019-08-09 21:38:22', '2019-08-09 21:38:22'),
(990, 142, 5, '2019-08-09 21:39:55', '2019-08-09 21:39:55'),
(991, 142, 6, '2019-08-09 21:42:08', '2019-08-09 21:42:08'),
(992, 142, 7, '2019-08-09 21:43:24', '2019-08-09 21:43:24'),
(993, 142, 1, '2019-08-09 21:44:32', '2019-08-09 21:44:32'),
(994, 174, 1, '2019-08-13 03:56:45', '2019-08-13 03:56:45'),
(995, 174, 7, '2019-08-13 03:57:18', '2019-08-13 03:57:18'),
(996, 174, 7, '2019-08-13 04:03:13', '2019-08-13 04:03:13'),
(997, 174, 6, '2019-08-13 04:33:38', '2019-08-13 04:33:38'),
(998, 174, 7, '2019-08-13 04:34:07', '2019-08-13 04:34:07'),
(999, 175, 1, '2019-08-13 07:07:22', '2019-08-13 07:07:22'),
(1000, 175, 2, '2019-08-13 07:08:31', '2019-08-13 07:08:31'),
(1001, 175, 3, '2019-08-13 07:09:09', '2019-08-13 07:09:09'),
(1002, 175, 4, '2019-08-13 07:11:01', '2019-08-13 07:11:01'),
(1003, 175, 5, '2019-08-13 07:14:23', '2019-08-13 07:14:23'),
(1004, 175, 6, '2019-08-13 07:17:04', '2019-08-13 07:17:04'),
(1005, 175, 5, '2019-08-13 07:18:11', '2019-08-13 07:18:11'),
(1006, 175, 7, '2019-08-13 07:20:12', '2019-08-13 07:20:12'),
(1007, 175, 1, '2019-08-13 07:20:38', '2019-08-13 07:20:38'),
(1008, 175, 4, '2019-08-13 07:20:46', '2019-08-13 07:20:46'),
(1009, 176, 2, '2019-08-14 01:21:04', '2019-08-14 01:21:04'),
(1010, 176, 2, '2019-08-14 01:22:14', '2019-08-14 01:22:14'),
(1011, 176, 3, '2019-08-14 01:22:34', '2019-08-14 01:22:34'),
(1012, 176, 2, '2019-08-14 05:05:22', '2019-08-14 05:05:22'),
(1013, 176, 3, '2019-08-14 05:06:21', '2019-08-14 05:06:21'),
(1014, 176, 2, '2019-08-14 05:07:24', '2019-08-14 05:07:24'),
(1015, 178, 4, '2019-08-15 08:13:32', '2019-08-15 08:13:32'),
(1016, 179, 7, '2019-08-15 20:21:23', '2019-08-15 20:21:23'),
(1017, 181, 7, '2019-08-16 02:25:24', '2019-08-16 02:25:24'),
(1018, 182, 7, '2019-08-17 04:41:51', '2019-08-17 04:41:51'),
(1019, 182, 3, '2019-08-17 04:52:07', '2019-08-17 04:52:07'),
(1020, 182, 2, '2019-08-17 04:52:54', '2019-08-17 04:52:54'),
(1021, 182, 14, '2019-08-17 04:53:18', '2019-08-17 04:53:18'),
(1022, 182, 4, '2019-08-17 04:53:39', '2019-08-17 04:53:39'),
(1023, 182, 6, '2019-08-17 04:54:44', '2019-08-17 04:54:44'),
(1024, 182, 7, '2019-08-17 04:55:57', '2019-08-17 04:55:57'),
(1025, 182, 7, '2019-08-17 04:57:33', '2019-08-17 04:57:33'),
(1026, 172, 7, '2019-08-17 08:24:06', '2019-08-17 08:24:06'),
(1027, 172, 7, '2019-08-17 08:24:46', '2019-08-17 08:24:46'),
(1028, 172, 3, '2019-08-17 08:25:02', '2019-08-17 08:25:02'),
(1029, 183, 8, '2019-08-17 11:23:12', '2019-08-17 11:23:12'),
(1030, 183, 7, '2019-08-17 11:23:54', '2019-08-17 11:23:54'),
(1031, 183, 6, '2019-08-17 11:26:53', '2019-08-17 11:26:53'),
(1032, 183, 3, '2019-08-17 11:27:58', '2019-08-17 11:27:58'),
(1033, 183, 1, '2019-08-17 11:29:47', '2019-08-17 11:29:47'),
(1034, 183, 9, '2019-08-17 11:30:36', '2019-08-17 11:30:36'),
(1035, 179, 3, '2019-08-17 20:12:01', '2019-08-17 20:12:01'),
(1036, 182, 7, '2019-08-17 22:41:27', '2019-08-17 22:41:27'),
(1037, 182, 2, '2019-08-17 22:42:16', '2019-08-17 22:42:16'),
(1038, 182, 1, '2019-08-17 22:43:09', '2019-08-17 22:43:09'),
(1039, 182, 7, '2019-08-17 22:44:22', '2019-08-17 22:44:22'),
(1040, 184, 1, '2019-08-18 01:24:14', '2019-08-18 01:24:14'),
(1041, 183, 7, '2019-08-18 04:09:42', '2019-08-18 04:09:42'),
(1042, 183, 7, '2019-08-18 06:48:17', '2019-08-18 06:48:17'),
(1043, 183, 7, '2019-08-18 06:56:25', '2019-08-18 06:56:25'),
(1044, 183, 2, '2019-08-18 06:56:36', '2019-08-18 06:56:36'),
(1045, 183, 1, '2019-08-18 06:57:05', '2019-08-18 06:57:05'),
(1046, 185, 7, '2019-08-19 05:33:53', '2019-08-19 05:33:53'),
(1047, 185, 6, '2019-08-19 05:36:45', '2019-08-19 05:36:45'),
(1048, 185, 2, '2019-08-19 05:36:59', '2019-08-19 05:36:59'),
(1049, 185, 1, '2019-08-19 05:37:38', '2019-08-19 05:37:38'),
(1050, 185, 7, '2019-08-19 05:37:49', '2019-08-19 05:37:49'),
(1051, 185, 7, '2019-08-19 05:43:45', '2019-08-19 05:43:45'),
(1052, 58, 7, '2019-08-19 08:15:13', '2019-08-19 08:15:13'),
(1053, 58, 6, '2019-08-19 08:17:05', '2019-08-19 08:17:05'),
(1054, 11, 7, '2019-08-22 02:35:17', '2019-08-22 02:35:17'),
(1055, 11, 7, '2019-08-23 20:14:37', '2019-08-23 20:14:37'),
(1056, 186, 7, '2019-08-25 17:57:51', '2019-08-25 17:57:51'),
(1057, 186, 1, '2019-08-25 17:58:39', '2019-08-25 17:58:39'),
(1058, 186, 2, '2019-08-25 17:59:38', '2019-08-25 17:59:38'),
(1059, 186, 3, '2019-08-25 17:59:56', '2019-08-25 17:59:56'),
(1060, 186, 4, '2019-08-25 18:00:29', '2019-08-25 18:00:29'),
(1061, 186, 5, '2019-08-25 18:00:44', '2019-08-25 18:00:44'),
(1062, 186, 6, '2019-08-25 18:01:06', '2019-08-25 18:01:06'),
(1063, 187, 7, '2019-08-25 19:32:41', '2019-08-25 19:32:41'),
(1064, 187, 7, '2019-08-25 19:34:44', '2019-08-25 19:34:44'),
(1065, 187, 2, '2019-08-25 19:35:14', '2019-08-25 19:35:14'),
(1066, 188, 4, '2019-08-26 12:25:17', '2019-08-26 12:25:17'),
(1067, 188, 1, '2019-08-26 12:25:49', '2019-08-26 12:25:49'),
(1068, 188, 2, '2019-08-26 12:26:02', '2019-08-26 12:26:02'),
(1069, 188, 6, '2019-08-26 12:26:16', '2019-08-26 12:26:16'),
(1070, 189, 7, '2019-08-27 03:02:51', '2019-08-27 03:02:51'),
(1071, 190, 5, '2019-08-29 00:42:50', '2019-08-29 00:42:50'),
(1072, 192, 7, '2019-09-01 23:57:25', '2019-09-01 23:57:25'),
(1073, 192, 6, '2019-09-01 23:57:56', '2019-09-01 23:57:56'),
(1074, 192, 3, '2019-09-01 23:58:36', '2019-09-01 23:58:36'),
(1075, 193, 7, '2019-09-05 08:14:59', '2019-09-05 08:14:59'),
(1076, 193, 1, '2019-09-05 08:16:08', '2019-09-05 08:16:08'),
(1077, 193, 2, '2019-09-05 08:17:17', '2019-09-05 08:17:17'),
(1078, 193, 7, '2019-09-05 08:18:30', '2019-09-05 08:18:30'),
(1079, 193, 6, '2019-09-05 08:18:42', '2019-09-05 08:18:42'),
(1080, 193, 6, '2019-09-05 08:19:08', '2019-09-05 08:19:08'),
(1081, 193, 3, '2019-09-05 08:19:18', '2019-09-05 08:19:18'),
(1082, 114, 4, '2019-09-05 19:38:37', '2019-09-05 19:38:37'),
(1083, 114, 4, '2019-09-05 19:40:06', '2019-09-05 19:40:06'),
(1084, 114, 1, '2019-09-05 19:40:33', '2019-09-05 19:40:33'),
(1085, 114, 2, '2019-09-05 19:41:23', '2019-09-05 19:41:23'),
(1086, 114, 3, '2019-09-05 19:42:50', '2019-09-05 19:42:50'),
(1087, 114, 5, '2019-09-05 20:13:10', '2019-09-05 20:13:10'),
(1088, 114, 23, '2019-09-05 20:13:25', '2019-09-05 20:13:25'),
(1089, 114, 1, '2019-09-05 20:13:44', '2019-09-05 20:13:44'),
(1090, 114, 11, '2019-09-05 20:21:32', '2019-09-05 20:21:32'),
(1091, 114, 2, '2019-09-05 20:26:28', '2019-09-05 20:26:28'),
(1092, 114, 15, '2019-09-05 20:36:28', '2019-09-05 20:36:28'),
(1093, 114, 6, '2019-09-05 20:37:29', '2019-09-05 20:37:29'),
(1094, 114, 7, '2019-09-05 20:38:14', '2019-09-05 20:38:14'),
(1095, 114, 5, '2019-09-05 20:38:42', '2019-09-05 20:38:42'),
(1096, 195, 7, '2019-09-09 02:29:38', '2019-09-09 02:29:38'),
(1097, 195, 2, '2019-09-09 02:30:04', '2019-09-09 02:30:04'),
(1098, 195, 1, '2019-09-09 03:25:37', '2019-09-09 03:25:37'),
(1099, 195, 6, '2019-09-09 03:31:25', '2019-09-09 03:31:25'),
(1100, 195, 7, '2019-09-09 03:31:57', '2019-09-09 03:31:57'),
(1101, 195, 7, '2019-09-09 17:39:40', '2019-09-09 17:39:40'),
(1102, 195, 1, '2019-09-09 17:40:42', '2019-09-09 17:40:42'),
(1103, 195, 2, '2019-09-09 17:42:53', '2019-09-09 17:42:53'),
(1104, 195, 3, '2019-09-09 17:48:15', '2019-09-09 17:48:15'),
(1105, 195, 4, '2019-09-09 17:54:20', '2019-09-09 17:54:20'),
(1106, 195, 5, '2019-09-09 17:57:29', '2019-09-09 17:57:29'),
(1107, 195, 6, '2019-09-09 18:00:42', '2019-09-09 18:00:42'),
(1108, 195, 7, '2019-09-09 18:07:40', '2019-09-09 18:07:40'),
(1109, 198, 1, '2019-09-10 02:17:36', '2019-09-10 02:17:36'),
(1110, 198, 2, '2019-09-10 02:21:01', '2019-09-10 02:21:01'),
(1111, 198, 7, '2019-09-10 02:36:33', '2019-09-10 02:36:33'),
(1112, 199, 1, '2019-09-13 01:33:47', '2019-09-13 01:33:47'),
(1113, 199, 2, '2019-09-13 01:48:22', '2019-09-13 01:48:22'),
(1114, 199, 12, '2019-09-13 01:48:46', '2019-09-13 01:48:46'),
(1115, 199, 14, '2019-09-13 01:49:10', '2019-09-13 01:49:10'),
(1116, 199, 4, '2019-09-13 01:49:20', '2019-09-13 01:49:20'),
(1117, 199, 7, '2019-09-13 01:49:37', '2019-09-13 01:49:37'),
(1118, 199, 1, '2019-09-13 01:51:14', '2019-09-13 01:51:14'),
(1119, 199, 6, '2019-09-13 01:51:36', '2019-09-13 01:51:36'),
(1120, 200, 7, '2019-09-13 18:43:38', '2019-09-13 18:43:38'),
(1121, 202, 7, '2019-09-14 16:04:57', '2019-09-14 16:04:57'),
(1122, 202, 5, '2019-09-14 16:12:32', '2019-09-14 16:12:32'),
(1123, 202, 2, '2019-09-14 16:13:25', '2019-09-14 16:13:25'),
(1124, 183, 1, '2019-09-15 06:10:34', '2019-09-15 06:10:34'),
(1125, 183, 8, '2019-09-15 06:11:07', '2019-09-15 06:11:07'),
(1126, 183, 7, '2019-09-15 06:12:26', '2019-09-15 06:12:26'),
(1127, 204, 4, '2019-09-15 23:29:48', '2019-09-15 23:29:48'),
(1128, 204, 1, '2019-09-15 23:31:43', '2019-09-15 23:31:43'),
(1129, 204, 2, '2019-09-15 23:32:05', '2019-09-15 23:32:05'),
(1130, 204, 3, '2019-09-15 23:32:49', '2019-09-15 23:32:49'),
(1131, 204, 5, '2019-09-15 23:33:39', '2019-09-15 23:33:39'),
(1132, 204, 6, '2019-09-15 23:35:21', '2019-09-15 23:35:21'),
(1133, 114, 23, '2019-09-17 09:09:43', '2019-09-17 09:09:43'),
(1134, 114, 4, '2019-09-17 10:42:34', '2019-09-17 10:42:34'),
(1135, 114, 6, '2019-09-17 10:42:45', '2019-09-17 10:42:45'),
(1136, 114, 5, '2019-09-17 10:42:58', '2019-09-17 10:42:58'),
(1137, 206, 2, '2019-09-17 20:54:43', '2019-09-17 20:54:43'),
(1138, 206, 2, '2019-09-17 20:55:10', '2019-09-17 20:55:10'),
(1139, 208, 7, '2019-09-19 08:06:48', '2019-09-19 08:06:48'),
(1140, 204, 2, '2019-09-20 00:48:24', '2019-09-20 00:48:24'),
(1141, 207, 1, '2019-09-20 20:34:06', '2019-09-20 20:34:06'),
(1142, 207, 8, '2019-09-20 20:39:57', '2019-09-20 20:39:57'),
(1143, 207, 9, '2019-09-20 20:44:34', '2019-09-20 20:44:34'),
(1144, 207, 2, '2019-09-20 20:45:51', '2019-09-20 20:45:51'),
(1145, 207, 12, '2019-09-20 20:47:36', '2019-09-20 20:47:36'),
(1146, 207, 13, '2019-09-20 20:52:31', '2019-09-20 20:52:31'),
(1147, 207, 14, '2019-09-20 20:53:28', '2019-09-20 20:53:28'),
(1148, 207, 15, '2019-09-20 20:54:23', '2019-09-20 20:54:23'),
(1149, 207, 3, '2019-09-20 20:56:16', '2019-09-20 20:56:16'),
(1150, 207, 16, '2019-09-20 20:59:06', '2019-09-20 20:59:06'),
(1151, 207, 17, '2019-09-20 21:09:31', '2019-09-20 21:09:31'),
(1152, 114, 4, '2019-09-23 00:01:32', '2019-09-23 00:01:32'),
(1153, 114, 23, '2019-09-23 00:01:49', '2019-09-23 00:01:49'),
(1154, 114, 22, '2019-09-23 00:07:15', '2019-09-23 00:07:15'),
(1155, 114, 6, '2019-09-23 01:31:57', '2019-09-23 01:31:57'),
(1156, 209, 7, '2019-09-23 06:55:37', '2019-09-23 06:55:37'),
(1157, 210, 7, '2019-09-23 08:42:17', '2019-09-23 08:42:17'),
(1158, 210, 1, '2019-09-23 08:43:16', '2019-09-23 08:43:16'),
(1159, 210, 2, '2019-09-23 08:44:30', '2019-09-23 08:44:30'),
(1160, 210, 4, '2019-09-23 08:47:33', '2019-09-23 08:47:33'),
(1161, 210, 6, '2019-09-23 08:48:08', '2019-09-23 08:48:08'),
(1162, 210, 7, '2019-09-23 08:48:28', '2019-09-23 08:48:28'),
(1163, 211, 3, '2019-09-23 18:13:37', '2019-09-23 18:13:37'),
(1164, 211, 2, '2019-09-23 18:14:25', '2019-09-23 18:14:25'),
(1165, 211, 1, '2019-09-23 18:15:01', '2019-09-23 18:15:01'),
(1166, 211, 2, '2019-09-23 18:15:29', '2019-09-23 18:15:29'),
(1167, 207, 17, '2019-09-24 20:52:44', '2019-09-24 20:52:44'),
(1168, 207, 18, '2019-09-24 20:53:03', '2019-09-24 20:53:03'),
(1169, 207, 21, '2019-09-24 21:11:11', '2019-09-24 21:11:11'),
(1170, 207, 20, '2019-09-24 21:11:22', '2019-09-24 21:11:22'),
(1171, 212, 4, '2019-09-27 16:32:36', '2019-09-27 16:32:36'),
(1172, 212, 7, '2019-09-27 16:33:19', '2019-09-27 16:33:19'),
(1173, 213, 9, '2019-09-27 20:54:18', '2019-09-27 20:54:18'),
(1174, 213, 8, '2019-09-27 20:57:49', '2019-09-27 20:57:49'),
(1175, 213, 2, '2019-09-27 20:57:53', '2019-09-27 20:57:53'),
(1176, 213, 1, '2019-09-27 21:01:26', '2019-09-27 21:01:26'),
(1177, 213, 10, '2019-09-27 21:02:37', '2019-09-27 21:02:37'),
(1178, 213, 11, '2019-09-27 21:04:22', '2019-09-27 21:04:22'),
(1179, 213, 3, '2019-09-27 21:10:30', '2019-09-27 21:10:30'),
(1180, 213, 12, '2019-09-27 21:13:32', '2019-09-27 21:13:32'),
(1181, 213, 16, '2019-09-27 21:15:07', '2019-09-27 21:15:07'),
(1182, 213, 2, '2019-09-27 21:15:32', '2019-09-27 21:15:32'),
(1183, 213, 12, '2019-09-27 21:15:46', '2019-09-27 21:15:46'),
(1184, 213, 13, '2019-09-27 21:17:06', '2019-09-27 21:17:06'),
(1185, 213, 17, '2019-09-27 21:17:51', '2019-09-27 21:17:51'),
(1186, 213, 18, '2019-09-27 21:18:52', '2019-09-27 21:18:52'),
(1187, 213, 21, '2019-09-27 21:24:17', '2019-09-27 21:24:17'),
(1188, 213, 4, '2019-09-27 21:25:20', '2019-09-27 21:25:20'),
(1189, 213, 15, '2019-09-27 21:25:34', '2019-09-27 21:25:34'),
(1190, 213, 23, '2019-09-27 21:26:04', '2019-09-27 21:26:04'),
(1191, 213, 5, '2019-09-27 21:27:31', '2019-09-27 21:27:31'),
(1192, 213, 6, '2019-09-27 21:28:21', '2019-09-27 21:28:21'),
(1193, 213, 7, '2019-09-27 21:29:05', '2019-09-27 21:29:05'),
(1194, 214, 1, '2019-09-28 04:32:15', '2019-09-28 04:32:15'),
(1195, 214, 2, '2019-09-28 04:34:40', '2019-09-28 04:34:40'),
(1196, 214, 7, '2019-09-28 04:36:09', '2019-09-28 04:36:09'),
(1197, 215, 4, '2019-09-29 01:55:43', '2019-09-29 01:55:43'),
(1198, 215, 1, '2019-09-29 01:57:25', '2019-09-29 01:57:25'),
(1199, 215, 2, '2019-09-29 01:58:21', '2019-09-29 01:58:21'),
(1200, 215, 6, '2019-09-29 01:58:38', '2019-09-29 01:58:38'),
(1201, 215, 4, '2019-09-29 01:59:09', '2019-09-29 01:59:09'),
(1202, 215, 5, '2019-09-29 01:59:40', '2019-09-29 01:59:40'),
(1203, 215, 5, '2019-09-29 02:00:41', '2019-09-29 02:00:41'),
(1204, 215, 3, '2019-09-29 02:01:51', '2019-09-29 02:01:51'),
(1205, 215, 3, '2019-09-29 02:02:13', '2019-09-29 02:02:13'),
(1206, 215, 7, '2019-09-29 02:02:57', '2019-09-29 02:02:57'),
(1207, 214, 1, '2019-09-29 09:52:35', '2019-09-29 09:52:35'),
(1208, 214, 2, '2019-09-29 09:53:55', '2019-09-29 09:53:55'),
(1209, 214, 1, '2019-09-29 10:13:25', '2019-09-29 10:13:25'),
(1210, 216, 7, '2019-09-30 20:43:31', '2019-09-30 20:43:31'),
(1211, 216, 6, '2019-09-30 20:43:56', '2019-09-30 20:43:56'),
(1212, 216, 5, '2019-09-30 20:44:42', '2019-09-30 20:44:42'),
(1213, 216, 4, '2019-09-30 20:45:18', '2019-09-30 20:45:18'),
(1214, 216, 3, '2019-09-30 20:45:38', '2019-09-30 20:45:38'),
(1215, 216, 2, '2019-09-30 20:46:08', '2019-09-30 20:46:08'),
(1216, 216, 1, '2019-09-30 20:46:24', '2019-09-30 20:46:24'),
(1217, 217, 1, '2019-10-01 20:27:57', '2019-10-01 20:27:57'),
(1218, 217, 2, '2019-10-01 20:29:21', '2019-10-01 20:29:21'),
(1219, 217, 6, '2019-10-01 20:30:41', '2019-10-01 20:30:41'),
(1220, 217, 4, '2019-10-01 20:31:13', '2019-10-01 20:31:13'),
(1221, 217, 5, '2019-10-01 20:31:29', '2019-10-01 20:31:29'),
(1222, 217, 3, '2019-10-01 20:31:48', '2019-10-01 20:31:48'),
(1223, 216, 7, '2019-10-02 00:14:41', '2019-10-02 00:14:41'),
(1224, 216, 6, '2019-10-02 00:15:59', '2019-10-02 00:15:59'),
(1225, 218, 2, '2019-10-26 00:56:57', '2019-10-26 00:56:57'),
(1226, 218, 2, '2019-10-26 00:58:06', '2019-10-26 00:58:06'),
(1227, 218, 1, '2019-10-26 00:58:37', '2019-10-26 00:58:37'),
(1228, 219, 4, '2019-10-26 23:54:05', '2019-10-26 23:54:05'),
(1229, 219, 5, '2019-10-26 23:56:58', '2019-10-26 23:56:58'),
(1230, 219, 5, '2019-10-26 23:57:32', '2019-10-26 23:57:32'),
(1231, 219, 4, '2019-10-26 23:59:50', '2019-10-26 23:59:50'),
(1232, 219, 4, '2019-10-27 00:04:38', '2019-10-27 00:04:38'),
(1233, 219, 4, '2019-10-27 00:05:01', '2019-10-27 00:05:01'),
(1234, 219, 6, '2019-10-27 00:34:00', '2019-10-27 00:34:00'),
(1235, 219, 6, '2019-10-27 00:34:18', '2019-10-27 00:34:18'),
(1236, 219, 5, '2019-10-27 00:36:49', '2019-10-27 00:36:49'),
(1237, 219, 4, '2019-10-27 00:37:33', '2019-10-27 00:37:33'),
(1238, 219, 4, '2019-10-27 00:38:47', '2019-10-27 00:38:47'),
(1239, 219, 6, '2019-10-27 00:39:03', '2019-10-27 00:39:03'),
(1240, 219, 5, '2019-10-27 00:45:18', '2019-10-27 00:45:18'),
(1241, 219, 4, '2019-10-27 00:49:33', '2019-10-27 00:49:33'),
(1242, 220, 4, '2019-10-27 10:35:17', '2019-10-27 10:35:17'),
(1243, 220, 5, '2019-10-27 10:37:02', '2019-10-27 10:37:02'),
(1244, 220, 6, '2019-10-27 10:37:36', '2019-10-27 10:37:36'),
(1245, 221, 7, '2019-10-27 20:14:05', '2019-10-27 20:14:05'),
(1246, 213, 7, '2019-10-28 16:34:06', '2019-10-28 16:34:06'),
(1247, 213, 6, '2019-10-28 16:34:59', '2019-10-28 16:34:59'),
(1248, 213, 5, '2019-10-28 16:35:26', '2019-10-28 16:35:26'),
(1249, 213, 1, '2019-10-28 16:35:44', '2019-10-28 16:35:44'),
(1250, 213, 11, '2019-10-28 16:35:57', '2019-10-28 16:35:57'),
(1251, 213, 10, '2019-10-28 16:36:04', '2019-10-28 16:36:04'),
(1252, 213, 6, '2019-10-28 16:36:13', '2019-10-28 16:36:13'),
(1253, 213, 5, '2019-10-28 16:36:20', '2019-10-28 16:36:20'),
(1254, 213, 4, '2019-10-28 16:36:33', '2019-10-28 16:36:33'),
(1255, 213, 4, '2019-10-28 16:36:40', '2019-10-28 16:36:40'),
(1256, 213, 3, '2019-10-28 16:36:47', '2019-10-28 16:36:47'),
(1257, 213, 21, '2019-10-28 16:37:06', '2019-10-28 16:37:06'),
(1258, 213, 20, '2019-10-28 17:58:58', '2019-10-28 17:58:58'),
(1259, 213, 19, '2019-10-28 18:07:57', '2019-10-28 18:07:57'),
(1260, 213, 18, '2019-10-29 07:30:47', '2019-10-29 07:30:47'),
(1261, 213, 16, '2019-10-29 07:31:18', '2019-10-29 07:31:18'),
(1262, 222, 8, '2019-10-29 11:24:29', '2019-10-29 11:24:29'),
(1263, 222, 1, '2019-10-29 11:25:51', '2019-10-29 11:25:51'),
(1264, 222, 10, '2019-10-29 11:26:50', '2019-10-29 11:26:50'),
(1265, 222, 11, '2019-10-29 11:27:47', '2019-10-29 11:27:47'),
(1266, 222, 2, '2019-10-29 11:28:26', '2019-10-29 11:28:26'),
(1267, 222, 2, '2019-10-29 11:28:37', '2019-10-29 11:28:37'),
(1268, 222, 3, '2019-10-29 11:29:09', '2019-10-29 11:29:09'),
(1269, 222, 7, '2019-10-29 11:29:29', '2019-10-29 11:29:29'),
(1270, 222, 7, '2019-10-29 16:40:12', '2019-10-29 16:40:12'),
(1271, 213, 7, '2019-10-29 18:46:10', '2019-10-29 18:46:10'),
(1272, 213, 6, '2019-10-29 18:50:38', '2019-10-29 18:50:38'),
(1273, 213, 5, '2019-10-29 18:52:50', '2019-10-29 18:52:50'),
(1274, 213, 4, '2019-10-29 18:59:19', '2019-10-29 18:59:19'),
(1275, 213, 4, '2019-10-29 19:02:53', '2019-10-29 19:02:53'),
(1276, 213, 22, '2019-10-29 19:04:14', '2019-10-29 19:04:14'),
(1277, 213, 23, '2019-10-29 19:06:01', '2019-10-29 19:06:01'),
(1278, 213, 3, '2019-10-29 19:09:06', '2019-10-29 19:09:06'),
(1279, 213, 3, '2019-10-29 19:18:40', '2019-10-29 19:18:40'),
(1280, 213, 16, '2019-10-29 19:26:13', '2019-10-29 19:26:13'),
(1281, 213, 17, '2019-10-29 19:28:21', '2019-10-29 19:28:21'),
(1282, 213, 18, '2019-10-29 19:29:03', '2019-10-29 19:29:03'),
(1283, 213, 19, '2019-10-29 19:31:12', '2019-10-29 19:31:12'),
(1284, 213, 19, '2019-10-29 20:04:15', '2019-10-29 20:04:15'),
(1285, 213, 20, '2019-10-29 20:05:05', '2019-10-29 20:05:05'),
(1286, 213, 21, '2019-10-29 20:07:13', '2019-10-29 20:07:13'),
(1287, 213, 2, '2019-10-29 20:07:55', '2019-10-29 20:07:55'),
(1288, 213, 2, '2019-10-29 20:08:02', '2019-10-29 20:08:02'),
(1289, 213, 12, '2019-10-29 20:08:24', '2019-10-29 20:08:24'),
(1290, 213, 12, '2019-10-29 20:08:28', '2019-10-29 20:08:28'),
(1291, 213, 13, '2019-10-29 20:08:42', '2019-10-29 20:08:42'),
(1292, 213, 14, '2019-10-29 20:28:09', '2019-10-29 20:28:09'),
(1293, 213, 15, '2019-10-29 23:53:02', '2019-10-29 23:53:02'),
(1294, 213, 1, '2019-10-29 23:53:46', '2019-10-29 23:53:46'),
(1295, 213, 8, '2019-10-29 23:57:05', '2019-10-29 23:57:05'),
(1296, 213, 9, '2019-10-29 23:57:53', '2019-10-29 23:57:53'),
(1297, 213, 10, '2019-10-29 23:58:23', '2019-10-29 23:58:23'),
(1298, 213, 11, '2019-10-29 23:59:27', '2019-10-29 23:59:27'),
(1299, 213, 7, '2019-10-30 00:00:33', '2019-10-30 00:00:33'),
(1300, 223, 6, '2019-10-31 11:31:51', '2019-10-31 11:31:51'),
(1301, 223, 2, '2019-10-31 11:51:22', '2019-10-31 11:51:22'),
(1302, 223, 14, '2019-10-31 11:51:51', '2019-10-31 11:51:51'),
(1303, 223, 15, '2019-10-31 11:52:53', '2019-10-31 11:52:53'),
(1304, 223, 6, '2019-10-31 11:58:10', '2019-10-31 11:58:10'),
(1305, 223, 7, '2019-10-31 11:58:23', '2019-10-31 11:58:23'),
(1306, 223, 6, '2019-10-31 11:58:36', '2019-10-31 11:58:36'),
(1307, 223, 2, '2019-10-31 12:16:11', '2019-10-31 12:16:11'),
(1308, 223, 13, '2019-10-31 12:16:22', '2019-10-31 12:16:22'),
(1309, 223, 14, '2019-10-31 12:17:27', '2019-10-31 12:17:27'),
(1310, 223, 6, '2019-10-31 16:03:22', '2019-10-31 16:03:22'),
(1311, 223, 6, '2019-10-31 16:30:47', '2019-10-31 16:30:47'),
(1312, 223, 3, '2019-10-31 16:30:59', '2019-10-31 16:30:59'),
(1313, 223, 4, '2019-10-31 16:31:01', '2019-10-31 16:31:01'),
(1314, 223, 5, '2019-10-31 16:31:03', '2019-10-31 16:31:03'),
(1315, 223, 21, '2019-10-31 16:31:19', '2019-10-31 16:31:19'),
(1316, 223, 4, '2019-10-31 16:31:27', '2019-10-31 16:31:27'),
(1317, 223, 5, '2019-10-31 16:31:45', '2019-10-31 16:31:45'),
(1318, 223, 2, '2019-10-31 16:31:59', '2019-10-31 16:31:59'),
(1319, 223, 19, '2019-10-31 16:32:44', '2019-10-31 16:32:44'),
(1320, 223, 14, '2019-10-31 16:35:55', '2019-10-31 16:35:55'),
(1321, 224, 7, '2019-10-31 19:43:01', '2019-10-31 19:43:01'),
(1322, 224, 2, '2019-10-31 19:45:35', '2019-10-31 19:45:35'),
(1323, 225, 5, '2019-11-02 02:03:54', '2019-11-02 02:03:54'),
(1324, 224, 7, '2019-11-02 03:18:30', '2019-11-02 03:18:30'),
(1325, 226, 7, '2019-11-02 04:06:33', '2019-11-02 04:06:33'),
(1326, 227, 3, '2019-11-02 08:17:30', '2019-11-02 08:17:30'),
(1327, 227, 4, '2019-11-02 08:18:02', '2019-11-02 08:18:02'),
(1328, 227, 1, '2019-11-02 23:35:51', '2019-11-02 23:35:51'),
(1329, 227, 2, '2019-11-02 23:36:33', '2019-11-02 23:36:33'),
(1330, 227, 7, '2019-11-02 23:36:47', '2019-11-02 23:36:47'),
(1331, 227, 7, '2019-11-02 23:36:55', '2019-11-02 23:36:55'),
(1332, 227, 6, '2019-11-02 23:37:03', '2019-11-02 23:37:03'),
(1333, 227, 6, '2019-11-02 23:37:04', '2019-11-02 23:37:04'),
(1334, 227, 4, '2019-11-02 23:37:50', '2019-11-02 23:37:50'),
(1335, 227, 2, '2019-11-02 23:38:27', '2019-11-02 23:38:27'),
(1336, 227, 1, '2019-11-02 23:38:42', '2019-11-02 23:38:42'),
(1337, 227, 1, '2019-11-02 23:38:44', '2019-11-02 23:38:44'),
(1338, 223, 6, '2019-11-04 09:58:30', '2019-11-04 09:58:30'),
(1339, 223, 4, '2019-11-04 09:58:38', '2019-11-04 09:58:38'),
(1340, 228, 7, '2019-11-05 03:47:46', '2019-11-05 03:47:46'),
(1341, 228, 1, '2019-11-05 03:48:39', '2019-11-05 03:48:39'),
(1342, 223, 21, '2019-11-05 09:30:42', '2019-11-05 09:30:42'),
(1343, 223, 20, '2019-11-05 09:31:31', '2019-11-05 09:31:31'),
(1344, 223, 1, '2019-11-05 09:31:51', '2019-11-05 09:31:51'),
(1345, 223, 11, '2019-11-05 09:31:59', '2019-11-05 09:31:59'),
(1346, 223, 9, '2019-11-05 09:34:28', '2019-11-05 09:34:28'),
(1347, 223, 10, '2019-11-05 09:34:48', '2019-11-05 09:34:48'),
(1348, 223, 11, '2019-11-05 09:36:41', '2019-11-05 09:36:41'),
(1349, 229, 5, '2019-11-11 02:41:40', '2019-11-11 02:41:40'),
(1350, 229, 2, '2019-11-11 02:42:44', '2019-11-11 02:42:44'),
(1351, 230, 7, '2019-11-12 21:04:45', '2019-11-12 21:04:45'),
(1352, 230, 7, '2019-11-12 21:06:12', '2019-11-12 21:06:12'),
(1353, 231, 7, '2019-11-12 21:37:13', '2019-11-12 21:37:13'),
(1354, 234, 1, '2019-11-14 07:05:06', '2019-11-14 07:05:06'),
(1355, 234, 2, '2019-11-14 07:05:32', '2019-11-14 07:05:32'),
(1356, 234, 3, '2019-11-14 07:05:44', '2019-11-14 07:05:44'),
(1357, 234, 4, '2019-11-14 07:06:07', '2019-11-14 07:06:07'),
(1358, 235, 2, '2019-11-15 00:48:36', '2019-11-15 00:48:36'),
(1359, 235, 6, '2019-11-15 00:50:10', '2019-11-15 00:50:10'),
(1360, 235, 1, '2019-11-15 00:51:36', '2019-11-15 00:51:36'),
(1361, 235, 3, '2019-11-15 00:53:23', '2019-11-15 00:53:23'),
(1362, 237, 4, '2019-11-15 23:27:18', '2019-11-15 23:27:18'),
(1363, 237, 3, '2019-11-15 23:27:56', '2019-11-15 23:27:56'),
(1364, 238, 1, '2019-11-16 05:46:21', '2019-11-16 05:46:21'),
(1365, 238, 1, '2019-11-16 05:50:00', '2019-11-16 05:50:00'),
(1366, 235, 1, '2019-11-17 20:31:51', '2019-11-17 20:31:51'),
(1367, 235, 2, '2019-11-17 20:33:27', '2019-11-17 20:33:27'),
(1368, 235, 1, '2019-11-17 20:38:44', '2019-11-17 20:38:44'),
(1369, 235, 3, '2019-11-17 20:38:50', '2019-11-17 20:38:50'),
(1370, 235, 4, '2019-11-17 20:38:52', '2019-11-17 20:38:52'),
(1371, 235, 5, '2019-11-17 20:38:54', '2019-11-17 20:38:54'),
(1372, 235, 6, '2019-11-17 20:38:57', '2019-11-17 20:38:57'),
(1373, 235, 2, '2019-11-17 20:41:52', '2019-11-17 20:41:52'),
(1374, 235, 12, '2019-11-17 20:42:12', '2019-11-17 20:42:12'),
(1375, 224, 4, '2019-11-18 00:47:19', '2019-11-18 00:47:19'),
(1376, 224, 7, '2019-11-18 00:48:23', '2019-11-18 00:48:23'),
(1377, 239, 1, '2019-11-18 04:56:08', '2019-11-18 04:56:08'),
(1378, 239, 2, '2019-11-18 04:58:33', '2019-11-18 04:58:33'),
(1379, 239, 3, '2019-11-18 04:59:10', '2019-11-18 04:59:10'),
(1380, 239, 1, '2019-11-18 04:59:46', '2019-11-18 04:59:46'),
(1381, 239, 7, '2019-11-18 05:00:09', '2019-11-18 05:00:09'),
(1382, 239, 1, '2019-11-18 05:54:48', '2019-11-18 05:54:48'),
(1383, 78, 7, '2019-11-18 10:24:03', '2019-11-18 10:24:03'),
(1384, 78, 6, '2019-11-18 10:24:47', '2019-11-18 10:24:47'),
(1385, 78, 7, '2019-11-18 10:25:16', '2019-11-18 10:25:16'),
(1386, 78, 3, '2019-11-18 10:26:39', '2019-11-18 10:26:39'),
(1387, 240, 7, '2019-11-19 01:28:14', '2019-11-19 01:28:14'),
(1388, 231, 7, '2019-11-19 06:03:00', '2019-11-19 06:03:00'),
(1389, 231, 7, '2019-11-19 06:03:08', '2019-11-19 06:03:08'),
(1390, 231, 7, '2019-11-19 06:04:13', '2019-11-19 06:04:13'),
(1391, 5, 3, '2019-11-21 21:07:42', '2019-11-21 21:07:42'),
(1392, 5, 18, '2019-11-21 21:08:03', '2019-11-21 21:08:03'),
(1393, 5, 18, '2019-11-21 21:08:03', '2019-11-21 21:08:03'),
(1394, 241, 4, '2019-11-23 07:12:11', '2019-11-23 07:12:11'),
(1395, 241, 7, '2019-11-23 07:14:09', '2019-11-23 07:14:09'),
(1396, 241, 1, '2019-11-23 07:14:48', '2019-11-23 07:14:48'),
(1397, 241, 6, '2019-11-23 07:15:32', '2019-11-23 07:15:32'),
(1398, 242, 5, '2019-11-25 03:25:54', '2019-11-25 03:25:54'),
(1399, 242, 5, '2019-11-25 03:28:42', '2019-11-25 03:28:42'),
(1400, 242, 5, '2019-11-25 03:29:29', '2019-11-25 03:29:29'),
(1401, 242, 4, '2019-11-25 03:29:42', '2019-11-25 03:29:42'),
(1402, 242, 6, '2019-11-25 03:33:32', '2019-11-25 03:33:32'),
(1403, 242, 1, '2019-11-25 04:14:06', '2019-11-25 04:14:06'),
(1404, 242, 2, '2019-11-25 04:15:00', '2019-11-25 04:15:00'),
(1405, 243, 1, '2019-11-26 21:32:42', '2019-11-26 21:32:42'),
(1406, 243, 7, '2019-11-26 21:34:33', '2019-11-26 21:34:33'),
(1407, 244, 5, '2019-11-28 07:31:44', '2019-11-28 07:31:44'),
(1408, 244, 3, '2019-11-28 07:32:13', '2019-11-28 07:32:13'),
(1409, 244, 1, '2019-11-28 07:32:43', '2019-11-28 07:32:43'),
(1410, 244, 2, '2019-11-28 07:33:55', '2019-11-28 07:33:55'),
(1411, 244, 6, '2019-11-28 07:34:09', '2019-11-28 07:34:09'),
(1412, 244, 6, '2019-11-28 07:34:33', '2019-11-28 07:34:33'),
(1413, 244, 4, '2019-11-28 07:34:50', '2019-11-28 07:34:50'),
(1414, 244, 7, '2019-11-28 07:35:48', '2019-11-28 07:35:48'),
(1415, 245, 3, '2019-11-28 20:56:21', '2019-11-28 20:56:21'),
(1416, 245, 6, '2019-11-28 20:57:31', '2019-11-28 20:57:31'),
(1417, 245, 7, '2019-11-28 20:58:10', '2019-11-28 20:58:10'),
(1418, 245, 5, '2019-11-28 20:58:27', '2019-11-28 20:58:27'),
(1419, 245, 4, '2019-11-28 20:58:32', '2019-11-28 20:58:32'),
(1420, 245, 2, '2019-11-28 20:58:38', '2019-11-28 20:58:38'),
(1421, 245, 1, '2019-11-28 20:58:42', '2019-11-28 20:58:42'),
(1422, 244, 5, '2019-11-29 06:33:06', '2019-11-29 06:33:06'),
(1423, 244, 4, '2019-11-29 09:35:56', '2019-11-29 09:35:56'),
(1424, 244, 6, '2019-11-29 09:36:19', '2019-11-29 09:36:19'),
(1425, 244, 5, '2019-11-29 09:38:38', '2019-11-29 09:38:38'),
(1426, 244, 1, '2019-11-29 09:39:16', '2019-11-29 09:39:16'),
(1427, 244, 6, '2019-11-29 09:41:28', '2019-11-29 09:41:28'),
(1428, 244, 2, '2019-11-29 09:43:28', '2019-11-29 09:43:28'),
(1429, 246, 2, '2019-11-30 11:22:29', '2019-11-30 11:22:29'),
(1430, 246, 3, '2019-11-30 11:22:56', '2019-11-30 11:22:56'),
(1431, 246, 4, '2019-11-30 11:23:27', '2019-11-30 11:23:27'),
(1432, 246, 7, '2019-11-30 11:24:21', '2019-11-30 11:24:21'),
(1433, 247, 1, '2019-12-01 01:46:48', '2019-12-01 01:46:48'),
(1434, 247, 2, '2019-12-01 01:47:39', '2019-12-01 01:47:39'),
(1435, 247, 3, '2019-12-01 01:48:22', '2019-12-01 01:48:22'),
(1436, 247, 4, '2019-12-01 01:49:47', '2019-12-01 01:49:47'),
(1437, 247, 5, '2019-12-01 01:50:08', '2019-12-01 01:50:08'),
(1438, 247, 6, '2019-12-01 01:50:21', '2019-12-01 01:50:21'),
(1439, 247, 1, '2019-12-01 01:50:38', '2019-12-01 01:50:38'),
(1440, 247, 7, '2019-12-01 01:51:00', '2019-12-01 01:51:00'),
(1441, 246, 3, '2019-12-01 05:30:36', '2019-12-01 05:30:36'),
(1442, 246, 1, '2019-12-01 05:30:53', '2019-12-01 05:30:53'),
(1443, 246, 2, '2019-12-01 05:32:12', '2019-12-01 05:32:12'),
(1444, 246, 3, '2019-12-01 05:32:54', '2019-12-01 05:32:54'),
(1445, 246, 4, '2019-12-01 05:33:44', '2019-12-01 05:33:44'),
(1446, 246, 5, '2019-12-01 05:34:45', '2019-12-01 05:34:45'),
(1447, 248, 1, '2019-12-01 19:53:26', '2019-12-01 19:53:26'),
(1448, 248, 4, '2019-12-01 19:54:02', '2019-12-01 19:54:02'),
(1449, 242, 11, '2019-12-01 21:38:10', '2019-12-01 21:38:10'),
(1450, 242, 2, '2019-12-01 21:39:11', '2019-12-01 21:39:11'),
(1451, 242, 15, '2019-12-01 21:40:56', '2019-12-01 21:40:56'),
(1452, 242, 12, '2019-12-01 21:41:27', '2019-12-01 21:41:27'),
(1453, 242, 1, '2019-12-01 21:42:02', '2019-12-01 21:42:02'),
(1454, 242, 9, '2019-12-01 21:42:21', '2019-12-01 21:42:21'),
(1455, 242, 1, '2019-12-01 21:42:57', '2019-12-01 21:42:57'),
(1456, 242, 10, '2019-12-01 21:43:05', '2019-12-01 21:43:05'),
(1457, 242, 2, '2019-12-01 21:43:44', '2019-12-01 21:43:44'),
(1458, 242, 2, '2019-12-01 21:43:52', '2019-12-01 21:43:52'),
(1459, 242, 12, '2019-12-01 21:44:16', '2019-12-01 21:44:16'),
(1460, 242, 6, '2019-12-01 21:45:17', '2019-12-01 21:45:17'),
(1461, 242, 5, '2019-12-01 21:45:26', '2019-12-01 21:45:26'),
(1462, 242, 4, '2019-12-01 21:45:47', '2019-12-01 21:45:47'),
(1463, 242, 23, '2019-12-01 21:45:58', '2019-12-01 21:45:58'),
(1464, 242, 22, '2019-12-01 21:46:39', '2019-12-01 21:46:39'),
(1465, 242, 1, '2019-12-01 21:47:13', '2019-12-01 21:47:13'),
(1466, 242, 7, '2019-12-01 21:47:27', '2019-12-01 21:47:27'),
(1467, 242, 7, '2019-12-01 21:48:16', '2019-12-01 21:48:16'),
(1468, 250, 1, '2019-12-03 05:23:10', '2019-12-03 05:23:10'),
(1469, 250, 1, '2019-12-03 05:23:34', '2019-12-03 05:23:34'),
(1470, 250, 3, '2019-12-03 05:23:53', '2019-12-03 05:23:53'),
(1471, 250, 16, '2019-12-03 05:24:10', '2019-12-03 05:24:10'),
(1472, 251, 1, '2019-12-03 21:36:34', '2019-12-03 21:36:34'),
(1473, 251, 1, '2019-12-03 21:45:16', '2019-12-03 21:45:16'),
(1474, 251, 7, '2019-12-03 21:45:33', '2019-12-03 21:45:33'),
(1475, 251, 6, '2019-12-03 21:45:57', '2019-12-03 21:45:57'),
(1476, 251, 7, '2019-12-03 21:46:49', '2019-12-03 21:46:49'),
(1477, 251, 3, '2019-12-03 21:48:49', '2019-12-03 21:48:49'),
(1478, 244, 4, '2019-12-03 23:09:00', '2019-12-03 23:09:00'),
(1479, 244, 6, '2019-12-03 23:11:01', '2019-12-03 23:11:01'),
(1480, 244, 3, '2019-12-03 23:11:32', '2019-12-03 23:11:32'),
(1481, 244, 1, '2019-12-03 23:12:11', '2019-12-03 23:12:11'),
(1482, 244, 5, '2019-12-03 23:12:35', '2019-12-03 23:12:35'),
(1483, 251, 3, '2019-12-03 23:23:54', '2019-12-03 23:23:54'),
(1484, 251, 3, '2019-12-03 23:24:15', '2019-12-03 23:24:15'),
(1485, 251, 1, '2019-12-03 23:24:34', '2019-12-03 23:24:34'),
(1486, 251, 2, '2019-12-03 23:24:50', '2019-12-03 23:24:50'),
(1487, 251, 3, '2019-12-03 23:25:05', '2019-12-03 23:25:05'),
(1488, 251, 4, '2019-12-03 23:25:12', '2019-12-03 23:25:12'),
(1489, 251, 5, '2019-12-03 23:25:23', '2019-12-03 23:25:23'),
(1490, 251, 6, '2019-12-03 23:25:37', '2019-12-03 23:25:37'),
(1491, 251, 7, '2019-12-03 23:25:50', '2019-12-03 23:25:50'),
(1492, 257, 1, '2019-12-08 23:17:12', '2019-12-08 23:17:12'),
(1493, 258, 7, '2019-12-09 01:48:14', '2019-12-09 01:48:14'),
(1494, 258, 2, '2019-12-09 01:49:04', '2019-12-09 01:49:04'),
(1495, 261, 7, '2019-12-09 23:55:09', '2019-12-09 23:55:09'),
(1496, 261, 1, '2019-12-09 23:55:51', '2019-12-09 23:55:51'),
(1497, 261, 2, '2019-12-09 23:56:09', '2019-12-09 23:56:09'),
(1498, 261, 7, '2019-12-09 23:56:30', '2019-12-09 23:56:30'),
(1499, 261, 4, '2019-12-09 23:58:18', '2019-12-09 23:58:18'),
(1500, 261, 5, '2019-12-09 23:58:46', '2019-12-09 23:58:46'),
(1501, 261, 6, '2019-12-09 23:59:27', '2019-12-09 23:59:27'),
(1502, 261, 6, '2019-12-10 00:33:07', '2019-12-10 00:33:07'),
(1503, 261, 6, '2019-12-10 00:35:22', '2019-12-10 00:35:22'),
(1504, 262, 7, '2019-12-10 00:41:01', '2019-12-10 00:41:01'),
(1505, 262, 1, '2019-12-10 00:42:04', '2019-12-10 00:42:04'),
(1506, 262, 6, '2019-12-10 00:44:39', '2019-12-10 00:44:39'),
(1507, 262, 2, '2019-12-10 00:45:55', '2019-12-10 00:45:55'),
(1508, 262, 4, '2019-12-10 00:49:00', '2019-12-10 00:49:00'),
(1509, 262, 7, '2019-12-10 00:50:15', '2019-12-10 00:50:15'),
(1510, 264, 7, '2019-12-10 20:24:21', '2019-12-10 20:24:21'),
(1511, 264, 7, '2019-12-10 20:25:51', '2019-12-10 20:25:51'),
(1512, 265, 7, '2019-12-11 02:36:49', '2019-12-11 02:36:49'),
(1513, 265, 1, '2019-12-11 02:38:31', '2019-12-11 02:38:31'),
(1514, 265, 4, '2019-12-11 02:39:37', '2019-12-11 02:39:37'),
(1515, 265, 6, '2019-12-11 02:39:49', '2019-12-11 02:39:49'),
(1516, 265, 7, '2019-12-11 02:40:10', '2019-12-11 02:40:10'),
(1517, 268, 7, '2019-12-11 20:27:06', '2019-12-11 20:27:06'),
(1518, 268, 6, '2019-12-11 20:27:47', '2019-12-11 20:27:47'),
(1519, 268, 1, '2019-12-11 20:28:00', '2019-12-11 20:28:00'),
(1520, 269, 4, '2019-12-12 07:20:19', '2019-12-12 07:20:19'),
(1521, 269, 4, '2019-12-12 07:21:56', '2019-12-12 07:21:56'),
(1522, 269, 4, '2019-12-12 07:22:41', '2019-12-12 07:22:41'),
(1523, 269, 2, '2019-12-12 07:23:00', '2019-12-12 07:23:00'),
(1524, 269, 6, '2019-12-12 07:23:18', '2019-12-12 07:23:18'),
(1525, 269, 7, '2019-12-12 07:23:59', '2019-12-12 07:23:59'),
(1526, 269, 4, '2019-12-12 07:24:15', '2019-12-12 07:24:15'),
(1527, 269, 3, '2019-12-12 07:29:13', '2019-12-12 07:29:13'),
(1528, 269, 1, '2019-12-12 07:30:28', '2019-12-12 07:30:28'),
(1529, 269, 4, '2019-12-12 07:32:32', '2019-12-12 07:32:32'),
(1530, 269, 4, '2019-12-12 07:33:32', '2019-12-12 07:33:32'),
(1531, 269, 6, '2019-12-12 07:34:17', '2019-12-12 07:34:17'),
(1532, 269, 6, '2019-12-12 07:35:28', '2019-12-12 07:35:28'),
(1533, 269, 1, '2019-12-12 07:35:51', '2019-12-12 07:35:51'),
(1534, 269, 4, '2019-12-12 07:36:58', '2019-12-12 07:36:58'),
(1535, 270, 7, '2019-12-12 07:44:57', '2019-12-12 07:44:57'),
(1536, 270, 5, '2019-12-12 07:45:39', '2019-12-12 07:45:39'),
(1537, 270, 1, '2019-12-12 07:46:23', '2019-12-12 07:46:23'),
(1538, 270, 2, '2019-12-12 07:47:08', '2019-12-12 07:47:08'),
(1539, 270, 3, '2019-12-12 07:47:53', '2019-12-12 07:47:53'),
(1540, 270, 2, '2019-12-12 07:48:20', '2019-12-12 07:48:20'),
(1541, 270, 4, '2019-12-12 07:48:35', '2019-12-12 07:48:35'),
(1542, 270, 5, '2019-12-12 07:48:51', '2019-12-12 07:48:51'),
(1543, 270, 6, '2019-12-12 07:49:04', '2019-12-12 07:49:04'),
(1544, 270, 7, '2019-12-12 07:49:14', '2019-12-12 07:49:14'),
(1545, 271, 7, '2019-12-13 00:28:19', '2019-12-13 00:28:19'),
(1546, 271, 6, '2019-12-13 00:28:46', '2019-12-13 00:28:46'),
(1547, 271, 5, '2019-12-13 00:29:24', '2019-12-13 00:29:24'),
(1548, 271, 4, '2019-12-13 00:29:52', '2019-12-13 00:29:52'),
(1549, 271, 3, '2019-12-13 00:30:27', '2019-12-13 00:30:27'),
(1550, 271, 21, '2019-12-13 00:31:06', '2019-12-13 00:31:06'),
(1551, 271, 16, '2019-12-13 00:31:25', '2019-12-13 00:31:25'),
(1552, 271, 2, '2019-12-13 00:31:41', '2019-12-13 00:31:41'),
(1553, 271, 1, '2019-12-13 00:32:07', '2019-12-13 00:32:07'),
(1554, 273, 6, '2019-12-14 01:22:42', '2019-12-14 01:22:42'),
(1555, 274, 7, '2019-12-14 01:28:28', '2019-12-14 01:28:28'),
(1556, 276, 1, '2019-12-15 23:02:47', '2019-12-15 23:02:47'),
(1557, 281, 6, '2019-12-17 21:25:57', '2019-12-17 21:25:57'),
(1558, 281, 5, '2019-12-17 21:26:36', '2019-12-17 21:26:36'),
(1559, 281, 4, '2019-12-17 21:40:26', '2019-12-17 21:40:26'),
(1560, 281, 7, '2019-12-17 21:41:51', '2019-12-17 21:41:51'),
(1561, 281, 6, '2019-12-17 21:42:17', '2019-12-17 21:42:17'),
(1562, 281, 5, '2019-12-17 21:42:31', '2019-12-17 21:42:31'),
(1563, 281, 6, '2019-12-17 21:44:44', '2019-12-17 21:44:44'),
(1564, 281, 2, '2019-12-17 21:45:09', '2019-12-17 21:45:09'),
(1565, 276, 2, '2019-12-21 00:24:40', '2019-12-21 00:24:40'),
(1566, 276, 3, '2019-12-21 00:26:33', '2019-12-21 00:26:33'),
(1567, 276, 4, '2019-12-21 00:27:33', '2019-12-21 00:27:33'),
(1568, 276, 1, '2019-12-21 20:46:05', '2019-12-21 20:46:05'),
(1569, 276, 2, '2019-12-21 20:49:45', '2019-12-21 20:49:45'),
(1570, 276, 3, '2019-12-21 20:50:50', '2019-12-21 20:50:50'),
(1571, 276, 4, '2019-12-21 20:58:03', '2019-12-21 20:58:03'),
(1572, 276, 7, '2019-12-21 21:03:15', '2019-12-21 21:03:15'),
(1573, 276, 7, '2019-12-21 21:04:04', '2019-12-21 21:04:04'),
(1574, 284, 7, '2019-12-21 22:21:00', '2019-12-21 22:21:00'),
(1575, 284, 1, '2019-12-21 22:22:41', '2019-12-21 22:22:41'),
(1576, 284, 7, '2019-12-21 22:23:09', '2019-12-21 22:23:09'),
(1577, 276, 2, '2019-12-22 03:32:57', '2019-12-22 03:32:57'),
(1578, 276, 12, '2019-12-22 03:34:43', '2019-12-22 03:34:43'),
(1579, 276, 13, '2019-12-22 03:35:51', '2019-12-22 03:35:51'),
(1580, 276, 12, '2019-12-22 03:36:26', '2019-12-22 03:36:26'),
(1581, 276, 1, '2019-12-22 03:40:13', '2019-12-22 03:40:13'),
(1582, 276, 10, '2019-12-22 03:40:30', '2019-12-22 03:40:30'),
(1583, 276, 2, '2019-12-22 04:19:47', '2019-12-22 04:19:47'),
(1584, 276, 12, '2019-12-22 04:20:00', '2019-12-22 04:20:00'),
(1585, 223, 11, '2019-12-23 11:17:34', '2019-12-23 11:17:34'),
(1586, 223, 7, '2019-12-23 11:18:32', '2019-12-23 11:18:32'),
(1587, 223, 2, '2019-12-23 11:18:59', '2019-12-23 11:18:59'),
(1588, 223, 15, '2019-12-23 11:19:16', '2019-12-23 11:19:16'),
(1589, 223, 3, '2019-12-23 11:19:58', '2019-12-23 11:19:58'),
(1590, 223, 21, '2019-12-23 11:20:15', '2019-12-23 11:20:15'),
(1591, 223, 4, '2019-12-23 11:21:08', '2019-12-23 11:21:08'),
(1592, 223, 6, '2019-12-23 11:22:01', '2019-12-23 11:22:01'),
(1593, 223, 6, '2019-12-23 11:22:13', '2019-12-23 11:22:13'),
(1594, 284, 7, '2019-12-23 18:59:20', '2019-12-23 18:59:20'),
(1595, 30, 7, '2019-12-25 11:00:45', '2019-12-25 11:00:45'),
(1596, 286, 14, '2019-12-25 18:11:35', '2019-12-25 18:11:35'),
(1597, 286, 2, '2019-12-25 18:12:14', '2019-12-25 18:12:14'),
(1598, 286, 12, '2019-12-25 18:12:52', '2019-12-25 18:12:52'),
(1599, 286, 13, '2019-12-25 18:13:46', '2019-12-25 18:13:46'),
(1600, 286, 14, '2019-12-25 18:14:15', '2019-12-25 18:14:15'),
(1601, 286, 15, '2019-12-25 18:14:46', '2019-12-25 18:14:46'),
(1602, 286, 7, '2019-12-25 18:15:36', '2019-12-25 18:15:36'),
(1603, 286, 7, '2019-12-25 18:15:59', '2019-12-25 18:15:59'),
(1604, 286, 1, '2019-12-25 18:16:41', '2019-12-25 18:16:41'),
(1605, 286, 1, '2019-12-25 18:16:50', '2019-12-25 18:16:50'),
(1606, 286, 8, '2019-12-25 18:17:30', '2019-12-25 18:17:30'),
(1607, 286, 9, '2019-12-25 18:18:03', '2019-12-25 18:18:03'),
(1608, 286, 10, '2019-12-25 18:18:34', '2019-12-25 18:18:34'),
(1609, 286, 11, '2019-12-25 18:19:07', '2019-12-25 18:19:07'),
(1610, 286, 7, '2019-12-25 18:19:38', '2019-12-25 18:19:38'),
(1611, 286, 3, '2019-12-25 18:21:11', '2019-12-25 18:21:11'),
(1612, 286, 16, '2019-12-25 18:32:33', '2019-12-25 18:32:33'),
(1613, 286, 17, '2019-12-25 18:33:03', '2019-12-25 18:33:03'),
(1614, 286, 18, '2019-12-25 18:34:01', '2019-12-25 18:34:01'),
(1615, 286, 3, '2019-12-25 18:35:35', '2019-12-25 18:35:35'),
(1616, 286, 16, '2019-12-25 18:36:10', '2019-12-25 18:36:10'),
(1617, 286, 20, '2019-12-25 18:38:09', '2019-12-25 18:38:09'),
(1618, 286, 21, '2019-12-25 18:38:51', '2019-12-25 18:38:51'),
(1619, 286, 3, '2019-12-25 18:40:01', '2019-12-25 18:40:01'),
(1620, 286, 18, '2019-12-25 18:41:00', '2019-12-25 18:41:00'),
(1621, 286, 4, '2019-12-25 18:42:18', '2019-12-25 18:42:18'),
(1622, 286, 22, '2019-12-25 18:45:37', '2019-12-25 18:45:37'),
(1623, 286, 23, '2019-12-25 18:46:51', '2019-12-25 18:46:51'),
(1624, 286, 6, '2019-12-25 18:47:36', '2019-12-25 18:47:36'),
(1625, 286, 3, '2019-12-25 18:49:16', '2019-12-25 18:49:16'),
(1626, 286, 19, '2019-12-25 18:49:32', '2019-12-25 18:49:32'),
(1627, 286, 7, '2019-12-25 18:51:38', '2019-12-25 18:51:38'),
(1628, 286, 5, '2019-12-25 19:02:19', '2019-12-25 19:02:19'),
(1629, 286, 2, '2019-12-25 19:10:10', '2019-12-25 19:10:10'),
(1630, 287, 7, '2019-12-26 00:07:38', '2019-12-26 00:07:38'),
(1631, 287, 4, '2019-12-26 00:08:18', '2019-12-26 00:08:18'),
(1632, 287, 1, '2019-12-26 00:08:29', '2019-12-26 00:08:29'),
(1633, 287, 7, '2019-12-26 00:09:24', '2019-12-26 00:09:24'),
(1634, 287, 1, '2019-12-26 00:12:14', '2019-12-26 00:12:14'),
(1635, 287, 3, '2019-12-26 00:21:41', '2019-12-26 00:21:41'),
(1636, 287, 6, '2019-12-26 00:22:22', '2019-12-26 00:22:22'),
(1637, 287, 5, '2019-12-26 00:22:38', '2019-12-26 00:22:38'),
(1638, 289, 7, '2019-12-28 23:52:23', '2019-12-28 23:52:23'),
(1639, 289, 7, '2019-12-28 23:56:11', '2019-12-28 23:56:11'),
(1640, 291, 1, '2019-12-30 17:32:42', '2019-12-30 17:32:42'),
(1641, 230, 1, '2020-01-04 05:24:10', '2020-01-04 05:24:10'),
(1642, 230, 7, '2020-01-04 05:25:47', '2020-01-04 05:25:47'),
(1643, 299, 7, '2020-01-08 21:05:21', '2020-01-08 21:05:21'),
(1644, 299, 3, '2020-01-08 21:05:40', '2020-01-08 21:05:40'),
(1645, 299, 4, '2020-01-08 21:06:04', '2020-01-08 21:06:04'),
(1646, 300, 1, '2020-01-09 06:41:25', '2020-01-09 06:41:25'),
(1647, 300, 2, '2020-01-09 06:41:54', '2020-01-09 06:41:54'),
(1648, 300, 3, '2020-01-09 06:43:00', '2020-01-09 06:43:00'),
(1649, 300, 4, '2020-01-09 06:44:15', '2020-01-09 06:44:15'),
(1650, 300, 5, '2020-01-09 06:45:02', '2020-01-09 06:45:02'),
(1651, 300, 6, '2020-01-09 06:45:39', '2020-01-09 06:45:39'),
(1652, 300, 7, '2020-01-09 06:46:04', '2020-01-09 06:46:04'),
(1653, 300, 2, '2020-01-09 06:46:34', '2020-01-09 06:46:34'),
(1654, 300, 3, '2020-01-09 06:47:00', '2020-01-09 06:47:00'),
(1655, 300, 2, '2020-01-09 06:47:44', '2020-01-09 06:47:44'),
(1656, 300, 3, '2020-01-09 06:50:39', '2020-01-09 06:50:39'),
(1657, 300, 1, '2020-01-09 06:55:49', '2020-01-09 06:55:49'),
(1658, 300, 2, '2020-01-09 06:56:02', '2020-01-09 06:56:02'),
(1659, 300, 1, '2020-01-09 07:05:46', '2020-01-09 07:05:46'),
(1660, 304, 4, '2020-01-11 06:24:35', '2020-01-11 06:24:35'),
(1661, 304, 4, '2020-01-11 06:27:17', '2020-01-11 06:27:17'),
(1662, 303, 5, '2020-01-11 06:39:21', '2020-01-11 06:39:21'),
(1663, 304, 4, '2020-01-11 09:45:33', '2020-01-11 09:45:33'),
(1664, 304, 6, '2020-01-11 09:46:46', '2020-01-11 09:46:46'),
(1665, 304, 5, '2020-01-11 09:47:53', '2020-01-11 09:47:53'),
(1666, 304, 7, '2020-01-11 09:49:28', '2020-01-11 09:49:28'),
(1667, 304, 4, '2020-01-11 09:52:33', '2020-01-11 09:52:33'),
(1668, 305, 1, '2020-01-12 22:39:26', '2020-01-12 22:39:26'),
(1669, 305, 2, '2020-01-12 22:52:43', '2020-01-12 22:52:43'),
(1670, 305, 7, '2020-01-12 23:30:15', '2020-01-12 23:30:15'),
(1671, 305, 7, '2020-01-12 23:30:27', '2020-01-12 23:30:27'),
(1672, 305, 7, '2020-01-12 23:30:40', '2020-01-12 23:30:40'),
(1673, 305, 7, '2020-01-12 23:31:00', '2020-01-12 23:31:00'),
(1674, 305, 7, '2020-01-12 23:45:52', '2020-01-12 23:45:52'),
(1675, 98, 7, '2020-01-13 03:51:33', '2020-01-13 03:51:33'),
(1676, 98, 2, '2020-01-13 03:52:47', '2020-01-13 03:52:47'),
(1677, 98, 7, '2020-01-13 03:53:12', '2020-01-13 03:53:12'),
(1678, 98, 3, '2020-01-13 03:59:23', '2020-01-13 03:59:23'),
(1679, 98, 6, '2020-01-13 04:00:14', '2020-01-13 04:00:14'),
(1680, 98, 1, '2020-01-13 04:00:29', '2020-01-13 04:00:29'),
(1681, 98, 7, '2020-01-13 05:43:53', '2020-01-13 05:43:53'),
(1682, 306, 4, '2020-01-13 07:51:42', '2020-01-13 07:51:42'),
(1683, 306, 6, '2020-01-13 07:55:15', '2020-01-13 07:55:15'),
(1684, 306, 7, '2020-01-13 07:55:32', '2020-01-13 07:55:32'),
(1685, 309, 1, '2020-01-18 03:41:26', '2020-01-18 03:41:26'),
(1686, 309, 4, '2020-01-18 03:42:33', '2020-01-18 03:42:33'),
(1687, 309, 1, '2020-01-18 03:47:08', '2020-01-18 03:47:08'),
(1688, 309, 4, '2020-01-18 03:56:28', '2020-01-18 03:56:28'),
(1689, 309, 2, '2020-01-18 03:58:07', '2020-01-18 03:58:07');
INSERT INTO `subscribers` (`id`, `client_id`, `product_id`, `created_at`, `updated_at`) VALUES
(1690, 304, 4, '2020-01-18 05:00:47', '2020-01-18 05:00:47'),
(1691, 304, 6, '2020-01-18 05:02:00', '2020-01-18 05:02:00'),
(1692, 304, 5, '2020-01-18 05:05:33', '2020-01-18 05:05:33'),
(1693, 304, 4, '2020-01-18 05:31:12', '2020-01-18 05:31:12'),
(1694, 310, 7, '2020-01-19 05:48:28', '2020-01-19 05:48:28'),
(1695, 310, 1, '2020-01-19 05:50:32', '2020-01-19 05:50:32'),
(1696, 310, 7, '2020-01-19 05:51:42', '2020-01-19 05:51:42'),
(1697, 310, 7, '2020-01-19 06:00:19', '2020-01-19 06:00:19'),
(1698, 313, 4, '2020-01-20 07:21:19', '2020-01-20 07:21:19'),
(1699, 313, 5, '2020-01-20 07:21:36', '2020-01-20 07:21:36'),
(1700, 314, 5, '2020-01-20 22:52:28', '2020-01-20 22:52:28'),
(1701, 314, 1, '2020-01-20 22:52:51', '2020-01-20 22:52:51'),
(1702, 316, 5, '2020-01-24 00:39:41', '2020-01-24 00:39:41'),
(1703, 316, 6, '2020-01-24 00:41:54', '2020-01-24 00:41:54'),
(1704, 316, 1, '2020-01-24 00:42:47', '2020-01-24 00:42:47'),
(1705, 316, 1, '2020-01-24 00:43:34', '2020-01-24 00:43:34'),
(1706, 316, 2, '2020-01-24 00:43:35', '2020-01-24 00:43:35'),
(1707, 316, 3, '2020-01-24 00:43:37', '2020-01-24 00:43:37'),
(1708, 316, 4, '2020-01-24 00:43:38', '2020-01-24 00:43:38'),
(1709, 316, 5, '2020-01-24 00:43:39', '2020-01-24 00:43:39'),
(1710, 316, 6, '2020-01-24 00:43:41', '2020-01-24 00:43:41'),
(1711, 316, 7, '2020-01-24 00:43:42', '2020-01-24 00:43:42'),
(1712, 317, 1, '2020-01-24 23:33:13', '2020-01-24 23:33:13'),
(1713, 317, 8, '2020-01-24 23:34:12', '2020-01-24 23:34:12'),
(1714, 318, 4, '2020-01-26 02:21:08', '2020-01-26 02:21:08'),
(1715, 318, 4, '2020-01-26 02:25:08', '2020-01-26 02:25:08'),
(1716, 318, 3, '2020-01-26 02:26:09', '2020-01-26 02:26:09'),
(1717, 318, 1, '2020-01-26 02:26:34', '2020-01-26 02:26:34'),
(1718, 318, 1, '2020-01-26 02:27:10', '2020-01-26 02:27:10'),
(1719, 318, 1, '2020-01-26 02:27:52', '2020-01-26 02:27:52'),
(1720, 318, 2, '2020-01-26 02:28:55', '2020-01-26 02:28:55'),
(1721, 318, 4, '2020-01-26 02:29:13', '2020-01-26 02:29:13'),
(1722, 318, 6, '2020-01-26 02:30:56', '2020-01-26 02:30:56'),
(1723, 319, 1, '2020-01-26 02:40:43', '2020-01-26 02:40:43'),
(1724, 319, 4, '2020-01-26 02:43:47', '2020-01-26 02:43:47'),
(1725, 320, 7, '2020-01-26 12:50:21', '2020-01-26 12:50:21'),
(1726, 320, 6, '2020-01-26 12:50:53', '2020-01-26 12:50:53'),
(1727, 320, 5, '2020-01-26 12:50:53', '2020-01-26 12:50:53'),
(1728, 320, 4, '2020-01-26 12:50:54', '2020-01-26 12:50:54'),
(1729, 320, 2, '2020-01-26 12:50:55', '2020-01-26 12:50:55'),
(1730, 320, 1, '2020-01-26 12:50:55', '2020-01-26 12:50:55'),
(1731, 320, 3, '2020-01-26 12:50:56', '2020-01-26 12:50:56'),
(1732, 321, 7, '2020-01-27 21:03:44', '2020-01-27 21:03:44'),
(1733, 321, 2, '2020-01-27 21:04:15', '2020-01-27 21:04:15'),
(1734, 321, 3, '2020-01-27 21:05:10', '2020-01-27 21:05:10'),
(1735, 321, 7, '2020-01-27 21:05:55', '2020-01-27 21:05:55'),
(1736, 323, 7, '2020-01-28 00:25:29', '2020-01-28 00:25:29'),
(1737, 316, 2, '2020-01-28 02:36:46', '2020-01-28 02:36:46'),
(1738, 316, 7, '2020-01-28 02:38:01', '2020-01-28 02:38:01'),
(1739, 316, 2, '2020-01-28 02:38:40', '2020-01-28 02:38:40'),
(1740, 316, 1, '2020-01-28 02:38:54', '2020-01-28 02:38:54'),
(1741, 316, 3, '2020-01-28 02:39:58', '2020-01-28 02:39:58'),
(1742, 316, 4, '2020-01-28 02:41:24', '2020-01-28 02:41:24'),
(1743, 316, 5, '2020-01-28 02:42:21', '2020-01-28 02:42:21'),
(1744, 316, 6, '2020-01-28 02:43:26', '2020-01-28 02:43:26'),
(1745, 326, 2, '2020-01-29 20:26:29', '2020-01-29 20:26:29'),
(1746, 326, 2, '2020-01-29 20:27:05', '2020-01-29 20:27:05'),
(1747, 326, 1, '2020-01-29 20:27:18', '2020-01-29 20:27:18'),
(1748, 329, 4, '2020-01-31 06:39:44', '2020-01-31 06:39:44'),
(1749, 329, 7, '2020-01-31 06:41:19', '2020-01-31 06:41:19'),
(1750, 329, 1, '2020-01-31 06:42:12', '2020-01-31 06:42:12'),
(1751, 329, 2, '2020-01-31 06:42:59', '2020-01-31 06:42:59'),
(1752, 329, 3, '2020-01-31 06:43:22', '2020-01-31 06:43:22'),
(1753, 329, 5, '2020-01-31 06:44:36', '2020-01-31 06:44:36'),
(1754, 329, 6, '2020-01-31 06:45:37', '2020-01-31 06:45:37'),
(1755, 331, 7, '2020-01-31 19:50:19', '2020-01-31 19:50:19'),
(1756, 331, 6, '2020-01-31 19:51:16', '2020-01-31 19:51:16'),
(1757, 331, 3, '2020-01-31 19:51:30', '2020-01-31 19:51:30'),
(1758, 331, 1, '2020-01-31 19:51:55', '2020-01-31 19:51:55'),
(1759, 331, 7, '2020-01-31 19:52:28', '2020-01-31 19:52:28'),
(1760, 332, 6, '2020-02-02 00:38:08', '2020-02-02 00:38:08'),
(1761, 332, 4, '2020-02-02 00:38:31', '2020-02-02 00:38:31'),
(1762, 332, 1, '2020-02-02 00:40:10', '2020-02-02 00:40:10'),
(1763, 332, 2, '2020-02-02 00:40:29', '2020-02-02 00:40:29'),
(1764, 333, 7, '2020-02-02 01:16:54', '2020-02-02 01:16:54'),
(1765, 333, 6, '2020-02-02 01:19:15', '2020-02-02 01:19:15'),
(1766, 333, 1, '2020-02-02 01:21:11', '2020-02-02 01:21:11'),
(1767, 334, 7, '2020-02-02 10:32:24', '2020-02-02 10:32:24'),
(1768, 334, 7, '2020-02-02 10:33:47', '2020-02-02 10:33:47'),
(1769, 334, 7, '2020-02-02 10:35:23', '2020-02-02 10:35:23'),
(1770, 334, 1, '2020-02-02 10:35:36', '2020-02-02 10:35:36'),
(1771, 334, 2, '2020-02-02 10:36:50', '2020-02-02 10:36:50'),
(1772, 336, 1, '2020-02-03 00:25:33', '2020-02-03 00:25:33'),
(1773, 336, 10, '2020-02-03 00:27:10', '2020-02-03 00:27:10'),
(1774, 336, 11, '2020-02-03 00:27:45', '2020-02-03 00:27:45'),
(1775, 336, 6, '2020-02-03 00:28:39', '2020-02-03 00:28:39'),
(1776, 336, 7, '2020-02-03 00:30:25', '2020-02-03 00:30:25'),
(1777, 336, 2, '2020-02-03 00:44:10', '2020-02-03 00:44:10'),
(1778, 336, 14, '2020-02-03 00:44:26', '2020-02-03 00:44:26'),
(1779, 336, 15, '2020-02-03 00:44:57', '2020-02-03 00:44:57'),
(1780, 336, 6, '2020-02-03 00:45:27', '2020-02-03 00:45:27'),
(1781, 336, 6, '2020-02-03 00:45:53', '2020-02-03 00:45:53'),
(1782, 336, 4, '2020-02-03 00:46:08', '2020-02-03 00:46:08'),
(1783, 336, 22, '2020-02-03 00:47:03', '2020-02-03 00:47:03'),
(1784, 339, 7, '2020-02-04 18:49:08', '2020-02-04 18:49:08'),
(1785, 339, 2, '2020-02-04 18:49:41', '2020-02-04 18:49:41'),
(1786, 339, 2, '2020-02-04 19:03:16', '2020-02-04 19:03:16'),
(1787, 341, 7, '2020-02-07 02:31:14', '2020-02-07 02:31:14'),
(1788, 341, 1, '2020-02-07 02:31:51', '2020-02-07 02:31:51'),
(1789, 341, 2, '2020-02-07 02:32:44', '2020-02-07 02:32:44'),
(1790, 341, 7, '2020-02-07 02:33:50', '2020-02-07 02:33:50'),
(1791, 341, 6, '2020-02-07 02:34:33', '2020-02-07 02:34:33'),
(1792, 341, 5, '2020-02-07 02:35:20', '2020-02-07 02:35:20'),
(1793, 342, 7, '2020-02-07 05:43:59', '2020-02-07 05:43:59'),
(1794, 342, 2, '2020-02-07 05:44:15', '2020-02-07 05:44:15'),
(1795, 342, 2, '2020-02-07 05:44:49', '2020-02-07 05:44:49'),
(1796, 342, 7, '2020-02-07 05:45:48', '2020-02-07 05:45:48'),
(1797, 345, 2, '2020-02-08 20:00:41', '2020-02-08 20:00:41'),
(1798, 346, 7, '2020-02-09 18:50:10', '2020-02-09 18:50:10'),
(1799, 346, 2, '2020-02-09 18:54:04', '2020-02-09 18:54:04'),
(1800, 346, 7, '2020-02-09 18:55:46', '2020-02-09 18:55:46'),
(1801, 346, 7, '2020-02-09 19:15:47', '2020-02-09 19:15:47'),
(1802, 346, 7, '2020-02-13 01:18:49', '2020-02-13 01:18:49'),
(1803, 351, 7, '2020-02-14 16:55:30', '2020-02-14 16:55:30'),
(1804, 351, 1, '2020-02-14 16:56:23', '2020-02-14 16:56:23'),
(1805, 351, 2, '2020-02-14 16:58:47', '2020-02-14 16:58:47'),
(1806, 351, 7, '2020-02-14 16:59:12', '2020-02-14 16:59:12'),
(1807, 357, 7, '2020-02-21 02:12:51', '2020-02-21 02:12:51'),
(1808, 358, 8, '2020-02-22 21:07:19', '2020-02-22 21:07:19'),
(1809, 358, 7, '2020-02-22 21:08:22', '2020-02-22 21:08:22'),
(1810, 358, 6, '2020-02-22 21:08:36', '2020-02-22 21:08:36'),
(1811, 358, 1, '2020-02-22 21:09:13', '2020-02-22 21:09:13'),
(1812, 358, 2, '2020-02-22 21:09:36', '2020-02-22 21:09:36'),
(1813, 358, 3, '2020-02-22 21:10:01', '2020-02-22 21:10:01'),
(1814, 358, 4, '2020-02-22 21:10:41', '2020-02-22 21:10:41'),
(1815, 358, 5, '2020-02-22 21:10:56', '2020-02-22 21:10:56'),
(1816, 358, 22, '2020-02-22 21:11:26', '2020-02-22 21:11:26'),
(1817, 358, 23, '2020-02-22 21:11:47', '2020-02-22 21:11:47'),
(1818, 358, 16, '2020-02-22 21:12:47', '2020-02-22 21:12:47'),
(1819, 358, 17, '2020-02-22 21:13:18', '2020-02-22 21:13:18'),
(1820, 358, 18, '2020-02-22 21:13:43', '2020-02-22 21:13:43'),
(1821, 358, 19, '2020-02-22 21:14:05', '2020-02-22 21:14:05'),
(1822, 358, 20, '2020-02-22 21:14:26', '2020-02-22 21:14:26'),
(1823, 358, 21, '2020-02-22 21:14:34', '2020-02-22 21:14:34'),
(1824, 358, 2, '2020-02-22 21:14:52', '2020-02-22 21:14:52'),
(1825, 358, 12, '2020-02-22 21:15:38', '2020-02-22 21:15:38'),
(1826, 358, 13, '2020-02-22 21:15:47', '2020-02-22 21:15:47'),
(1827, 358, 14, '2020-02-22 21:15:58', '2020-02-22 21:15:58'),
(1828, 358, 15, '2020-02-22 21:16:12', '2020-02-22 21:16:12'),
(1829, 359, 7, '2020-02-24 21:47:17', '2020-02-24 21:47:17'),
(1830, 359, 2, '2020-02-24 21:48:39', '2020-02-24 21:48:39'),
(1831, 359, 7, '2020-02-24 21:49:44', '2020-02-24 21:49:44'),
(1832, 359, 1, '2020-02-24 21:50:23', '2020-02-24 21:50:23'),
(1833, 359, 2, '2020-02-24 21:51:49', '2020-02-24 21:51:49'),
(1834, 359, 12, '2020-02-24 21:52:52', '2020-02-24 21:52:52'),
(1835, 359, 3, '2020-02-24 21:53:29', '2020-02-24 21:53:29'),
(1836, 361, 4, '2020-02-26 09:24:26', '2020-02-26 09:24:26'),
(1837, 361, 4, '2020-02-26 09:33:07', '2020-02-26 09:33:07'),
(1838, 361, 4, '2020-02-26 09:33:07', '2020-02-26 09:33:07'),
(1839, 362, 7, '2020-02-27 01:04:52', '2020-02-27 01:04:52'),
(1840, 362, 1, '2020-02-27 01:05:32', '2020-02-27 01:05:32'),
(1841, 362, 2, '2020-02-27 01:06:31', '2020-02-27 01:06:31'),
(1842, 362, 4, '2020-02-27 01:07:07', '2020-02-27 01:07:07'),
(1843, 362, 4, '2020-02-27 01:07:58', '2020-02-27 01:07:58'),
(1844, 362, 7, '2020-02-27 01:09:23', '2020-02-27 01:09:23'),
(1845, 362, 8, '2020-02-27 01:09:44', '2020-02-27 01:09:44'),
(1846, 362, 3, '2020-02-27 01:09:56', '2020-02-27 01:09:56'),
(1847, 363, 7, '2020-02-28 02:06:40', '2020-02-28 02:06:40'),
(1848, 363, 7, '2020-02-28 02:07:33', '2020-02-28 02:07:33'),
(1849, 363, 7, '2020-02-28 02:08:09', '2020-02-28 02:08:09'),
(1850, 363, 7, '2020-02-28 02:10:46', '2020-02-28 02:10:46'),
(1851, 363, 7, '2020-02-28 02:25:33', '2020-02-28 02:25:33'),
(1852, 365, 1, '2020-02-29 19:35:13', '2020-02-29 19:35:13'),
(1853, 365, 2, '2020-02-29 19:35:42', '2020-02-29 19:35:42'),
(1854, 367, 7, '2020-03-02 08:36:02', '2020-03-02 08:36:02'),
(1855, 367, 7, '2020-03-02 08:37:37', '2020-03-02 08:37:37'),
(1856, 367, 8, '2020-03-02 08:37:47', '2020-03-02 08:37:47'),
(1857, 370, 7, '2020-03-04 10:49:24', '2020-03-04 10:49:24'),
(1858, 370, 7, '2020-03-04 10:52:04', '2020-03-04 10:52:04'),
(1859, 370, 8, '2020-03-04 10:52:37', '2020-03-04 10:52:37'),
(1860, 370, 2, '2020-03-04 10:53:17', '2020-03-04 10:53:17'),
(1861, 370, 4, '2020-03-04 10:54:16', '2020-03-04 10:54:16'),
(1862, 373, 1, '2020-03-04 21:20:43', '2020-03-04 21:20:43'),
(1863, 373, 7, '2020-03-04 21:22:36', '2020-03-04 21:22:36'),
(1864, 373, 4, '2020-03-04 21:24:13', '2020-03-04 21:24:13'),
(1865, 373, 1, '2020-03-04 21:24:48', '2020-03-04 21:24:48'),
(1866, 373, 8, '2020-03-04 21:25:29', '2020-03-04 21:25:29'),
(1867, 373, 8, '2020-03-04 21:25:43', '2020-03-04 21:25:43'),
(1868, 373, 5, '2020-03-04 21:25:59', '2020-03-04 21:25:59'),
(1869, 376, 5, '2020-03-06 02:58:41', '2020-03-06 02:58:41'),
(1870, 376, 4, '2020-03-06 02:59:31', '2020-03-06 02:59:31'),
(1871, 376, 6, '2020-03-06 02:59:54', '2020-03-06 02:59:54'),
(1872, 319, 1, '2020-03-07 20:30:36', '2020-03-07 20:30:36'),
(1873, 378, 2, '2020-03-07 21:39:52', '2020-03-07 21:39:52'),
(1874, 378, 7, '2020-03-07 21:40:59', '2020-03-07 21:40:59'),
(1875, 51, 7, '2020-03-08 01:39:48', '2020-03-08 01:39:48'),
(1876, 379, 7, '2020-03-08 19:25:01', '2020-03-08 19:25:01'),
(1877, 380, 4, '2020-03-08 23:48:06', '2020-03-08 23:48:06'),
(1878, 380, 5, '2020-03-08 23:49:33', '2020-03-08 23:49:33'),
(1879, 380, 3, '2020-03-08 23:52:06', '2020-03-08 23:52:06'),
(1880, 380, 2, '2020-03-08 23:52:58', '2020-03-08 23:52:58'),
(1881, 380, 3, '2020-03-08 23:53:33', '2020-03-08 23:53:33'),
(1882, 380, 1, '2020-03-08 23:53:48', '2020-03-08 23:53:48'),
(1883, 380, 7, '2020-03-08 23:54:15', '2020-03-08 23:54:15'),
(1884, 380, 6, '2020-03-08 23:54:34', '2020-03-08 23:54:34'),
(1885, 380, 4, '2020-03-08 23:54:53', '2020-03-08 23:54:53'),
(1886, 380, 6, '2020-03-08 23:55:31', '2020-03-08 23:55:31'),
(1887, 380, 3, '2020-03-08 23:55:50', '2020-03-08 23:55:50'),
(1888, 380, 1, '2020-03-08 23:56:23', '2020-03-08 23:56:23'),
(1889, 380, 2, '2020-03-08 23:57:17', '2020-03-08 23:57:17'),
(1890, 380, 7, '2020-03-08 23:58:38', '2020-03-08 23:58:38'),
(1891, 379, 7, '2020-03-09 03:50:16', '2020-03-09 03:50:16'),
(1892, 379, 8, '2020-03-09 03:50:43', '2020-03-09 03:50:43'),
(1893, 379, 1, '2020-03-09 03:51:01', '2020-03-09 03:51:01'),
(1894, 379, 8, '2020-03-09 03:51:40', '2020-03-09 03:51:40'),
(1895, 379, 7, '2020-03-09 03:52:48', '2020-03-09 03:52:48'),
(1896, 379, 1, '2020-03-09 03:53:42', '2020-03-09 03:53:42'),
(1897, 379, 1, '2020-03-09 03:56:48', '2020-03-09 03:56:48'),
(1898, 379, 4, '2020-03-09 03:56:57', '2020-03-09 03:56:57'),
(1899, 379, 3, '2020-03-09 03:58:10', '2020-03-09 03:58:10'),
(1900, 379, 7, '2020-03-09 03:59:06', '2020-03-09 03:59:06'),
(1901, 379, 1, '2020-03-09 03:59:37', '2020-03-09 03:59:37'),
(1902, 379, 8, '2020-03-09 03:59:54', '2020-03-09 03:59:54'),
(1903, 379, 6, '2020-03-09 04:00:05', '2020-03-09 04:00:05'),
(1904, 384, 4, '2020-03-11 06:23:58', '2020-03-11 06:23:58'),
(1905, 384, 8, '2020-03-11 06:25:16', '2020-03-11 06:25:16'),
(1906, 384, 8, '2020-03-11 06:25:22', '2020-03-11 06:25:22'),
(1907, 384, 7, '2020-03-11 06:25:26', '2020-03-11 06:25:26'),
(1908, 384, 6, '2020-03-11 06:25:52', '2020-03-11 06:25:52'),
(1909, 380, 5, '2020-03-11 21:53:33', '2020-03-11 21:53:33'),
(1910, 380, 6, '2020-03-11 21:54:38', '2020-03-11 21:54:38'),
(1911, 380, 6, '2020-03-11 21:55:22', '2020-03-11 21:55:22'),
(1912, 387, 7, '2020-03-12 08:21:42', '2020-03-12 08:21:42'),
(1913, 387, 7, '2020-03-12 08:31:36', '2020-03-12 08:31:36'),
(1914, 387, 1, '2020-03-12 08:32:19', '2020-03-12 08:32:19'),
(1915, 387, 7, '2020-03-12 08:33:10', '2020-03-12 08:33:10'),
(1916, 387, 7, '2020-03-12 19:07:31', '2020-03-12 19:07:31'),
(1917, 387, 7, '2020-03-12 19:08:34', '2020-03-12 19:08:34'),
(1918, 387, 1, '2020-03-12 19:08:49', '2020-03-12 19:08:49'),
(1919, 387, 7, '2020-03-12 19:09:42', '2020-03-12 19:09:42'),
(1920, 387, 7, '2020-03-12 22:17:59', '2020-03-12 22:17:59'),
(1921, 390, 1, '2020-03-14 05:05:04', '2020-03-14 05:05:04'),
(1922, 390, 7, '2020-03-14 05:07:11', '2020-03-14 05:07:11'),
(1923, 373, 1, '2020-03-19 08:56:30', '2020-03-19 08:56:30'),
(1924, 373, 1, '2020-03-19 08:57:25', '2020-03-19 08:57:25'),
(1925, 394, 7, '2020-03-19 09:09:42', '2020-03-19 09:09:42'),
(1926, 394, 1, '2020-03-19 09:10:14', '2020-03-19 09:10:14'),
(1927, 394, 2, '2020-03-19 09:10:49', '2020-03-19 09:10:49'),
(1928, 396, 1, '2020-03-24 00:27:46', '2020-03-24 00:27:46'),
(1929, 396, 7, '2020-03-24 00:28:37', '2020-03-24 00:28:37'),
(1930, 396, 8, '2020-03-24 00:36:17', '2020-03-24 00:36:17'),
(1931, 396, 3, '2020-03-24 03:53:23', '2020-03-24 03:53:23'),
(1932, 396, 3, '2020-03-24 03:54:30', '2020-03-24 03:54:30'),
(1933, 396, 2, '2020-03-24 03:55:12', '2020-03-24 03:55:12'),
(1934, 396, 3, '2020-03-24 03:56:59', '2020-03-24 03:56:59'),
(1935, 396, 1, '2020-03-24 03:58:14', '2020-03-24 03:58:14'),
(1936, 396, 4, '2020-03-24 03:59:31', '2020-03-24 03:59:31'),
(1937, 396, 5, '2020-03-24 03:59:53', '2020-03-24 03:59:53'),
(1938, 396, 6, '2020-03-24 04:00:18', '2020-03-24 04:00:18'),
(1939, 396, 7, '2020-03-24 04:00:34', '2020-03-24 04:00:34'),
(1940, 396, 8, '2020-03-24 04:01:51', '2020-03-24 04:01:51'),
(1941, 397, 1, '2020-03-25 11:29:29', '2020-03-25 11:29:29'),
(1942, 397, 1, '2020-03-25 11:31:33', '2020-03-25 11:31:33'),
(1943, 397, 10, '2020-03-25 11:31:41', '2020-03-25 11:31:41'),
(1944, 398, 6, '2020-03-25 15:22:25', '2020-03-25 15:22:25'),
(1945, 401, 7, '2020-03-29 02:08:12', '2020-03-29 02:08:12'),
(1946, 401, 8, '2020-03-29 02:08:48', '2020-03-29 02:08:48'),
(1947, 401, 6, '2020-03-29 02:09:00', '2020-03-29 02:09:00'),
(1948, 401, 5, '2020-03-29 02:09:21', '2020-03-29 02:09:21'),
(1949, 402, 7, '2020-03-29 02:09:47', '2020-03-29 02:09:47'),
(1950, 401, 1, '2020-03-29 02:10:06', '2020-03-29 02:10:06'),
(1951, 402, 7, '2020-03-29 02:10:38', '2020-03-29 02:10:38'),
(1952, 402, 6, '2020-03-29 02:10:52', '2020-03-29 02:10:52'),
(1953, 402, 8, '2020-03-29 02:12:21', '2020-03-29 02:12:21'),
(1954, 404, 3, '2020-03-30 06:15:08', '2020-03-30 06:15:08'),
(1955, 404, 3, '2020-03-30 06:15:31', '2020-03-30 06:15:31'),
(1956, 404, 4, '2020-03-30 06:15:54', '2020-03-30 06:15:54'),
(1957, 404, 5, '2020-03-30 06:16:13', '2020-03-30 06:16:13'),
(1958, 404, 6, '2020-03-30 06:16:25', '2020-03-30 06:16:25'),
(1959, 404, 1, '2020-03-30 06:16:39', '2020-03-30 06:16:39'),
(1960, 404, 2, '2020-03-30 06:19:42', '2020-03-30 06:19:42'),
(1961, 404, 7, '2020-03-30 06:23:15', '2020-03-30 06:23:15'),
(1962, 405, 7, '2020-03-30 07:37:27', '2020-03-30 07:37:27'),
(1963, 405, 8, '2020-03-30 07:38:08', '2020-03-30 07:38:08'),
(1964, 405, 8, '2020-03-30 07:38:16', '2020-03-30 07:38:16'),
(1965, 405, 4, '2020-03-30 07:38:31', '2020-03-30 07:38:31'),
(1966, 405, 22, '2020-03-30 07:39:50', '2020-03-30 07:39:50'),
(1967, 405, 23, '2020-03-30 07:40:05', '2020-03-30 07:40:05'),
(1968, 405, 8, '2020-03-30 07:40:27', '2020-03-30 07:40:27'),
(1969, 405, 7, '2020-03-30 07:40:41', '2020-03-30 07:40:41'),
(1970, 405, 6, '2020-03-30 07:40:59', '2020-03-30 07:40:59'),
(1971, 405, 1, '2020-03-30 07:41:21', '2020-03-30 07:41:21'),
(1972, 405, 1, '2020-03-30 07:42:04', '2020-03-30 07:42:04'),
(1973, 406, 4, '2020-03-30 10:28:10', '2020-03-30 10:28:10'),
(1974, 406, 4, '2020-03-30 10:29:30', '2020-03-30 10:29:30'),
(1975, 406, 7, '2020-03-30 10:29:50', '2020-03-30 10:29:50'),
(1976, 406, 6, '2020-03-30 10:30:12', '2020-03-30 10:30:12'),
(1977, 406, 5, '2020-03-30 10:30:32', '2020-03-30 10:30:32'),
(1978, 406, 3, '2020-03-30 10:30:51', '2020-03-30 10:30:51'),
(1979, 406, 21, '2020-03-30 10:31:21', '2020-03-30 10:31:21'),
(1980, 406, 2, '2020-03-30 10:31:57', '2020-03-30 10:31:57'),
(1981, 406, 1, '2020-03-30 10:32:24', '2020-03-30 10:32:24'),
(1982, 406, 1, '2020-03-30 10:32:53', '2020-03-30 10:32:53'),
(1983, 407, 7, '2020-03-30 12:08:09', '2020-03-30 12:08:09'),
(1984, 407, 1, '2020-03-30 12:08:51', '2020-03-30 12:08:51'),
(1985, 407, 5, '2020-03-30 12:10:35', '2020-03-30 12:10:35'),
(1986, 407, 2, '2020-03-30 12:10:53', '2020-03-30 12:10:53'),
(1987, 407, 8, '2020-03-30 12:11:17', '2020-03-30 12:11:17'),
(1988, 407, 7, '2020-03-30 12:11:37', '2020-03-30 12:11:37'),
(1989, 407, 7, '2020-03-30 12:12:49', '2020-03-30 12:12:49'),
(1990, 408, 4, '2020-03-30 15:14:23', '2020-03-30 15:14:23'),
(1991, 408, 23, '2020-03-30 15:14:54', '2020-03-30 15:14:54'),
(1992, 408, 22, '2020-03-30 15:20:45', '2020-03-30 15:20:45'),
(1993, 409, 7, '2020-03-30 17:58:02', '2020-03-30 17:58:02'),
(1994, 409, 8, '2020-03-30 17:58:45', '2020-03-30 17:58:45'),
(1995, 387, 7, '2020-03-31 07:32:45', '2020-03-31 07:32:45'),
(1996, 387, 1, '2020-03-31 08:10:11', '2020-03-31 08:10:11'),
(1997, 387, 7, '2020-03-31 08:46:40', '2020-03-31 08:46:40'),
(1998, 411, 3, '2020-03-31 22:37:49', '2020-03-31 22:37:49'),
(1999, 412, 8, '2020-03-31 23:12:47', '2020-03-31 23:12:47'),
(2000, 414, 7, '2020-04-02 01:32:21', '2020-04-02 01:32:21'),
(2001, 414, 8, '2020-04-02 01:32:42', '2020-04-02 01:32:42'),
(2002, 414, 8, '2020-04-02 01:32:46', '2020-04-02 01:32:46'),
(2003, 414, 1, '2020-04-02 01:32:50', '2020-04-02 01:32:50'),
(2004, 414, 2, '2020-04-02 01:34:09', '2020-04-02 01:34:09'),
(2005, 414, 3, '2020-04-02 01:34:40', '2020-04-02 01:34:40'),
(2006, 414, 4, '2020-04-02 01:35:21', '2020-04-02 01:35:21'),
(2007, 414, 5, '2020-04-02 01:36:23', '2020-04-02 01:36:23'),
(2008, 414, 6, '2020-04-02 01:37:07', '2020-04-02 01:37:07'),
(2009, 414, 7, '2020-04-02 01:37:48', '2020-04-02 01:37:48'),
(2010, 416, 6, '2020-04-03 00:01:43', '2020-04-03 00:01:43'),
(2011, 416, 2, '2020-04-03 00:02:29', '2020-04-03 00:02:29'),
(2012, 416, 1, '2020-04-03 00:02:58', '2020-04-03 00:02:58'),
(2013, 416, 3, '2020-04-03 00:03:18', '2020-04-03 00:03:18'),
(2014, 416, 4, '2020-04-03 00:03:48', '2020-04-03 00:03:48'),
(2015, 416, 5, '2020-04-03 00:04:25', '2020-04-03 00:04:25'),
(2016, 416, 7, '2020-04-03 00:05:17', '2020-04-03 00:05:17'),
(2017, 416, 8, '2020-04-03 00:06:38', '2020-04-03 00:06:38'),
(2018, 416, 8, '2020-04-03 00:07:42', '2020-04-03 00:07:42'),
(2019, 416, 1, '2020-04-03 00:08:02', '2020-04-03 00:08:02'),
(2020, 416, 2, '2020-04-03 00:09:18', '2020-04-03 00:09:18'),
(2021, 416, 4, '2020-04-03 00:09:49', '2020-04-03 00:09:49'),
(2022, 416, 3, '2020-04-03 00:10:47', '2020-04-03 00:10:47'),
(2023, 417, 7, '2020-04-03 01:37:39', '2020-04-03 01:37:39'),
(2024, 417, 8, '2020-04-03 01:38:10', '2020-04-03 01:38:10'),
(2025, 418, 2, '2020-04-03 03:44:40', '2020-04-03 03:44:40'),
(2026, 418, 8, '2020-04-03 03:45:03', '2020-04-03 03:45:03'),
(2027, 418, 1, '2020-04-03 03:45:17', '2020-04-03 03:45:17'),
(2028, 419, 7, '2020-04-03 04:19:33', '2020-04-03 04:19:33'),
(2029, 419, 8, '2020-04-03 04:20:39', '2020-04-03 04:20:39'),
(2030, 419, 8, '2020-04-03 04:20:56', '2020-04-03 04:20:56'),
(2031, 421, 1, '2020-04-05 12:09:16', '2020-04-05 12:09:16'),
(2032, 421, 8, '2020-04-05 12:10:19', '2020-04-05 12:10:19'),
(2033, 421, 7, '2020-04-05 12:10:44', '2020-04-05 12:10:44'),
(2034, 421, 6, '2020-04-05 12:11:46', '2020-04-05 12:11:46'),
(2035, 421, 4, '2020-04-05 12:12:37', '2020-04-05 12:12:37'),
(2036, 422, 5, '2020-04-05 18:52:45', '2020-04-05 18:52:45'),
(2037, 422, 1, '2020-04-05 19:01:57', '2020-04-05 19:01:57'),
(2038, 422, 2, '2020-04-05 19:02:37', '2020-04-05 19:02:37'),
(2039, 422, 3, '2020-04-05 19:02:49', '2020-04-05 19:02:49'),
(2040, 422, 4, '2020-04-05 19:03:18', '2020-04-05 19:03:18'),
(2041, 422, 4, '2020-04-05 19:04:25', '2020-04-05 19:04:25'),
(2042, 422, 6, '2020-04-05 19:05:01', '2020-04-05 19:05:01'),
(2043, 423, 4, '2020-04-05 22:16:54', '2020-04-05 22:16:54'),
(2044, 423, 6, '2020-04-05 22:18:42', '2020-04-05 22:18:42'),
(2045, 425, 7, '2020-04-07 00:44:31', '2020-04-07 00:44:31'),
(2046, 425, 7, '2020-04-07 00:44:49', '2020-04-07 00:44:49'),
(2047, 425, 7, '2020-04-07 00:44:56', '2020-04-07 00:44:56'),
(2048, 425, 8, '2020-04-07 00:45:04', '2020-04-07 00:45:04'),
(2049, 426, 7, '2020-04-07 01:34:53', '2020-04-07 01:34:53'),
(2050, 427, 7, '2020-04-07 08:04:17', '2020-04-07 08:04:17'),
(2051, 427, 1, '2020-04-07 08:04:47', '2020-04-07 08:04:47'),
(2052, 427, 2, '2020-04-07 08:05:47', '2020-04-07 08:05:47'),
(2053, 427, 3, '2020-04-07 08:06:03', '2020-04-07 08:06:03'),
(2054, 427, 4, '2020-04-07 08:06:27', '2020-04-07 08:06:27'),
(2055, 427, 5, '2020-04-07 08:07:15', '2020-04-07 08:07:15'),
(2056, 427, 6, '2020-04-07 08:08:27', '2020-04-07 08:08:27'),
(2057, 427, 7, '2020-04-07 08:09:00', '2020-04-07 08:09:00'),
(2058, 427, 8, '2020-04-07 08:09:16', '2020-04-07 08:09:16'),
(2059, 426, 7, '2020-04-07 13:54:32', '2020-04-07 13:54:32'),
(2060, 426, 6, '2020-04-07 14:00:29', '2020-04-07 14:00:29'),
(2061, 426, 5, '2020-04-07 14:00:41', '2020-04-07 14:00:41'),
(2062, 426, 1, '2020-04-07 14:00:55', '2020-04-07 14:00:55'),
(2063, 426, 7, '2020-04-07 14:01:39', '2020-04-07 14:01:39'),
(2064, 428, 7, '2020-04-07 21:40:42', '2020-04-07 21:40:42'),
(2065, 428, 7, '2020-04-07 21:41:22', '2020-04-07 21:41:22'),
(2066, 428, 8, '2020-04-07 21:41:32', '2020-04-07 21:41:32'),
(2067, 428, 1, '2020-04-07 21:41:37', '2020-04-07 21:41:37'),
(2068, 428, 1, '2020-04-07 21:58:53', '2020-04-07 21:58:53'),
(2069, 428, 8, '2020-04-07 21:59:09', '2020-04-07 21:59:09'),
(2070, 428, 7, '2020-04-07 21:59:14', '2020-04-07 21:59:14'),
(2071, 429, 7, '2020-04-08 01:03:55', '2020-04-08 01:03:55'),
(2072, 429, 7, '2020-04-08 01:07:33', '2020-04-08 01:07:33'),
(2073, 429, 7, '2020-04-08 01:08:37', '2020-04-08 01:08:37'),
(2074, 429, 2, '2020-04-08 01:13:59', '2020-04-08 01:13:59'),
(2075, 429, 3, '2020-04-08 01:18:45', '2020-04-08 01:18:45'),
(2076, 430, 4, '2020-04-08 03:15:27', '2020-04-08 03:15:27'),
(2077, 430, 6, '2020-04-08 03:15:53', '2020-04-08 03:15:53'),
(2078, 430, 7, '2020-04-08 03:17:17', '2020-04-08 03:17:17'),
(2079, 430, 5, '2020-04-08 03:18:11', '2020-04-08 03:18:11'),
(2080, 431, 7, '2020-04-08 05:11:34', '2020-04-08 05:11:34'),
(2081, 431, 1, '2020-04-08 05:13:06', '2020-04-08 05:13:06'),
(2082, 431, 8, '2020-04-08 05:13:30', '2020-04-08 05:13:30'),
(2083, 431, 9, '2020-04-08 05:15:09', '2020-04-08 05:15:09'),
(2084, 431, 8, '2020-04-08 05:20:08', '2020-04-08 05:20:08'),
(2085, 431, 1, '2020-04-08 05:21:11', '2020-04-08 05:21:11'),
(2086, 200, 7, '2020-04-08 07:31:20', '2020-04-08 07:31:20'),
(2087, 200, 4, '2020-04-08 07:31:52', '2020-04-08 07:31:52'),
(2088, 200, 4, '2020-04-08 07:32:45', '2020-04-08 07:32:45'),
(2089, 200, 6, '2020-04-08 07:33:33', '2020-04-08 07:33:33'),
(2090, 200, 1, '2020-04-08 07:34:03', '2020-04-08 07:34:03'),
(2091, 200, 1, '2020-04-08 07:34:33', '2020-04-08 07:34:33'),
(2092, 200, 8, '2020-04-08 07:35:55', '2020-04-08 07:35:55'),
(2093, 200, 8, '2020-04-08 07:36:00', '2020-04-08 07:36:00'),
(2094, 432, 7, '2020-04-08 20:26:56', '2020-04-08 20:26:56'),
(2095, 432, 1, '2020-04-08 20:28:06', '2020-04-08 20:28:06'),
(2096, 432, 1, '2020-04-08 20:28:09', '2020-04-08 20:28:09'),
(2097, 432, 1, '2020-04-08 20:28:45', '2020-04-08 20:28:45'),
(2098, 432, 1, '2020-04-08 20:28:49', '2020-04-08 20:28:49'),
(2099, 300, 2, '2020-04-09 06:09:24', '2020-04-09 06:09:24'),
(2100, 300, 1, '2020-04-09 06:11:04', '2020-04-09 06:11:04'),
(2101, 300, 3, '2020-04-09 06:11:29', '2020-04-09 06:11:29'),
(2102, 300, 7, '2020-04-09 06:11:47', '2020-04-09 06:11:47'),
(2103, 434, 7, '2020-04-10 00:46:21', '2020-04-10 00:46:21'),
(2104, 434, 8, '2020-04-10 00:48:05', '2020-04-10 00:48:05'),
(2105, 434, 7, '2020-04-10 00:48:14', '2020-04-10 00:48:14'),
(2106, 434, 7, '2020-04-10 00:48:34', '2020-04-10 00:48:34'),
(2107, 434, 6, '2020-04-10 00:49:32', '2020-04-10 00:49:32'),
(2108, 434, 4, '2020-04-10 00:50:11', '2020-04-10 00:50:11'),
(2109, 434, 3, '2020-04-10 00:50:31', '2020-04-10 00:50:31'),
(2110, 435, 1, '2020-04-10 18:39:03', '2020-04-10 18:39:03'),
(2111, 435, 11, '2020-04-10 18:40:06', '2020-04-10 18:40:06'),
(2112, 435, 2, '2020-04-10 18:41:06', '2020-04-10 18:41:06'),
(2113, 435, 3, '2020-04-10 18:41:48', '2020-04-10 18:41:48'),
(2114, 435, 21, '2020-04-10 18:42:51', '2020-04-10 18:42:51'),
(2115, 435, 3, '2020-04-10 18:56:55', '2020-04-10 18:56:55'),
(2116, 435, 21, '2020-04-10 18:57:16', '2020-04-10 18:57:16'),
(2117, 435, 4, '2020-04-10 18:58:09', '2020-04-10 18:58:09'),
(2118, 435, 23, '2020-04-10 18:59:12', '2020-04-10 18:59:12'),
(2119, 435, 22, '2020-04-10 19:00:40', '2020-04-10 19:00:40'),
(2120, 435, 6, '2020-04-10 19:01:50', '2020-04-10 19:01:50'),
(2121, 435, 7, '2020-04-10 19:13:25', '2020-04-10 19:13:25'),
(2122, 437, 4, '2020-04-11 04:39:29', '2020-04-11 04:39:29'),
(2123, 437, 4, '2020-04-11 04:40:06', '2020-04-11 04:40:06'),
(2124, 437, 4, '2020-04-11 04:40:20', '2020-04-11 04:40:20'),
(2125, 437, 8, '2020-04-11 04:40:45', '2020-04-11 04:40:45'),
(2126, 437, 4, '2020-04-11 04:40:51', '2020-04-11 04:40:51'),
(2127, 437, 4, '2020-04-11 04:41:00', '2020-04-11 04:41:00'),
(2128, 437, 7, '2020-04-11 04:41:16', '2020-04-11 04:41:16'),
(2129, 437, 1, '2020-04-11 04:41:57', '2020-04-11 04:41:57'),
(2130, 437, 7, '2020-04-11 04:42:32', '2020-04-11 04:42:32'),
(2131, 437, 3, '2020-04-11 04:43:05', '2020-04-11 04:43:05'),
(2132, 437, 7, '2020-04-11 04:44:07', '2020-04-11 04:44:07'),
(2133, 437, 4, '2020-04-11 04:44:28', '2020-04-11 04:44:28'),
(2134, 437, 7, '2020-04-11 04:45:54', '2020-04-11 04:45:54'),
(2135, 438, 5, '2020-04-11 10:33:38', '2020-04-11 10:33:38'),
(2136, 438, 3, '2020-04-11 10:34:36', '2020-04-11 10:34:36'),
(2137, 438, 8, '2020-04-11 10:37:07', '2020-04-11 10:37:07'),
(2138, 438, 4, '2020-04-11 10:37:41', '2020-04-11 10:37:41'),
(2139, 439, 7, '2020-04-11 17:15:14', '2020-04-11 17:15:14'),
(2140, 439, 8, '2020-04-11 17:15:40', '2020-04-11 17:15:40'),
(2141, 439, 7, '2020-04-11 17:15:52', '2020-04-11 17:15:52'),
(2142, 440, 4, '2020-04-11 20:58:28', '2020-04-11 20:58:28'),
(2143, 441, 1, '2020-04-12 01:33:35', '2020-04-12 01:33:35'),
(2144, 441, 2, '2020-04-12 01:34:37', '2020-04-12 01:34:37'),
(2145, 443, 7, '2020-04-13 02:56:35', '2020-04-13 02:56:35'),
(2146, 444, 7, '2020-04-13 08:59:09', '2020-04-13 08:59:09'),
(2147, 444, 1, '2020-04-13 08:59:42', '2020-04-13 08:59:42'),
(2148, 444, 2, '2020-04-13 09:00:26', '2020-04-13 09:00:26'),
(2149, 444, 3, '2020-04-13 09:01:23', '2020-04-13 09:01:23'),
(2150, 444, 7, '2020-04-13 09:02:07', '2020-04-13 09:02:07'),
(2151, 444, 8, '2020-04-13 09:02:19', '2020-04-13 09:02:19'),
(2152, 444, 7, '2020-04-13 09:02:30', '2020-04-13 09:02:30'),
(2153, 446, 1, '2020-04-13 14:39:39', '2020-04-13 14:39:39'),
(2154, 446, 2, '2020-04-13 14:40:23', '2020-04-13 14:40:23'),
(2155, 446, 3, '2020-04-13 14:40:59', '2020-04-13 14:40:59'),
(2156, 446, 4, '2020-04-13 14:41:49', '2020-04-13 14:41:49'),
(2157, 446, 6, '2020-04-13 14:42:39', '2020-04-13 14:42:39'),
(2158, 446, 6, '2020-04-13 14:43:19', '2020-04-13 14:43:19'),
(2159, 446, 8, '2020-04-13 14:43:41', '2020-04-13 14:43:41'),
(2160, 446, 7, '2020-04-13 14:43:51', '2020-04-13 14:43:51'),
(2161, 448, 4, '2020-04-14 02:46:38', '2020-04-14 02:46:38'),
(2162, 448, 1, '2020-04-14 02:48:34', '2020-04-14 02:48:34'),
(2163, 448, 10, '2020-04-14 02:52:12', '2020-04-14 02:52:12'),
(2164, 448, 4, '2020-04-14 02:53:37', '2020-04-14 02:53:37'),
(2165, 448, 7, '2020-04-14 02:54:48', '2020-04-14 02:54:48'),
(2166, 448, 8, '2020-04-14 02:54:56', '2020-04-14 02:54:56'),
(2167, 448, 8, '2020-04-14 02:55:41', '2020-04-14 02:55:41'),
(2168, 448, 1, '2020-04-14 02:56:21', '2020-04-14 02:56:21'),
(2169, 448, 11, '2020-04-14 02:56:36', '2020-04-14 02:56:36'),
(2170, 448, 8, '2020-04-14 02:57:59', '2020-04-14 02:57:59'),
(2171, 448, 2, '2020-04-14 02:59:44', '2020-04-14 02:59:44'),
(2172, 448, 14, '2020-04-14 03:00:14', '2020-04-14 03:00:14'),
(2173, 448, 13, '2020-04-14 03:01:14', '2020-04-14 03:01:14'),
(2174, 449, 7, '2020-04-15 19:58:39', '2020-04-15 19:58:39'),
(2175, 449, 1, '2020-04-15 19:59:24', '2020-04-15 19:59:24'),
(2176, 449, 2, '2020-04-15 19:59:47', '2020-04-15 19:59:47'),
(2177, 449, 4, '2020-04-15 20:00:05', '2020-04-15 20:00:05'),
(2178, 449, 3, '2020-04-15 20:00:15', '2020-04-15 20:00:15'),
(2179, 449, 8, '2020-04-15 20:00:36', '2020-04-15 20:00:36'),
(2180, 449, 8, '2020-04-15 20:00:50', '2020-04-15 20:00:50'),
(2181, 449, 7, '2020-04-15 20:01:08', '2020-04-15 20:01:08'),
(2182, 98, 1, '2020-04-16 08:34:34', '2020-04-16 08:34:34'),
(2183, 98, 7, '2020-04-16 08:35:05', '2020-04-16 08:35:05'),
(2184, 98, 1, '2020-04-16 08:35:20', '2020-04-16 08:35:20'),
(2185, 98, 1, '2020-04-16 08:37:46', '2020-04-16 08:37:46'),
(2186, 161, 1, '2020-04-17 00:54:09', '2020-04-17 00:54:09'),
(2187, 161, 3, '2020-04-17 00:57:30', '2020-04-17 00:57:30'),
(2188, 161, 1, '2020-04-17 00:59:01', '2020-04-17 00:59:01'),
(2189, 161, 5, '2020-04-17 01:34:59', '2020-04-17 01:34:59'),
(2190, 161, 6, '2020-04-17 01:35:58', '2020-04-17 01:35:58'),
(2191, 452, 4, '2020-04-18 10:30:14', '2020-04-18 10:30:14'),
(2192, 453, 1, '2020-04-18 19:59:34', '2020-04-18 19:59:34'),
(2193, 453, 2, '2020-04-18 20:03:42', '2020-04-18 20:03:42'),
(2194, 453, 12, '2020-04-18 20:04:02', '2020-04-18 20:04:02'),
(2195, 453, 1, '2020-04-18 20:05:11', '2020-04-18 20:05:11'),
(2196, 454, 7, '2020-04-18 21:16:41', '2020-04-18 21:16:41'),
(2197, 454, 8, '2020-04-18 21:19:28', '2020-04-18 21:19:28'),
(2198, 454, 2, '2020-04-18 21:34:23', '2020-04-18 21:34:23'),
(2199, 455, 7, '2020-04-22 01:00:08', '2020-04-22 01:00:08'),
(2200, 455, 8, '2020-04-22 01:03:15', '2020-04-22 01:03:15'),
(2201, 455, 8, '2020-04-22 01:03:31', '2020-04-22 01:03:31'),
(2202, 455, 8, '2020-04-22 01:05:41', '2020-04-22 01:05:41'),
(2203, 455, 8, '2020-04-22 01:05:56', '2020-04-22 01:05:56'),
(2204, 456, 2, '2020-04-24 08:16:53', '2020-04-24 08:16:53'),
(2205, 456, 8, '2020-04-24 08:18:59', '2020-04-24 08:18:59'),
(2206, 456, 8, '2020-04-24 08:19:05', '2020-04-24 08:19:05'),
(2207, 456, 8, '2020-04-24 08:19:10', '2020-04-24 08:19:10'),
(2208, 456, 8, '2020-04-24 08:19:16', '2020-04-24 08:19:16'),
(2209, 456, 1, '2020-04-24 08:19:31', '2020-04-24 08:19:31'),
(2210, 456, 11, '2020-04-24 08:21:27', '2020-04-24 08:21:27'),
(2211, 456, 8, '2020-04-24 08:22:20', '2020-04-24 08:22:20'),
(2212, 456, 7, '2020-04-24 08:22:24', '2020-04-24 08:22:24'),
(2213, 456, 4, '2020-04-24 08:23:16', '2020-04-24 08:23:16'),
(2214, 456, 23, '2020-04-24 08:23:59', '2020-04-24 08:23:59'),
(2215, 457, 7, '2020-04-24 08:50:53', '2020-04-24 08:50:53'),
(2216, 457, 1, '2020-04-24 08:51:39', '2020-04-24 08:51:39'),
(2217, 457, 2, '2020-04-24 08:52:16', '2020-04-24 08:52:16'),
(2218, 457, 7, '2020-04-24 08:52:54', '2020-04-24 08:52:54'),
(2219, 457, 3, '2020-04-24 08:53:49', '2020-04-24 08:53:49'),
(2220, 457, 5, '2020-04-24 08:54:19', '2020-04-24 08:54:19'),
(2221, 457, 6, '2020-04-24 08:54:36', '2020-04-24 08:54:36'),
(2222, 457, 8, '2020-04-24 08:54:56', '2020-04-24 08:54:56'),
(2223, 457, 7, '2020-04-24 13:57:39', '2020-04-24 13:57:39'),
(2224, 458, 7, '2020-04-25 00:21:15', '2020-04-25 00:21:15'),
(2225, 458, 1, '2020-04-25 00:22:36', '2020-04-25 00:22:36'),
(2226, 458, 2, '2020-04-25 00:23:09', '2020-04-25 00:23:09'),
(2227, 459, 2, '2020-04-26 00:26:34', '2020-04-26 00:26:34'),
(2228, 459, 6, '2020-04-26 00:51:26', '2020-04-26 00:51:26'),
(2229, 459, 3, '2020-04-26 01:26:38', '2020-04-26 01:26:38'),
(2230, 459, 8, '2020-04-26 01:27:56', '2020-04-26 01:27:56'),
(2231, 460, 1, '2020-04-26 05:16:30', '2020-04-26 05:16:30'),
(2232, 459, 4, '2020-04-26 19:28:29', '2020-04-26 19:28:29'),
(2233, 459, 4, '2020-04-26 19:28:51', '2020-04-26 19:28:51'),
(2234, 459, 6, '2020-04-26 19:31:47', '2020-04-26 19:31:47'),
(2235, 459, 2, '2020-04-26 19:32:42', '2020-04-26 19:32:42'),
(2236, 459, 4, '2020-04-26 19:40:29', '2020-04-26 19:40:29'),
(2237, 459, 2, '2020-04-26 19:43:00', '2020-04-26 19:43:00'),
(2238, 459, 6, '2020-04-26 19:43:03', '2020-04-26 19:43:03'),
(2239, 457, 7, '2020-04-26 19:49:23', '2020-04-26 19:49:23'),
(2240, 458, 1, '2020-04-26 20:52:43', '2020-04-26 20:52:43'),
(2241, 458, 2, '2020-04-26 20:54:07', '2020-04-26 20:54:07'),
(2242, 458, 8, '2020-04-26 20:54:34', '2020-04-26 20:54:34'),
(2243, 458, 7, '2020-04-26 20:54:43', '2020-04-26 20:54:43'),
(2244, 426, 7, '2020-04-26 23:58:32', '2020-04-26 23:58:32'),
(2245, 461, 2, '2020-04-27 04:14:24', '2020-04-27 04:14:24'),
(2246, 463, 4, '2020-04-28 18:37:39', '2020-04-28 18:37:39'),
(2247, 463, 1, '2020-04-28 18:40:48', '2020-04-28 18:40:48'),
(2248, 463, 2, '2020-04-28 18:42:20', '2020-04-28 18:42:20'),
(2249, 463, 3, '2020-04-28 18:42:34', '2020-04-28 18:42:34'),
(2250, 463, 5, '2020-04-28 18:43:50', '2020-04-28 18:43:50'),
(2251, 463, 6, '2020-04-28 18:44:10', '2020-04-28 18:44:10'),
(2252, 463, 7, '2020-04-28 18:44:26', '2020-04-28 18:44:26'),
(2253, 463, 8, '2020-04-28 18:45:11', '2020-04-28 18:45:11'),
(2254, 463, 6, '2020-04-28 18:45:24', '2020-04-28 18:45:24'),
(2255, 463, 1, '2020-04-28 18:45:38', '2020-04-28 18:45:38'),
(2256, 464, 4, '2020-04-30 01:33:34', '2020-04-30 01:33:34'),
(2257, 464, 5, '2020-04-30 01:37:00', '2020-04-30 01:37:00'),
(2258, 464, 7, '2020-04-30 01:37:24', '2020-04-30 01:37:24'),
(2259, 464, 3, '2020-04-30 01:37:53', '2020-04-30 01:37:53'),
(2260, 464, 4, '2020-04-30 01:38:00', '2020-04-30 01:38:00'),
(2261, 464, 6, '2020-04-30 01:43:30', '2020-04-30 01:43:30'),
(2262, 465, 4, '2020-04-30 10:09:37', '2020-04-30 10:09:37'),
(2263, 465, 23, '2020-04-30 10:10:17', '2020-04-30 10:10:17'),
(2264, 465, 7, '2020-04-30 10:10:59', '2020-04-30 10:10:59'),
(2265, 465, 21, '2020-04-30 10:11:08', '2020-04-30 10:11:08'),
(2266, 465, 1, '2020-04-30 10:11:47', '2020-04-30 10:11:47'),
(2267, 465, 2, '2020-04-30 10:12:00', '2020-04-30 10:12:00'),
(2268, 465, 15, '2020-04-30 10:12:10', '2020-04-30 10:12:10'),
(2269, 465, 3, '2020-04-30 10:12:26', '2020-04-30 10:12:26'),
(2270, 465, 5, '2020-04-30 10:12:42', '2020-04-30 10:12:42'),
(2271, 465, 6, '2020-04-30 10:14:15', '2020-04-30 10:14:15'),
(2272, 465, 4, '2020-04-30 10:14:41', '2020-04-30 10:14:41'),
(2273, 465, 23, '2020-04-30 10:15:02', '2020-04-30 10:15:02'),
(2274, 466, 22, '2020-04-30 15:16:39', '2020-04-30 15:16:39'),
(2275, 466, 23, '2020-04-30 15:18:36', '2020-04-30 15:18:36'),
(2276, 466, 22, '2020-04-30 15:21:12', '2020-04-30 15:21:12'),
(2277, 466, 4, '2020-04-30 15:21:24', '2020-04-30 15:21:24'),
(2278, 466, 5, '2020-04-30 15:27:15', '2020-04-30 15:27:15'),
(2279, 466, 5, '2020-04-30 15:28:03', '2020-04-30 15:28:03'),
(2280, 466, 5, '2020-04-30 15:29:03', '2020-04-30 15:29:03'),
(2281, 466, 6, '2020-04-30 15:30:14', '2020-04-30 15:30:14'),
(2282, 466, 3, '2020-04-30 15:30:51', '2020-04-30 15:30:51'),
(2283, 466, 5, '2020-04-30 15:31:12', '2020-04-30 15:31:12'),
(2284, 466, 7, '2020-04-30 15:37:57', '2020-04-30 15:37:57'),
(2285, 466, 2, '2020-04-30 15:38:16', '2020-04-30 15:38:16'),
(2286, 466, 15, '2020-04-30 15:38:36', '2020-04-30 15:38:36'),
(2287, 466, 3, '2020-04-30 15:40:39', '2020-04-30 15:40:39'),
(2288, 466, 21, '2020-04-30 15:40:59', '2020-04-30 15:40:59'),
(2289, 466, 19, '2020-04-30 15:41:21', '2020-04-30 15:41:21'),
(2290, 467, 1, '2020-04-30 19:37:48', '2020-04-30 19:37:48'),
(2291, 467, 11, '2020-04-30 19:42:01', '2020-04-30 19:42:01'),
(2292, 467, 2, '2020-04-30 19:42:55', '2020-04-30 19:42:55'),
(2293, 467, 15, '2020-04-30 19:45:10', '2020-04-30 19:45:10'),
(2294, 468, 1, '2020-05-01 00:58:03', '2020-05-01 00:58:03'),
(2295, 468, 2, '2020-05-01 00:59:40', '2020-05-01 00:59:40'),
(2296, 469, 5, '2020-05-01 01:24:45', '2020-05-01 01:24:45'),
(2297, 470, 4, '2020-05-01 01:35:03', '2020-05-01 01:35:03'),
(2298, 470, 3, '2020-05-01 01:35:39', '2020-05-01 01:35:39'),
(2299, 470, 17, '2020-05-01 01:36:07', '2020-05-01 01:36:07'),
(2300, 470, 7, '2020-05-01 01:36:40', '2020-05-01 01:36:40'),
(2301, 470, 6, '2020-05-01 01:36:56', '2020-05-01 01:36:56'),
(2302, 470, 5, '2020-05-01 01:37:23', '2020-05-01 01:37:23'),
(2303, 470, 4, '2020-05-01 01:37:36', '2020-05-01 01:37:36'),
(2304, 453, 1, '2020-05-02 18:22:51', '2020-05-02 18:22:51'),
(2305, 453, 2, '2020-05-02 18:34:32', '2020-05-02 18:34:32'),
(2306, 453, 2, '2020-05-02 18:34:35', '2020-05-02 18:34:35'),
(2307, 453, 2, '2020-05-02 18:34:37', '2020-05-02 18:34:37'),
(2308, 453, 2, '2020-05-02 18:34:39', '2020-05-02 18:34:39'),
(2309, 453, 2, '2020-05-02 18:34:39', '2020-05-02 18:34:39'),
(2310, 453, 7, '2020-05-02 20:30:03', '2020-05-02 20:30:03'),
(2311, 453, 3, '2020-05-02 20:30:15', '2020-05-02 20:30:15'),
(2312, 453, 8, '2020-05-02 20:31:01', '2020-05-02 20:31:01'),
(2313, 453, 8, '2020-05-02 20:31:17', '2020-05-02 20:31:17'),
(2314, 444, 1, '2020-05-02 23:44:03', '2020-05-02 23:44:03'),
(2315, 444, 2, '2020-05-02 23:44:57', '2020-05-02 23:44:57'),
(2316, 444, 4, '2020-05-02 23:45:30', '2020-05-02 23:45:30'),
(2317, 444, 3, '2020-05-02 23:46:11', '2020-05-02 23:46:11'),
(2318, 444, 6, '2020-05-02 23:46:46', '2020-05-02 23:46:46'),
(2319, 472, 1, '2020-05-06 08:22:59', '2020-05-06 08:22:59'),
(2320, 472, 7, '2020-05-06 08:23:45', '2020-05-06 08:23:45'),
(2321, 472, 5, '2020-05-06 08:24:35', '2020-05-06 08:24:35'),
(2322, 473, 7, '2020-05-08 18:59:19', '2020-05-08 18:59:19'),
(2323, 473, 2, '2020-05-08 19:00:12', '2020-05-08 19:00:12'),
(2324, 473, 1, '2020-05-08 19:02:44', '2020-05-08 19:02:44'),
(2325, 473, 3, '2020-05-08 19:03:18', '2020-05-08 19:03:18'),
(2326, 473, 4, '2020-05-08 19:03:50', '2020-05-08 19:03:50'),
(2327, 473, 6, '2020-05-08 19:04:14', '2020-05-08 19:04:14'),
(2328, 473, 7, '2020-05-08 19:04:32', '2020-05-08 19:04:32'),
(2329, 474, 8, '2020-05-08 19:46:25', '2020-05-08 19:46:25'),
(2330, 474, 7, '2020-05-08 19:46:41', '2020-05-08 19:46:41'),
(2331, 474, 1, '2020-05-08 19:47:06', '2020-05-08 19:47:06'),
(2332, 474, 8, '2020-05-08 19:47:40', '2020-05-08 19:47:40'),
(2333, 474, 2, '2020-05-08 19:48:05', '2020-05-08 19:48:05'),
(2334, 474, 2, '2020-05-08 19:48:27', '2020-05-08 19:48:27'),
(2335, 474, 3, '2020-05-08 19:48:31', '2020-05-08 19:48:31'),
(2336, 474, 4, '2020-05-08 19:48:51', '2020-05-08 19:48:51'),
(2337, 474, 5, '2020-05-08 19:49:10', '2020-05-08 19:49:10'),
(2338, 474, 6, '2020-05-08 19:49:22', '2020-05-08 19:49:22'),
(2339, 474, 7, '2020-05-08 19:49:44', '2020-05-08 19:49:44'),
(2340, 474, 7, '2020-05-08 19:50:10', '2020-05-08 19:50:10'),
(2341, 475, 2, '2020-05-08 22:47:33', '2020-05-08 22:47:33'),
(2342, 475, 4, '2020-05-08 22:48:14', '2020-05-08 22:48:14'),
(2343, 475, 1, '2020-05-08 22:48:40', '2020-05-08 22:48:40'),
(2344, 475, 7, '2020-05-08 22:49:21', '2020-05-08 22:49:21'),
(2345, 476, 4, '2020-05-09 00:06:02', '2020-05-09 00:06:02'),
(2346, 476, 5, '2020-05-09 00:06:58', '2020-05-09 00:06:58'),
(2347, 477, 2, '2020-05-09 02:38:13', '2020-05-09 02:38:13'),
(2348, 477, 3, '2020-05-09 02:38:45', '2020-05-09 02:38:45'),
(2349, 477, 4, '2020-05-09 02:39:44', '2020-05-09 02:39:44'),
(2350, 477, 5, '2020-05-09 02:40:25', '2020-05-09 02:40:25'),
(2351, 478, 1, '2020-05-09 07:41:49', '2020-05-09 07:41:49'),
(2352, 478, 8, '2020-05-09 07:43:09', '2020-05-09 07:43:09'),
(2353, 478, 9, '2020-05-09 07:43:44', '2020-05-09 07:43:44'),
(2354, 478, 7, '2020-05-09 07:44:07', '2020-05-09 07:44:07'),
(2355, 479, 7, '2020-05-09 09:38:45', '2020-05-09 09:38:45'),
(2356, 479, 7, '2020-05-09 09:39:27', '2020-05-09 09:39:27'),
(2357, 479, 6, '2020-05-09 09:40:35', '2020-05-09 09:40:35'),
(2358, 479, 1, '2020-05-09 09:40:59', '2020-05-09 09:40:59'),
(2359, 480, 7, '2020-05-09 16:07:57', '2020-05-09 16:07:57'),
(2360, 480, 2, '2020-05-09 16:08:22', '2020-05-09 16:08:22'),
(2361, 480, 8, '2020-05-09 16:08:39', '2020-05-09 16:08:39'),
(2362, 481, 2, '2020-05-09 20:38:22', '2020-05-09 20:38:22'),
(2363, 481, 3, '2020-05-09 20:39:44', '2020-05-09 20:39:44'),
(2364, 482, 3, '2020-05-09 22:48:46', '2020-05-09 22:48:46'),
(2365, 482, 1, '2020-05-09 22:50:44', '2020-05-09 22:50:44'),
(2366, 482, 7, '2020-05-09 22:50:59', '2020-05-09 22:50:59'),
(2367, 482, 3, '2020-05-09 22:51:27', '2020-05-09 22:51:27'),
(2368, 482, 3, '2020-05-09 22:51:27', '2020-05-09 22:51:27'),
(2369, 482, 8, '2020-05-09 22:51:51', '2020-05-09 22:51:51'),
(2370, 482, 7, '2020-05-09 22:52:12', '2020-05-09 22:52:12'),
(2371, 482, 7, '2020-05-09 22:52:25', '2020-05-09 22:52:25'),
(2372, 482, 4, '2020-05-09 22:52:41', '2020-05-09 22:52:41'),
(2373, 482, 5, '2020-05-09 22:52:56', '2020-05-09 22:52:56'),
(2374, 483, 3, '2020-05-10 01:25:32', '2020-05-10 01:25:32'),
(2375, 483, 3, '2020-05-10 01:26:28', '2020-05-10 01:26:28'),
(2376, 483, 1, '2020-05-10 01:26:51', '2020-05-10 01:26:51'),
(2377, 483, 2, '2020-05-10 01:26:52', '2020-05-10 01:26:52'),
(2378, 483, 2, '2020-05-10 01:26:53', '2020-05-10 01:26:53'),
(2379, 483, 7, '2020-05-10 01:28:04', '2020-05-10 01:28:04'),
(2380, 483, 1, '2020-05-10 01:28:05', '2020-05-10 01:28:05'),
(2381, 483, 7, '2020-05-10 01:31:17', '2020-05-10 01:31:17'),
(2382, 483, 8, '2020-05-10 01:31:48', '2020-05-10 01:31:48'),
(2383, 483, 7, '2020-05-10 01:32:04', '2020-05-10 01:32:04'),
(2384, 483, 4, '2020-05-10 01:32:14', '2020-05-10 01:32:14'),
(2385, 483, 5, '2020-05-10 01:33:21', '2020-05-10 01:33:21'),
(2386, 483, 5, '2020-05-10 01:35:51', '2020-05-10 01:35:51'),
(2387, 484, 2, '2020-05-10 21:39:53', '2020-05-10 21:39:53'),
(2388, 484, 3, '2020-05-10 21:49:06', '2020-05-10 21:49:06'),
(2389, 484, 4, '2020-05-10 21:50:33', '2020-05-10 21:50:33'),
(2390, 484, 5, '2020-05-10 21:50:37', '2020-05-10 21:50:37'),
(2391, 484, 6, '2020-05-10 21:50:38', '2020-05-10 21:50:38'),
(2392, 484, 7, '2020-05-10 21:50:40', '2020-05-10 21:50:40'),
(2393, 484, 3, '2020-05-10 21:51:18', '2020-05-10 21:51:18'),
(2394, 483, 5, '2020-05-12 01:44:07', '2020-05-12 01:44:07'),
(2395, 483, 5, '2020-05-12 01:46:39', '2020-05-12 01:46:39');

-- --------------------------------------------------------

--
-- Struktur dari tabel `users`
--

CREATE TABLE `users` (
  `id` int(10) UNSIGNED NOT NULL,
  `name` varchar(255) COLLATE utf8_unicode_ci NOT NULL,
  `email` varchar(255) COLLATE utf8_unicode_ci NOT NULL,
  `password` varchar(255) COLLATE utf8_unicode_ci NOT NULL,
  `remember_token` varchar(100) COLLATE utf8_unicode_ci DEFAULT NULL,
  `created_at` timestamp NULL DEFAULT NULL,
  `updated_at` timestamp NULL DEFAULT NULL
) ENGINE=InnoDB DEFAULT CHARSET=utf8 COLLATE=utf8_unicode_ci;

--
-- Dumping data untuk tabel `users`
--

INSERT INTO `users` (`id`, `name`, `email`, `password`, `remember_token`, `created_at`, `updated_at`) VALUES
(1, 'Admin', 'admin@gmail.com', '$2y$10$rDpK0DBmJqVPFOYyK6BNfOHuYFcUp8e3f4DTDc0A.uqy8NExpqNGG', '4i5qJ7jsfaD8Mu5YDW2n0fwQWgnD4uLPoEN3MkHi3cinhnyPPVa4jhlU2nLt', NULL, '2020-05-16 09:01:10'),
(2, 'Fleec', 'fleece@gmail.com', '$2y$10$AoO5jIwNv8nyq7QezRh.qebJswo.jobDyufq2cELfVycWxFSv4KTy', 'yCGia2oCIPGkXgLmeGHO32tgVuegGri1pngfvtOoa4e7zoxFv4u8Qjru0tEW', '2016-04-06 00:35:02', '2016-07-26 00:37:29'),
(3, 'Ms. Evangeline Christiansen IV', 'Cory.Monahan@example.org', '$2y$10$/unDIhKq3.9RO65H5Msri.ZIY52wKs3LNnnZZPMdi.TqzwvXqoyCi', 'vZKIplvC9C', '2016-04-10 22:04:18', '2016-04-10 22:04:18'),
(4, 'Verner Veum', 'aMorar@example.com', '$2y$10$Xzh5ScUX1V/1W8A8Z2WHcOrIhw6qA.HwMyj2r7LFlUp4U5TtCAxFe', 'FMB684oZlE', '2016-04-10 22:04:50', '2016-04-10 22:04:50'),
(6, 'Ajax', 'ajax@gmail.com', '$2y$10$N6ZMHkVjD/5ouKdMQ1uYMOctQYbi82jUiHtvS4hT6Z5OFI6laBpke', NULL, '2016-05-20 07:49:02', '2016-05-20 07:49:02'),
(7, 'Hhh', 'hhh@hh.com', '$2y$10$.mIHYe/CvPka6SBeueZ8eeHaQuNAHn2IUMMMmf7uexsz79zzZ6Ikm', NULL, '2016-05-20 16:51:58', '2016-05-20 16:51:58'),
(8, 'Nia', 'nia@daniati.com', '$2y$10$IyEOWuQtj8nx1s4sj2O9VeT2Op2giJFzPvqG4ExdZ4/dBOHGtaTxS', NULL, '2016-06-11 03:08:18', '2016-06-11 03:08:18'),
(9, 'Hio', 'hio@gmail.com', '$2y$10$Nlhkn6ZRHR9YOMR5FDfYK.7Fb4xhsCTpRFb77r4lnAsJpvbL/6FUC', NULL, '2016-06-11 04:01:10', '2016-06-11 04:01:10'),
(10, 'Nono', 'nono@nono.com', '$2y$10$W2ONNFdadvSTPFyGc0JSEeEVWouZtZNRuYhNjGfhmAtV.UsOgNxn.', NULL, '2016-06-11 08:38:34', '2016-06-11 08:38:34'),
(11, 'Nunu', 'nunu@gmail.com', '$2y$10$BRnAyqiOOZONlb2scsY.veQ9/McCXJvpv1ZJzzrJU5LGJFQR4n2HW', 'Y3USImiO9ec2EcsLzPVYwGYovOQHR0wk0ej5J1XHr2bequG4k8XCUGrHMTkd', '2016-06-11 09:22:16', '2016-07-24 05:16:02'),
(12, 'Adudu', 'adudu@gmail.com', '$2y$10$JWgpqiiIjB6pE.iPTbzp/uIbRJP7QlKB5ASd4DlFlZwigMX.nwFkS', NULL, '2016-07-25 04:22:12', '2016-07-25 04:22:12'),
(13, 'Yaya', 'yaya@gmail.com', '$2y$10$XItk0lQZ33nafL2r37q8geOjWHkhMK4fEn22ThiEcQHxagBC/P4mm', NULL, '2016-07-25 04:23:29', '2016-07-25 04:23:29');

-- --------------------------------------------------------

--
-- Struktur dari tabel `user_vendors`
--

CREATE TABLE `user_vendors` (
  `id` int(10) UNSIGNED NOT NULL,
  `code` varchar(15) COLLATE utf8_unicode_ci NOT NULL,
  `vendor_name` varchar(255) COLLATE utf8_unicode_ci NOT NULL,
  `person_name` varchar(255) COLLATE utf8_unicode_ci NOT NULL,
  `address` varchar(255) COLLATE utf8_unicode_ci NOT NULL,
  `village` varchar(50) COLLATE utf8_unicode_ci NOT NULL,
  `district` varchar(50) COLLATE utf8_unicode_ci NOT NULL,
  `regency` varchar(50) COLLATE utf8_unicode_ci NOT NULL,
  `province` varchar(50) COLLATE utf8_unicode_ci NOT NULL,
  `post_code` varchar(255) COLLATE utf8_unicode_ci NOT NULL,
  `handphone` varchar(15) COLLATE utf8_unicode_ci NOT NULL,
  `telephone` varchar(15) COLLATE utf8_unicode_ci NOT NULL,
  `pic` varchar(50) COLLATE utf8_unicode_ci NOT NULL,
  `email` varchar(255) COLLATE utf8_unicode_ci NOT NULL,
  `password` varchar(60) COLLATE utf8_unicode_ci NOT NULL,
  `status` enum('0','1') COLLATE utf8_unicode_ci NOT NULL DEFAULT '0',
  `remember_token` varchar(100) COLLATE utf8_unicode_ci DEFAULT NULL,
  `created_at` timestamp NOT NULL DEFAULT '0000-00-00 00:00:00',
  `updated_at` timestamp NOT NULL DEFAULT '0000-00-00 00:00:00'
) ENGINE=InnoDB DEFAULT CHARSET=utf8 COLLATE=utf8_unicode_ci;

--
-- Dumping data untuk tabel `user_vendors`
--

INSERT INTO `user_vendors` (`id`, `code`, `vendor_name`, `person_name`, `address`, `village`, `district`, `regency`, `province`, `post_code`, `handphone`, `telephone`, `pic`, `email`, `password`, `status`, `remember_token`, `created_at`, `updated_at`) VALUES
(1, 'V2016001', 'Cake Berry', 'Amy Chocholicious', 'Jl. Kalpataru 01', 'LOWOKWARU', 'LOWOKWARU', 'KOTA MALANG', 'JAWA TIMUR', '65165', '098888899999', '099888888777', 'V2016001.jpg', 'cakeberry@gmail.com', '$2y$10$LH2reRwUCbyCaAJ165.P2uxHEXyuLTL5js9WdCABdmxibyqmjORB6', '1', 'I2LZZ6hMrAnRdDngOyeEHOu9Q7p9oV391o9vEkFNDcpaCgKOA6cral3EBbY5', '2016-01-20 21:34:32', '2016-04-06 11:23:55'),
(2, 'V2016001', 'Cimot', '', '', '', '', '', '', '', '', '', 'V2016001.jpg', 'cimot@gmail.com', '$2y$10$A4grjiP9qkZagS9ptmQXWO5y/okOuHx1tl1ezCHcX3Y7HJ8J1Eg0K', '1', NULL, '2016-01-21 16:50:57', '2016-07-25 02:54:01'),
(3, 'V2016002', 'Curut Cake', '', '', '', '', '', '', '', '', '', 'V2016002.jpg', 'curcake@gmail.com', '$2y$10$7QyRwbkVeMl5FjowqO.fU.lImY6yROdF2yFQnk6egbS.B9lFq4cvC', '1', '59BjqybYfBDsuDckESmrkU0u2IX5ZJKBFeHKRzKy5ZABDn9WfA11LqxEXlJh', '2016-01-26 08:18:07', '2016-01-31 15:42:53'),
(4, 'V2016003', 'Khucen Chocolaterie', '', '', '', '', '', '', '', '', '', 'V2016003.jpg', 'khucen@gmail.com', '$2y$10$6J6YDpn2hYNl413.K4HjneSxGZ2oNZRgcFRgOwzZR38sT.mnC.JKq', '0', NULL, '2016-01-30 22:28:36', '2016-02-12 19:26:42'),
(5, 'V2016004', 'Amy Cake', '', '', '', '', '', '', '', '', '', '', 'amy.cake@gmail.com', '$2y$10$Ab4VwiBkYwD2s6pvmmfTCOKYsdoYfb7Y6MjFFCWYl4qjppdcTekmW', '0', NULL, '2016-01-30 22:31:10', '2016-01-30 22:31:10'),
(6, 'V2016005', 'Coco Cake', 'Amy Coco Lee', 'Jl. Bantengan No 1', 'SUMBEROTO', 'DONOMULYO', 'SUMBEROTO', 'JAWA TIMUR', '780987', '08155680007', '0341909090', 'V2016005.jpg', 'cococake@gmail.com', '$2y$10$5sbVKrKMRiOcbxcUQcHXTubW0nvviCxLCsIPfwDr7q92cxs463Z1G', '1', 'qM4eujXwhxJampMLS9vv4IRThpyifkORVUtLfpQLIeLSW69uye4DMQgdggeE', '2016-02-07 21:35:48', '2016-02-08 07:00:07'),
(7, 'V2016006', 'Coco Nut', '', '', '', '', '', '', '', '', '', '', 'coconut@gmail.com', '$2y$10$7y4BR4lorg4fFmpwz1Awl.VTN7BQIAx/LFJOKDd3g/hP.TaZL85Ri', '0', NULL, '2016-02-07 21:37:53', '2016-02-07 21:37:53'),
(8, 'V2016007', 'Indah Lamour', '', '', '', '', '', '', '', '', '', '', 'indah@gmail.com', '$2y$10$mphaIDELgCz6xrz/WHRhVOxgy6LpLBBEtH//SM95.gmxOELHjxKYu', '0', NULL, '2016-03-04 17:54:53', '2016-03-04 17:54:53'),
(9, 'V2016008', 'Ratna Lamour', '', '', '', '', '', '', '', '', '', '', 'ratna@gmail.com', '$2y$10$.12ZuH.RMbyBjSbl1dAyfuyf5YLmfqs4PwuJu2fE6PT1kj8nDeKl2', '0', NULL, '2016-03-04 18:00:29', '2016-03-04 18:00:29'),
(10, 'V2016009', 'Sanan Ruwet', '', '', '', '', '', '', '', '', '', '', 'sanan@gmail.com', '$2y$10$pqYXpuUj1EGx6MOyIdBoMu66KAURyfxtIdZNcnf4yYe.07f.vUM.e', '0', NULL, '2016-03-04 18:13:50', '2016-03-04 18:13:50'),
(11, 'V2016010', 'Yaya', 'Yayayaya', 'Jl. Oyonid', 'DINOYO', 'LOWOKWARU', 'DINOYO', 'JAWA TIMUR', '65144', '08999098990', '0341098098', 'V2016010.jpg', 'yaya@gmail.com', '$2y$10$WkY5dekUqWJe8qlL139Utuk9jDsG8XhZAN9LJgS8e9BO5LDf.2SBK', '1', '9J7QMziI7nXsz4wZKhaQJQUMmscoevFT4e0sbWav9ZHhLn6YihAvwcsNC0QD', '2016-07-26 03:28:41', '2016-07-26 08:57:44');

-- --------------------------------------------------------

--
-- Struktur dari tabel `villages`
--

CREATE TABLE `villages` (
  `id` char(10) COLLATE utf8_unicode_ci NOT NULL,
  `district_id` char(7) COLLATE utf8_unicode_ci NOT NULL,
  `name` varchar(255) COLLATE utf8_unicode_ci NOT NULL
) ENGINE=InnoDB DEFAULT CHARSET=utf8 COLLATE=utf8_unicode_ci;

--
-- Dumping data untuk tabel `villages`
--

INSERT INTO `villages` (`id`, `district_id`, `name`) VALUES
('3507010001', '3507010', 'SUMBEROTO'),
('3507010002', '3507010', 'PURWOREJO'),
('3507010003', '3507010', 'MENTARAMAN'),
('3507010004', '3507010', 'DONOMULYO'),
('3507010005', '3507010', 'TEMPURSARI'),
('3507010006', '3507010', 'TLOGOSARI'),
('3507010007', '3507010', 'KEDUNGSALAM'),
('3507010008', '3507010', 'BANJARJO'),
('3507010009', '3507010', 'TULUNGREJO'),
('3507010010', '3507010', 'PURWODADI'),
('3507020001', '3507020', 'ARJOSARI'),
('3507020002', '3507020', 'TUMPAKREJO'),
('3507020003', '3507020', 'KALIASRI'),
('3507020004', '3507020', 'PUTUKREJO'),
('3507020005', '3507020', 'SUMBERPETUNG'),
('3507020006', '3507020', 'KALIPARE'),
('3507020007', '3507020', 'SUKOWILANGUN'),
('3507020008', '3507020', 'ARJOWILANGUN'),
('3507020009', '3507020', 'KALIREJO'),
('3507030001', '3507030', 'SUMBERMANJING KULON'),
('3507030002', '3507030', 'PANDANREJO'),
('3507030003', '3507030', 'SUMBERKERTO'),
('3507030004', '3507030', 'SEMPOL'),
('3507030005', '3507030', 'PAGAK'),
('3507030006', '3507030', 'SUMBERREJO'),
('3507030007', '3507030', 'GAMPINGAN'),
('3507030008', '3507030', 'TLOGOREJO'),
('3507040001', '3507040', 'BANDUNGREJO'),
('3507040002', '3507040', 'SUMBERBENING'),
('3507040003', '3507040', 'SRIGONCO'),
('3507040004', '3507040', 'WONOREJO'),
('3507040005', '3507040', 'BANTUR'),
('3507040006', '3507040', 'PRINGGODANI'),
('3507040007', '3507040', 'REJOSARI'),
('3507040008', '3507040', 'WONOKERTO'),
('3507040009', '3507040', 'REJOYOSO'),
('3507040010', '3507040', 'KARANGSARI'),
('3507050001', '3507050', 'TUMPAKREJO'),
('3507050002', '3507050', 'SINDUREJO'),
('3507050003', '3507050', 'GAJAHREJO'),
('3507050004', '3507050', 'SIDODADI'),
('3507050005', '3507050', 'GEDANGAN'),
('3507050006', '3507050', 'SEGARAN'),
('3507050007', '3507050', 'SUMBEREJO'),
('3507050008', '3507050', 'GIRIMULYO'),
('3507060001', '3507060', 'SITIARJO'),
('3507060002', '3507060', 'TAMBAKREJO'),
('3507060003', '3507060', 'KEDUNGBANTENG'),
('3507060004', '3507060', 'TAMBAKASRI'),
('3507060005', '3507060', 'TEGALREJO'),
('3507060006', '3507060', 'RINGINKEMBAR'),
('3507060007', '3507060', 'SUMBERAGUNG'),
('3507060008', '3507060', 'HARJOKUNCARAN'),
('3507060009', '3507060', 'ARGOTIRTO'),
('3507060010', '3507060', 'RINGINSARI'),
('3507060011', '3507060', 'DRUJU'),
('3507060012', '3507060', 'SUMBERMANJING WETAN'),
('3507060013', '3507060', 'KLEPU'),
('3507060014', '3507060', 'SEKARBANYU'),
('3507060015', '3507060', 'SIDOASRI'),
('3507070001', '3507070', 'SUKODONO'),
('3507070002', '3507070', 'SRIMULYO'),
('3507070003', '3507070', 'BATURETNO'),
('3507070004', '3507070', 'BUMIREJO'),
('3507070005', '3507070', 'SUMBERSUKO'),
('3507070006', '3507070', 'AMADANOM'),
('3507070007', '3507070', 'DAMPIT'),
('3507070008', '3507070', 'PAMOTAN'),
('3507070009', '3507070', 'MAJANGTENGAH'),
('3507070010', '3507070', 'REMBUN'),
('3507070011', '3507070', 'POJOK'),
('3507070012', '3507070', 'JAMBANGAN'),
('3507080001', '3507080', 'PURWODADI'),
('3507080002', '3507080', 'PUJIHARJO'),
('3507080003', '3507080', 'SUMBERTANGKIL'),
('3507080004', '3507080', 'KEPATIHAN'),
('3507080005', '3507080', 'JOGOMULYAN'),
('3507080006', '3507080', 'TIRTOYUDO'),
('3507080007', '3507080', 'GADUNGSARI'),
('3507080008', '3507080', 'TLOGOSARI'),
('3507080009', '3507080', 'SUKOREJO'),
('3507080010', '3507080', 'AMPELGADING'),
('3507080011', '3507080', 'TAMANKUNCARAN'),
('3507080012', '3507080', 'WONOAGUNG'),
('3507080013', '3507080', 'TAMANSATRIYAN'),
('3507090001', '3507090', 'LEBAKHARJO'),
('3507090002', '3507090', 'WIROTAMAN'),
('3507090003', '3507090', 'TAMANASRI'),
('3507090004', '3507090', 'SONOWANGI'),
('3507090005', '3507090', 'TIRTOMARTO'),
('3507090006', '3507090', 'PURWOHARJO'),
('3507090007', '3507090', 'SIDORENGGO'),
('3507090008', '3507090', 'TIRTOMOYO'),
('3507090009', '3507090', 'TAWANGAGUNG'),
('3507090010', '3507090', 'SIMOJAYAN'),
('3507090011', '3507090', 'ARGOYUWONO'),
('3507090012', '3507090', 'MULYOASRI'),
('3507090013', '3507090', 'TAMANSARI'),
('3507100001', '3507100', 'DAWUHAN'),
('3507100002', '3507100', 'SUMBEREJO'),
('3507100003', '3507100', 'PANDANSARI'),
('3507100004', '3507100', 'NGADIRESO'),
('3507100005', '3507100', 'KARANGANYAR'),
('3507100006', '3507100', 'JAMBESARI'),
('3507100007', '3507100', 'PAJARAN'),
('3507100008', '3507100', 'ARGOSUKO'),
('3507100009', '3507100', 'NGEBRUK'),
('3507100010', '3507100', 'KARANGNONGKO'),
('3507100011', '3507100', 'WONOMULYO'),
('3507100012', '3507100', 'BELUNG'),
('3507100013', '3507100', 'WONOREJO'),
('3507100014', '3507100', 'PONCOKUSUMO'),
('3507100015', '3507100', 'WRINGINANOM'),
('3507100016', '3507100', 'GUBUKKLAKAH'),
('3507100017', '3507100', 'NGADAS'),
('3507110001', '3507110', 'SUMBERPUTIH'),
('3507110002', '3507110', 'WONOAYU'),
('3507110003', '3507110', 'BAMBANG'),
('3507110004', '3507110', 'BRINGIN'),
('3507110005', '3507110', 'DADAPAN'),
('3507110006', '3507110', 'PATOKPICIS'),
('3507110007', '3507110', 'BLAYU'),
('3507110008', '3507110', 'CODO'),
('3507110009', '3507110', 'SUKOLILO'),
('3507110010', '3507110', 'KIDANGBANG'),
('3507110011', '3507110', 'SUKOANYAR'),
('3507110012', '3507110', 'WAJAK'),
('3507110013', '3507110', 'NGEMBAL'),
('3507120001', '3507120', 'KEMULAN'),
('3507120002', '3507120', 'TAWANGREJENI'),
('3507120003', '3507120', 'SAWAHAN'),
('3507120004', '3507120', 'UNDAAN'),
('3507120005', '3507120', 'GEDOG KULON'),
('3507120006', '3507120', 'GEDOG WETAN'),
('3507120007', '3507120', 'TALOK'),
('3507120008', '3507120', 'SEDAYU'),
('3507120009', '3507120', 'TANGGUNG'),
('3507120010', '3507120', 'JERU'),
('3507120011', '3507120', 'TUREN'),
('3507120012', '3507120', 'PAGEDANGAN'),
('3507120013', '3507120', 'SANANKERTO'),
('3507120014', '3507120', 'SANANREJO'),
('3507120015', '3507120', 'KEDOK'),
('3507120016', '3507120', 'TALANGSUKO'),
('3507120017', '3507120', 'TUMPUKRENTENG'),
('3507130001', '3507130', 'SUKONOLO'),
('3507130002', '3507130', 'GADING'),
('3507130003', '3507130', 'KREBET'),
('3507130004', '3507130', 'BAKALAN'),
('3507130005', '3507130', 'SUDIMORO'),
('3507130006', '3507130', 'KASRI'),
('3507130007', '3507130', 'PRINGU'),
('3507130008', '3507130', 'KASEMBON'),
('3507130009', '3507130', 'KUWOLU'),
('3507130010', '3507130', 'KREBET SENGGRONG'),
('3507130011', '3507130', 'LUMBANGSARI'),
('3507130012', '3507130', 'WANDANPURO'),
('3507130013', '3507130', 'BULULAWANG'),
('3507130014', '3507130', 'SEMPALWADAK'),
('3507140001', '3507140', 'SUKOREJO'),
('3507140002', '3507140', 'BULUPITU'),
('3507140003', '3507140', 'SUKOSARI'),
('3507140004', '3507140', 'PANGGUNGREJO'),
('3507140005', '3507140', 'GONDANGLEGI KULON'),
('3507140006', '3507140', 'GONDANGLEGI WETAN'),
('3507140007', '3507140', 'SEPANJANG'),
('3507140008', '3507140', 'PUTAT KIDUL'),
('3507140009', '3507140', 'PUTAT LOR'),
('3507140010', '3507140', 'UREK UREK'),
('3507140011', '3507140', 'KETAWANG'),
('3507140012', '3507140', 'GANJARAN'),
('3507140013', '3507140', 'PUTUKREJO'),
('3507140014', '3507140', 'SUMBERJAYA'),
('3507150001', '3507150', 'KANIGORO'),
('3507150002', '3507150', 'BALEARJO'),
('3507150003', '3507150', 'KADEMANGAN'),
('3507150004', '3507150', 'SUWARU'),
('3507150005', '3507150', 'CLUMPRIT'),
('3507150006', '3507150', 'SIDOREJO'),
('3507150007', '3507150', 'PAGELARAN'),
('3507150008', '3507150', 'BANJAREJO'),
('3507150009', '3507150', 'BRONGKAL'),
('3507150010', '3507150', 'KARANGSUKO'),
('3507160001', '3507160', 'JENGGOLO'),
('3507160002', '3507160', 'SENGGURUH'),
('3507160003', '3507160', 'KEMIRI'),
('3507160004', '3507160', 'TEGALSARI'),
('3507160005', '3507160', 'MANGUNREJO'),
('3507160006', '3507160', 'PANGGUNGREJO'),
('3507160007', '3507160', 'KEDUNGPEDARINGAN'),
('3507160008', '3507160', 'PENARUKAN'),
('3507160009', '3507160', 'CEPOKOMULYO'),
('3507160010', '3507160', 'KEPANJEN'),
('3507160011', '3507160', 'TALANGAGUNG'),
('3507160012', '3507160', 'DILEM'),
('3507160013', '3507160', 'ARDIREJO'),
('3507160014', '3507160', 'SUKORAHARJO'),
('3507160015', '3507160', 'CURUNG REJO'),
('3507160016', '3507160', 'JATIREJOYOSO'),
('3507160017', '3507160', 'NGADILANGKUNG'),
('3507160018', '3507160', 'MOJOSARI'),
('3507170001', '3507170', 'KARANGKATES'),
('3507170002', '3507170', 'SUMBERPUCUNG'),
('3507170003', '3507170', 'JATIGUWI'),
('3507170004', '3507170', 'SAMBIGEDE'),
('3507170005', '3507170', 'SENGGRENG'),
('3507170006', '3507170', 'TERNYANG'),
('3507170007', '3507170', 'NGEBRUK'),
('3507180001', '3507180', 'SLOROK'),
('3507180002', '3507180', 'JATIKERTO'),
('3507180003', '3507180', 'NGADIREJO'),
('3507180004', '3507180', 'KARANGREJO'),
('3507180005', '3507180', 'KROMENGAN'),
('3507180006', '3507180', 'PENIWEN'),
('3507180007', '3507180', 'JAMBUWER'),
('3507190001', '3507190', 'NGAJUM'),
('3507190002', '3507190', 'PALAAN'),
('3507190003', '3507190', 'NGASEM'),
('3507190004', '3507190', 'BANJARSARI'),
('3507190005', '3507190', 'KRANGGAN'),
('3507190006', '3507190', 'KESAMBEN'),
('3507190007', '3507190', 'BABADAN'),
('3507190008', '3507190', 'BALESARI'),
('3507190009', '3507190', 'MAGUAN'),
('3507200001', '3507200', 'KLUWUT'),
('3507200002', '3507200', 'PLANDI'),
('3507200003', '3507200', 'PLAOSAN'),
('3507200004', '3507200', 'KEBOBANG'),
('3507200005', '3507200', 'BANGELAN'),
('3507200006', '3507200', 'SUMBERDEM'),
('3507200007', '3507200', 'SUMBERTEMPUR'),
('3507200008', '3507200', 'WONOSARI'),
('3507210001', '3507210', 'SUMBERSUKO'),
('3507210002', '3507210', 'MENDALANWANGI'),
('3507210003', '3507210', 'SITIREJO'),
('3507210004', '3507210', 'PARANGARGO'),
('3507210005', '3507210', 'GONDOWANGI'),
('3507210006', '3507210', 'PANDANREJO'),
('3507210007', '3507210', 'PETUNGSEWU'),
('3507210008', '3507210', 'SUKODADI'),
('3507210009', '3507210', 'SIDORAHAYU'),
('3507210010', '3507210', 'JEDONG'),
('3507210011', '3507210', 'DALISODO'),
('3507210012', '3507210', 'PANDANLANDUNG'),
('3507220001', '3507220', 'PERMANU'),
('3507220002', '3507220', 'KARANGPANDAN'),
('3507220003', '3507220', 'GLANGGANG'),
('3507220004', '3507220', 'SUTOJAYAN'),
('3507220005', '3507220', 'WONOKERSO'),
('3507220006', '3507220', 'KARANGDUREN'),
('3507220007', '3507220', 'PAKISAJI'),
('3507220008', '3507220', 'JATISARI'),
('3507220009', '3507220', 'WADUNG'),
('3507220010', '3507220', 'GENENGAN'),
('3507220011', '3507220', 'KEBONAGUNG'),
('3507220012', '3507220', 'KENDALPAYAK'),
('3507230001', '3507230', 'TAMBAKASRI'),
('3507230002', '3507230', 'TANGKILSARI'),
('3507230003', '3507230', 'JAMBEARJO'),
('3507230004', '3507230', 'JATISARI'),
('3507230005', '3507230', 'PANDANMULYO'),
('3507230006', '3507230', 'NGAWONGGO'),
('3507230007', '3507230', 'PURWOSEKAR'),
('3507230008', '3507230', 'GUNUNGRONGGO'),
('3507230009', '3507230', 'GUNUNGSARI'),
('3507230010', '3507230', 'TAJINAN'),
('3507230011', '3507230', 'RANDUGADING'),
('3507230012', '3507230', 'SUMBERSUKO'),
('3507240001', '3507240', 'NGINGIT'),
('3507240002', '3507240', 'KIDAL'),
('3507240003', '3507240', 'KAMBINGAN'),
('3507240004', '3507240', 'PANDANAJENG'),
('3507240005', '3507240', 'PULUNGDOWO'),
('3507240006', '3507240', 'BOKOR'),
('3507240007', '3507240', 'SLAMET'),
('3507240008', '3507240', 'WRINGINSONGO'),
('3507240009', '3507240', 'JERU'),
('3507240010', '3507240', 'MALANGSUKO'),
('3507240011', '3507240', 'TUMPANG'),
('3507240012', '3507240', 'TULUSBESAR'),
('3507240013', '3507240', 'BENJOR'),
('3507240014', '3507240', 'DUWET'),
('3507240015', '3507240', 'DUWET KRAJAN'),
('3507250001', '3507250', 'SEKARPURO'),
('3507250002', '3507250', 'AMPELDENTO'),
('3507250003', '3507250', 'SUMBERKRADENAN'),
('3507250004', '3507250', 'KEDUNGREJO'),
('3507250005', '3507250', 'BANJARREJO'),
('3507250006', '3507250', 'PUCANG SONGO'),
('3507250007', '3507250', 'SUKOANYAR'),
('3507250008', '3507250', 'SUMBERPASIR'),
('3507250009', '3507250', 'PAKISKEMBAR'),
('3507250010', '3507250', 'PAKISJAJAR'),
('3507250011', '3507250', 'BUNUTWETAN'),
('3507250012', '3507250', 'ASRIKATON'),
('3507250013', '3507250', 'SAPTORENGGO'),
('3507250014', '3507250', 'MANGLIAWAN'),
('3507250015', '3507250', 'TIRTOMOYO'),
('3507260001', '3507260', 'KENONGO'),
('3507260002', '3507260', 'NGADIREJO'),
('3507260003', '3507260', 'TAJI'),
('3507260004', '3507260', 'PANDANSARI LOR'),
('3507260005', '3507260', 'SUKOPURO'),
('3507260006', '3507260', 'SIDOREJO'),
('3507260007', '3507260', 'SUKOLILO'),
('3507260008', '3507260', 'SIDOMULYO'),
('3507260009', '3507260', 'GADING KEMBAR'),
('3507260010', '3507260', 'KEMANTREN'),
('3507260011', '3507260', 'ARGOSARI'),
('3507260012', '3507260', 'SLAMPAREJO'),
('3507260013', '3507260', 'KEMIRI'),
('3507260014', '3507260', 'JABUNG'),
('3507260015', '3507260', 'GUNUNG JATI'),
('3507270001', '3507270', 'SIDOLUHUR'),
('3507270002', '3507270', 'SRIGADING'),
('3507270003', '3507270', 'SIDODADI'),
('3507270004', '3507270', 'BEDALI'),
('3507270005', '3507270', 'KALIREJO'),
('3507270006', '3507270', 'MULYOARJO'),
('3507270007', '3507270', 'SUMBER NGEPOH'),
('3507270008', '3507270', 'SUMBER PORONG'),
('3507270009', '3507270', 'TURIREJO'),
('3507270010', '3507270', 'LAWANG'),
('3507270011', '3507270', 'KETINDAN'),
('3507270012', '3507270', 'WONOREJO'),
('3507280001', '3507280', 'LANGLANG'),
('3507280002', '3507280', 'TUNJUNGTIRTO'),
('3507280003', '3507280', 'BANJARARUM'),
('3507280004', '3507280', 'WATUGEDE'),
('3507280005', '3507280', 'DENGKOL'),
('3507280006', '3507280', 'WONOREJO'),
('3507280007', '3507280', 'BATURETNO'),
('3507280008', '3507280', 'TAMANHARJO'),
('3507280009', '3507280', 'LOSARI'),
('3507280010', '3507280', 'PAGENTAN'),
('3507280011', '3507280', 'PURWOASRI'),
('3507280012', '3507280', 'KLAMPOK'),
('3507280013', '3507280', 'GUNUNGREJO'),
('3507280014', '3507280', 'CANDIRENGGO'),
('3507280015', '3507280', 'ARDIMULYO'),
('3507280016', '3507280', 'RANDUAGUNG'),
('3507280017', '3507280', 'TOYOMARTO'),
('3507290001', '3507290', 'TEGALGONDO'),
('3507290002', '3507290', 'KEPUHARJO'),
('3507290003', '3507290', 'NGENEP'),
('3507290004', '3507290', 'NGIJO'),
('3507290005', '3507290', 'AMPELDENTO'),
('3507290006', '3507290', 'GIRIMOYO'),
('3507290007', '3507290', 'BOCEK'),
('3507290008', '3507290', 'DONOWARIH'),
('3507290009', '3507290', 'TAWANGARGO'),
('3507300001', '3507300', 'KUCUR'),
('3507300002', '3507300', 'KALISONGO'),
('3507300003', '3507300', 'KARANGWIDORO'),
('3507300004', '3507300', 'PETUNG SEWU'),
('3507300005', '3507300', 'SELOREJO'),
('3507300006', '3507300', 'TEGALWERU'),
('3507300007', '3507300', 'LANDUNGSARI'),
('3507300008', '3507300', 'GADINGKULON'),
('3507300009', '3507300', 'MULYOAGUNG'),
('3507300010', '3507300', 'SUMBERSEKAR'),
('3507310001', '3507310', 'BENDOSARI'),
('3507310002', '3507310', 'SUKOMULYO'),
('3507310003', '3507310', 'PUJON KIDUL'),
('3507310004', '3507310', 'PANDESARI'),
('3507310005', '3507310', 'PUJON LOR'),
('3507310006', '3507310', 'NGROTO'),
('3507310007', '3507310', 'NGABAB'),
('3507310008', '3507310', 'TAWANGSARI'),
('3507310009', '3507310', 'MADIREDO'),
('3507310010', '3507310', 'WIYUREJO'),
('3507320001', '3507320', 'PAGERSARI'),
('3507320002', '3507320', 'SIDODADI'),
('3507320003', '3507320', 'BANJAREJO'),
('3507320004', '3507320', 'PURWOREJO'),
('3507320005', '3507320', 'NGANTRU'),
('3507320006', '3507320', 'BANTUREJO'),
('3507320007', '3507320', 'PANDANSARI'),
('3507320008', '3507320', 'MULYOREJO'),
('3507320009', '3507320', 'SUMBERAGUNG'),
('3507320010', '3507320', 'KAUMREJO'),
('3507320011', '3507320', 'TULUNGREJO'),
('3507320012', '3507320', 'WATUREJO'),
('3507320013', '3507320', 'JOMBOK'),
('3507330001', '3507330', 'PONDOK AGUNG'),
('3507330002', '3507330', 'BAYEM'),
('3507330003', '3507330', 'PAIT'),
('3507330004', '3507330', 'WONOAGUNG'),
('3507330005', '3507330', 'KASEMBON'),
('3507330006', '3507330', 'SUKOSARI'),
('3573010001', '3573010', 'ARJOWINANGUN'),
('3573010002', '3573010', 'TLOGOWARU'),
('3573010003', '3573010', 'WONOKOYO'),
('3573010004', '3573010', 'BUMIAYU'),
('3573010005', '3573010', 'BURING'),
('3573010006', '3573010', 'MERGOSONO'),
('3573010007', '3573010', 'KOTALAMA'),
('3573010008', '3573010', 'KEDUNGKANDANG'),
('3573010009', '3573010', 'SAWOJAJAR'),
('3573010010', '3573010', 'MADYOPURO'),
('3573010011', '3573010', 'LESANPURO'),
('3573010012', '3573010', 'CEMOROKANDANG'),
('3573020001', '3573020', 'KEBONSARI'),
('3573020002', '3573020', 'GADANG'),
('3573020003', '3573020', 'CIPTOMULYO'),
('3573020004', '3573020', 'SUKUN'),
('3573020005', '3573020', 'BANDUNGREJOSARI'),
('3573020006', '3573020', 'BAKALAN KRAJAN'),
('3573020007', '3573020', 'MULYOREJO'),
('3573020008', '3573020', 'BANDULAN'),
('3573020009', '3573020', 'TANJUNGREJO'),
('3573020010', '3573020', 'PISANG CANDI'),
('3573020011', '3573020', 'KARANG BESUKI'),
('3573030001', '3573030', 'KASIN'),
('3573030002', '3573030', 'SUKOHARJO'),
('3573030003', '3573030', 'KIDUL DALEM'),
('3573030004', '3573030', 'KAUMAN'),
('3573030005', '3573030', 'BARENG'),
('3573030006', '3573030', 'GADINGKASRI'),
('3573030007', '3573030', 'ORO ORO DOWO'),
('3573030008', '3573030', 'KLOJEN'),
('3573030009', '3573030', 'RAMPAL CELAKET'),
('3573030010', '3573030', 'SAMAAN'),
('3573030011', '3573030', 'PENANGGUNGAN'),
('3573040001', '3573040', 'JODIPAN'),
('3573040002', '3573040', 'POLEHAN'),
('3573040003', '3573040', 'KESATRIAN'),
('3573040004', '3573040', 'BUNULREJO'),
('3573040005', '3573040', 'PURWANTORO'),
('3573040006', '3573040', 'PANDANWANGI'),
('3573040007', '3573040', 'BLIMBING'),
('3573040008', '3573040', 'PURWODADI'),
('3573040009', '3573040', 'POLOWIJEN'),
('3573040010', '3573040', 'ARJOSARI'),
('3573040011', '3573040', 'BALEARJOSARI'),
('3573050001', '3573050', 'MERJOSARI'),
('3573050002', '3573050', 'DINOYO'),
('3573050003', '3573050', 'SUMBERSARI'),
('3573050004', '3573050', 'KETAWANGGEDE'),
('3573050005', '3573050', 'JATIMULYO'),
('3573050006', '3573050', 'LOWOKWARU'),
('3573050007', '3573050', 'TULUSREJO'),
('3573050008', '3573050', 'MOJOLANGU'),
('3573050009', '3573050', 'TUNJUNGSEKAR'),
('3573050010', '3573050', 'TASIKMADU'),
('3573050011', '3573050', 'TUNGGULWULUNG'),
('3573050012', '3573050', 'TLOGOMAS'),
('3579010001', '3579010', 'ORO-ORO OMBO'),
('3579010002', '3579010', 'TEMAS'),
('3579010003', '3579010', 'SISIR'),
('3579010004', '3579010', 'NGAGLIK'),
('3579010005', '3579010', 'PESANGGRAHAN'),
('3579010006', '3579010', 'SONGGOKERTO'),
('3579010007', '3579010', 'SUMBEREJO'),
('3579010008', '3579010', 'SIDOMULYO'),
('3579020001', '3579020', 'TLEKUNG'),
('3579020002', '3579020', 'JUNREJO'),
('3579020003', '3579020', 'MOJOREJO'),
('3579020004', '3579020', 'TORONGREJO'),
('3579020005', '3579020', 'BEJI'),
('3579020006', '3579020', 'PENDEM'),
('3579020007', '3579020', 'DADAPREJO'),
('3579030001', '3579030', 'PANDANREJO'),
('3579030002', '3579030', 'BUMIAJI'),
('3579030003', '3579030', 'BULUKERTO'),
('3579030004', '3579030', 'GUNUNGSARI'),
('3579030005', '3579030', 'PUNTEN'),
('3579030006', '3579030', 'TULUNGREJO'),
('3579030007', '3579030', 'SUMBERGONDO'),
('3579030008', '3579030', 'GIRIPURNO'),
('3579030009', '3579030', 'SUMBER BRANTAS');

-- --------------------------------------------------------

--
-- Struktur dari tabel `youtubes`
--

CREATE TABLE `youtubes` (
  `id` int(10) UNSIGNED NOT NULL,
  `name` varchar(255) COLLATE utf8_unicode_ci NOT NULL,
  `embedcode` varchar(13) COLLATE utf8_unicode_ci NOT NULL,
  `status` enum('0','1') COLLATE utf8_unicode_ci NOT NULL,
  `created_at` timestamp NOT NULL DEFAULT '0000-00-00 00:00:00',
  `updated_at` timestamp NOT NULL DEFAULT '0000-00-00 00:00:00'
) ENGINE=InnoDB DEFAULT CHARSET=utf8 COLLATE=utf8_unicode_ci;

--
-- Dumping data untuk tabel `youtubes`
--

INSERT INTO `youtubes` (`id`, `name`, `embedcode`, `status`, `created_at`, `updated_at`) VALUES
(1, 'Araya', 'u96ZLPdAS8M', '1', '2018-08-07 01:14:38', '2018-08-07 01:30:45'),
(2, 'Redesign', '8Ffpcq5C1vM', '0', '2018-08-07 01:32:44', '2018-08-07 01:35:09');

--
-- Indexes for dumped tables
--

--
-- Indeks untuk tabel `catalogs`
--
ALTER TABLE `catalogs`
  ADD PRIMARY KEY (`id`);

--
-- Indeks untuk tabel `catalog_groups`
--
ALTER TABLE `catalog_groups`
  ADD PRIMARY KEY (`id`);

--
-- Indeks untuk tabel `clients`
--
ALTER TABLE `clients`
  ADD PRIMARY KEY (`id`),
  ADD UNIQUE KEY `clients_email_unique` (`email`);

--
-- Indeks untuk tabel `districts`
--
ALTER TABLE `districts`
  ADD PRIMARY KEY (`id`),
  ADD KEY `districts_regency_id_index` (`regency_id`);

--
-- Indeks untuk tabel `headers`
--
ALTER TABLE `headers`
  ADD PRIMARY KEY (`id`);

--
-- Indeks untuk tabel `informations`
--
ALTER TABLE `informations`
  ADD PRIMARY KEY (`id`);

--
-- Indeks untuk tabel `locations`
--
ALTER TABLE `locations`
  ADD PRIMARY KEY (`id`);

--
-- Indeks untuk tabel `password_resets`
--
ALTER TABLE `password_resets`
  ADD KEY `password_resets_email_index` (`email`),
  ADD KEY `password_resets_token_index` (`token`);

--
-- Indeks untuk tabel `permissions`
--
ALTER TABLE `permissions`
  ADD PRIMARY KEY (`id`);

--
-- Indeks untuk tabel `permission_role`
--
ALTER TABLE `permission_role`
  ADD PRIMARY KEY (`role_id`,`permission_id`),
  ADD KEY `permission_role_permission_id_foreign` (`permission_id`);

--
-- Indeks untuk tabel `phones`
--
ALTER TABLE `phones`
  ADD PRIMARY KEY (`id`);

--
-- Indeks untuk tabel `products`
--
ALTER TABLE `products`
  ADD PRIMARY KEY (`id`);

--
-- Indeks untuk tabel `product_categories`
--
ALTER TABLE `product_categories`
  ADD PRIMARY KEY (`id`);

--
-- Indeks untuk tabel `progress`
--
ALTER TABLE `progress`
  ADD PRIMARY KEY (`id`);

--
-- Indeks untuk tabel `progress_details`
--
ALTER TABLE `progress_details`
  ADD PRIMARY KEY (`id`);

--
-- Indeks untuk tabel `promotions`
--
ALTER TABLE `promotions`
  ADD PRIMARY KEY (`id`);

--
-- Indeks untuk tabel `provinces`
--
ALTER TABLE `provinces`
  ADD PRIMARY KEY (`id`);

--
-- Indeks untuk tabel `regencies`
--
ALTER TABLE `regencies`
  ADD PRIMARY KEY (`id`),
  ADD KEY `regencies_province_id_index` (`province_id`);

--
-- Indeks untuk tabel `roles`
--
ALTER TABLE `roles`
  ADD PRIMARY KEY (`id`);

--
-- Indeks untuk tabel `role_user`
--
ALTER TABLE `role_user`
  ADD PRIMARY KEY (`role_id`,`user_id`),
  ADD KEY `role_user_user_id_foreign` (`user_id`);

--
-- Indeks untuk tabel `subscribers`
--
ALTER TABLE `subscribers`
  ADD PRIMARY KEY (`id`);

--
-- Indeks untuk tabel `users`
--
ALTER TABLE `users`
  ADD PRIMARY KEY (`id`),
  ADD UNIQUE KEY `users_email_unique` (`email`);

--
-- Indeks untuk tabel `user_vendors`
--
ALTER TABLE `user_vendors`
  ADD PRIMARY KEY (`id`),
  ADD UNIQUE KEY `user_vendors_email_unique` (`email`);

--
-- Indeks untuk tabel `villages`
--
ALTER TABLE `villages`
  ADD PRIMARY KEY (`id`),
  ADD KEY `villages_district_id_index` (`district_id`);

--
-- Indeks untuk tabel `youtubes`
--
ALTER TABLE `youtubes`
  ADD PRIMARY KEY (`id`);

--
-- AUTO_INCREMENT untuk tabel yang dibuang
--

--
-- AUTO_INCREMENT untuk tabel `catalogs`
--
ALTER TABLE `catalogs`
  MODIFY `id` int(10) UNSIGNED NOT NULL AUTO_INCREMENT, AUTO_INCREMENT=24;

--
-- AUTO_INCREMENT untuk tabel `catalog_groups`
--
ALTER TABLE `catalog_groups`
  MODIFY `id` int(10) UNSIGNED NOT NULL AUTO_INCREMENT, AUTO_INCREMENT=4;

--
-- AUTO_INCREMENT untuk tabel `clients`
--
ALTER TABLE `clients`
  MODIFY `id` int(10) UNSIGNED NOT NULL AUTO_INCREMENT, AUTO_INCREMENT=486;

--
-- AUTO_INCREMENT untuk tabel `headers`
--
ALTER TABLE `headers`
  MODIFY `id` int(11) NOT NULL AUTO_INCREMENT, AUTO_INCREMENT=2;

--
-- AUTO_INCREMENT untuk tabel `informations`
--
ALTER TABLE `informations`
  MODIFY `id` int(11) NOT NULL AUTO_INCREMENT, AUTO_INCREMENT=2;

--
-- AUTO_INCREMENT untuk tabel `locations`
--
ALTER TABLE `locations`
  MODIFY `id` int(11) NOT NULL AUTO_INCREMENT, AUTO_INCREMENT=2;

--
-- AUTO_INCREMENT untuk tabel `permissions`
--
ALTER TABLE `permissions`
  MODIFY `id` int(10) UNSIGNED NOT NULL AUTO_INCREMENT, AUTO_INCREMENT=22;

--
-- AUTO_INCREMENT untuk tabel `phones`
--
ALTER TABLE `phones`
  MODIFY `id` int(10) UNSIGNED NOT NULL AUTO_INCREMENT, AUTO_INCREMENT=3;

--
-- AUTO_INCREMENT untuk tabel `products`
--
ALTER TABLE `products`
  MODIFY `id` int(10) UNSIGNED NOT NULL AUTO_INCREMENT, AUTO_INCREMENT=27;

--
-- AUTO_INCREMENT untuk tabel `product_categories`
--
ALTER TABLE `product_categories`
  MODIFY `id` int(10) UNSIGNED NOT NULL AUTO_INCREMENT, AUTO_INCREMENT=10;

--
-- AUTO_INCREMENT untuk tabel `progress`
--
ALTER TABLE `progress`
  MODIFY `id` int(10) UNSIGNED NOT NULL AUTO_INCREMENT, AUTO_INCREMENT=11;

--
-- AUTO_INCREMENT untuk tabel `progress_details`
--
ALTER TABLE `progress_details`
  MODIFY `id` int(10) UNSIGNED NOT NULL AUTO_INCREMENT, AUTO_INCREMENT=27;

--
-- AUTO_INCREMENT untuk tabel `promotions`
--
ALTER TABLE `promotions`
  MODIFY `id` int(11) NOT NULL AUTO_INCREMENT, AUTO_INCREMENT=2;

--
-- AUTO_INCREMENT untuk tabel `roles`
--
ALTER TABLE `roles`
  MODIFY `id` int(10) UNSIGNED NOT NULL AUTO_INCREMENT, AUTO_INCREMENT=5;

--
-- AUTO_INCREMENT untuk tabel `subscribers`
--
ALTER TABLE `subscribers`
  MODIFY `id` int(11) NOT NULL AUTO_INCREMENT, AUTO_INCREMENT=2396;

--
-- AUTO_INCREMENT untuk tabel `users`
--
ALTER TABLE `users`
  MODIFY `id` int(10) UNSIGNED NOT NULL AUTO_INCREMENT, AUTO_INCREMENT=14;

--
-- AUTO_INCREMENT untuk tabel `user_vendors`
--
ALTER TABLE `user_vendors`
  MODIFY `id` int(10) UNSIGNED NOT NULL AUTO_INCREMENT, AUTO_INCREMENT=12;

--
-- AUTO_INCREMENT untuk tabel `youtubes`
--
ALTER TABLE `youtubes`
  MODIFY `id` int(10) UNSIGNED NOT NULL AUTO_INCREMENT, AUTO_INCREMENT=3;

--
-- Ketidakleluasaan untuk tabel pelimpahan (Dumped Tables)
--

--
-- Ketidakleluasaan untuk tabel `districts`
--
ALTER TABLE `districts`
  ADD CONSTRAINT `districts_regency_id_foreign` FOREIGN KEY (`regency_id`) REFERENCES `regencies` (`id`);

--
-- Ketidakleluasaan untuk tabel `permission_role`
--
ALTER TABLE `permission_role`
  ADD CONSTRAINT `permission_role_permission_id_foreign` FOREIGN KEY (`permission_id`) REFERENCES `permissions` (`id`) ON DELETE CASCADE,
  ADD CONSTRAINT `permission_role_role_id_foreign` FOREIGN KEY (`role_id`) REFERENCES `roles` (`id`) ON DELETE CASCADE;

--
-- Ketidakleluasaan untuk tabel `regencies`
--
ALTER TABLE `regencies`
  ADD CONSTRAINT `regencies_province_id_foreign` FOREIGN KEY (`province_id`) REFERENCES `provinces` (`id`);

--
-- Ketidakleluasaan untuk tabel `role_user`
--
ALTER TABLE `role_user`
  ADD CONSTRAINT `role_user_role_id_foreign` FOREIGN KEY (`role_id`) REFERENCES `roles` (`id`) ON DELETE CASCADE,
  ADD CONSTRAINT `role_user_user_id_foreign` FOREIGN KEY (`user_id`) REFERENCES `users` (`id`) ON DELETE CASCADE;

--
-- Ketidakleluasaan untuk tabel `villages`
--
ALTER TABLE `villages`
  ADD CONSTRAINT `villages_district_id_foreign` FOREIGN KEY (`district_id`) REFERENCES `districts` (`id`);
COMMIT;

